{"id":112501,"date":"2026-05-05T10:26:29","date_gmt":"2026-05-05T13:26:29","guid":{"rendered":"https:\/\/www.hediyepazar.com\/?product=kamera-gorunumlu-led-lamba-donebilen-bahce-aydinlatmasi-duvar-lambasi-2"},"modified":"2026-05-05T10:26:29","modified_gmt":"2026-05-05T13:26:29","slug":"kamera-gorunumlu-led-lamba-donebilen-bahce-aydinlatmasi-duvar-lambasi-2","status":"publish","type":"product","link":"https:\/\/www.hediyepazar.com\/?product=kamera-gorunumlu-led-lamba-donebilen-bahce-aydinlatmasi-duvar-lambasi-2","title":{"rendered":"Kamera G\u00f6r\u00fcn\u00fcml\u00fc Led Lamba D\u00f6nebilen Bah\u00e7e Ayd\u0131nlatmas\u0131 Duvar Lambas\u0131"},"content":{"rendered":"<p>\u00c7ift Fonksiyonlu Tasar\u0131mSahte g\u00fcvenlik kameras\u0131 g\u00f6r\u00fcn\u00fcm\u00fc sayesinde cayd\u0131r\u0131c\u0131 bir etki yarat\u0131rken, ayn\u0131 zamanda g\u00fc\u00e7l\u00fc LED ayd\u0131nlatmas\u0131yla bah\u00e7enizi veya d\u0131\u015f mekan\u0131n\u0131z\u0131 ayd\u0131nlat\u0131r. Hem g\u00fcvenlik hem de dekoratif ama\u00e7l\u0131 kullan\u0131m i\u00e7in idealdir.G\u00fcne\u015f Enerjisi ve Uzun S\u00fcreli Pil Kullan\u0131m\u01312400mAh y\u00fcksek kapasiteli pili sayesinde d\u00fc\u015f\u00fck \u0131\u015f\u0131k modunda 40 saate kadar kesintisiz \u00e7al\u0131\u015fabilir. Ek olarak, g\u00fcne\u015f paneli sayesinde g\u00fcne\u015f \u0131\u015f\u0131\u011f\u0131n\u0131 emerek enerji tasarrufu sa\u011flar, \u00e7evre dostu bir kullan\u0131m sunar.Ak\u0131ll\u0131 Hareket Sens\u00f6r\u00fc ile Otomatik Ayd\u0131nlatmaDahili PIR hareket sens\u00f6r\u00fc, 10-20 fit mesafede ve 120 derece aral\u0131\u011f\u0131nda hareket alg\u0131lad\u0131\u011f\u0131nda \u0131\u015f\u0131\u011f\u0131 otomatik olarak tetikler. Bah\u00e7e, garaj, sundurma veya \u00e7im alanlar i\u00e7in m\u00fckemmel bir g\u00fcvenlik ayd\u0131nlatmas\u0131 sunar.Kolay Kurulum ve Suya Dayan\u0131kl\u0131 Yap\u0131IP66 su ge\u00e7irmez \u00f6zelli\u011fi sayesinde zorlu hava ko\u015fullar\u0131na kar\u015f\u0131 dayan\u0131kl\u0131d\u0131r. 5 eksenli d\u00f6nebilen tasar\u0131m\u0131 ile g\u00fcne\u015f panelinin ve \u0131\u015f\u0131k a\u00e7\u0131s\u0131n\u0131n en iyi \u015fekilde ayarlanmas\u0131n\u0131 sa\u011flar. Kolay montaj imkan\u0131 sunarak pratik bir kullan\u0131m deneyimi ya\u015fat\u0131r.<\/p>\n","protected":false},"excerpt":{"rendered":"<p>\u00c7ift Fonksiyonlu Tasar\u0131mSahte g\u00fcvenlik kameras\u0131 g\u00f6r\u00fcn\u00fcm\u00fc sayesinde cayd\u0131r\u0131c\u0131 bir etki yarat\u0131rken, ayn\u0131 zamanda g\u00fc\u00e7l\u00fc LED ayd\u0131nlatmas\u0131yla bah\u00e7enizi veya d\u0131\u015f mekan\u0131n\u0131z\u0131 ayd\u0131nlat\u0131r. Hem g\u00fcvenlik hem de dekoratif ama\u00e7l\u0131 kullan\u0131m i\u00e7in idealdir.G\u00fcne\u015f Enerjisi ve Uzun S\u00fcreli Pil Kullan\u0131m\u01312400mAh y\u00fcksek kapasiteli pili sayesinde d\u00fc\u015f\u00fck \u0131\u015f\u0131k modunda 40 saate kadar kesintisiz \u00e7al\u0131\u015fabilir. Ek olarak, g\u00fcne\u015f paneli sayesinde g\u00fcne\u015f \u0131\u015f\u0131\u011f\u0131n\u0131&#8230;<\/p>\n","protected":false},"featured_media":112500,"comment_status":"open","ping_status":"closed","template":"","meta":{"_kad_post_transparent":"","_kad_post_title":"","_kad_post_layout":"","_kad_post_sidebar_id":"","_kad_post_content_style":"","_kad_post_vertical_padding":"","_kad_post_feature":"","_kad_post_feature_position":"","_kad_post_header":false,"_kad_post_footer":false,"_kad_post_classname":""},"product_brand":[],"product_cat":[14950],"product_tag":[],"class_list":{"0":"post-112501","1":"product","2":"type-product","3":"status-publish","4":"has-post-thumbnail","6":"product_cat-solar-aydinlatma-solar-aydinlatma","8":"first","9":"instock","10":"purchasable","11":"product-type-simple","12":"entry","13":"content-bg","14":"loop-entry"},"_links":{"self":[{"href":"https:\/\/www.hediyepazar.com\/index.php?rest_route=\/wp\/v2\/product\/112501","targetHints":{"allow":["GET"]}}],"collection":[{"href":"https:\/\/www.hediyepazar.com\/index.php?rest_route=\/wp\/v2\/product"}],"about":[{"href":"https:\/\/www.hediyepazar.com\/index.php?rest_route=\/wp\/v2\/types\/product"}],"replies":[{"embeddable":true,"href":"https:\/\/www.hediyepazar.com\/index.php?rest_route=%2Fwp%2Fv2%2Fcomments&post=112501"}],"wp:featuredmedia":[{"embeddable":true,"href":"https:\/\/www.hediyepazar.com\/index.php?rest_route=\/wp\/v2\/media\/112500"}],"wp:attachment":[{"href":"https:\/\/www.hediyepazar.com\/index.php?rest_route=%2Fwp%2Fv2%2Fmedia&parent=112501"}],"wp:term":[{"taxonomy":"product_brand","embeddable":true,"href":"https:\/\/www.hediyepazar.com\/index.php?rest_route=%2Fwp%2Fv2%2Fproduct_brand&post=112501"},{"taxonomy":"product_cat","embeddable":true,"href":"https:\/\/www.hediyepazar.com\/index.php?rest_route=%2Fwp%2Fv2%2Fproduct_cat&post=112501"},{"taxonomy":"product_tag","embeddable":true,"href":"https:\/\/www.hediyepazar.com\/index.php?rest_route=%2Fwp%2Fv2%2Fproduct_tag&post=112501"}],"curies":[{"name":"wp","href":"https:\/\/api.w.org\/{rel}","templated":true}]}}