{"id":112533,"date":"2026-05-05T10:28:50","date_gmt":"2026-05-05T13:28:50","guid":{"rendered":"https:\/\/www.hediyepazar.com\/?product=tws6-kulaklik-2"},"modified":"2026-05-05T10:28:50","modified_gmt":"2026-05-05T13:28:50","slug":"tws6-kulaklik-2","status":"publish","type":"product","link":"https:\/\/www.hediyepazar.com\/?product=tws6-kulaklik-2","title":{"rendered":"TWS6 KULAKLIK"},"content":{"rendered":"<p>Dokunmatik kontrol \u00f6zelli\u011fi sayesinde m\u00fczi\u011fi durdurma, \u015fark\u0131 de\u011fi\u015ftirme ve \u00e7a\u011fr\u0131lar\u0131 y\u00f6netme i\u015flemlerini kolayca ger\u00e7ekle\u015ftirebilirsiniz. \tType-C h\u0131zl\u0131 \u015farj deste\u011fi ile k\u0131sa s\u00fcrede \u015farj olarak uzun saatler boyunca kesintisiz kullan\u0131m imkan\u0131 sunar. \tErgonomik ve hafif tasar\u0131m\u0131 sayesinde uzun s\u00fcreli kullan\u0131mlarda bile konforlu bir deneyim sunar, kulakta rahats\u0131zl\u0131k hissi yaratmaz.<\/p>\n","protected":false},"excerpt":{"rendered":"<p>Dokunmatik kontrol \u00f6zelli\u011fi sayesinde m\u00fczi\u011fi durdurma, \u015fark\u0131 de\u011fi\u015ftirme ve \u00e7a\u011fr\u0131lar\u0131 y\u00f6netme i\u015flemlerini kolayca ger\u00e7ekle\u015ftirebilirsiniz. Type-C h\u0131zl\u0131 \u015farj deste\u011fi ile k\u0131sa s\u00fcrede \u015farj olarak uzun saatler boyunca kesintisiz kullan\u0131m imkan\u0131 sunar. Ergonomik ve hafif tasar\u0131m\u0131 sayesinde uzun s\u00fcreli kullan\u0131mlarda bile konforlu bir deneyim sunar, kulakta rahats\u0131zl\u0131k hissi yaratmaz.<\/p>\n","protected":false},"featured_media":112532,"comment_status":"open","ping_status":"closed","template":"","meta":{"_kad_post_transparent":"","_kad_post_title":"","_kad_post_layout":"","_kad_post_sidebar_id":"","_kad_post_content_style":"","_kad_post_vertical_padding":"","_kad_post_feature":"","_kad_post_feature_position":"","_kad_post_header":false,"_kad_post_footer":false,"_kad_post_classname":""},"product_brand":[],"product_cat":[14957],"product_tag":[],"class_list":{"0":"post-112533","1":"product","2":"type-product","3":"status-publish","4":"has-post-thumbnail","6":"product_cat-kablosuz-kulaklik-kablosuz-kulaklik","8":"first","9":"instock","10":"purchasable","11":"product-type-simple","12":"entry","13":"content-bg","14":"loop-entry"},"_links":{"self":[{"href":"https:\/\/www.hediyepazar.com\/index.php?rest_route=\/wp\/v2\/product\/112533","targetHints":{"allow":["GET"]}}],"collection":[{"href":"https:\/\/www.hediyepazar.com\/index.php?rest_route=\/wp\/v2\/product"}],"about":[{"href":"https:\/\/www.hediyepazar.com\/index.php?rest_route=\/wp\/v2\/types\/product"}],"replies":[{"embeddable":true,"href":"https:\/\/www.hediyepazar.com\/index.php?rest_route=%2Fwp%2Fv2%2Fcomments&post=112533"}],"wp:featuredmedia":[{"embeddable":true,"href":"https:\/\/www.hediyepazar.com\/index.php?rest_route=\/wp\/v2\/media\/112532"}],"wp:attachment":[{"href":"https:\/\/www.hediyepazar.com\/index.php?rest_route=%2Fwp%2Fv2%2Fmedia&parent=112533"}],"wp:term":[{"taxonomy":"product_brand","embeddable":true,"href":"https:\/\/www.hediyepazar.com\/index.php?rest_route=%2Fwp%2Fv2%2Fproduct_brand&post=112533"},{"taxonomy":"product_cat","embeddable":true,"href":"https:\/\/www.hediyepazar.com\/index.php?rest_route=%2Fwp%2Fv2%2Fproduct_cat&post=112533"},{"taxonomy":"product_tag","embeddable":true,"href":"https:\/\/www.hediyepazar.com\/index.php?rest_route=%2Fwp%2Fv2%2Fproduct_tag&post=112533"}],"curies":[{"name":"wp","href":"https:\/\/api.w.org\/{rel}","templated":true}]}}