{"id":112671,"date":"2026-05-05T10:41:53","date_gmt":"2026-05-05T13:41:53","guid":{"rendered":"https:\/\/www.hediyepazar.com\/?product=sarjli-oto-yikama-bahce-sulama-tabancasi-makinesi-yuksek-basincli-2"},"modified":"2026-05-05T10:41:53","modified_gmt":"2026-05-05T13:41:53","slug":"sarjli-oto-yikama-bahce-sulama-tabancasi-makinesi-yuksek-basincli-2","status":"publish","type":"product","link":"https:\/\/www.hediyepazar.com\/?product=sarjli-oto-yikama-bahce-sulama-tabancasi-makinesi-yuksek-basincli-2","title":{"rendered":"\u015earjl\u0131 Oto Y\u0131kama Bah\u00e7e Sulama Tabancas\u0131 Makinesi Y\u00fcksek Bas\u0131n\u00e7l\u0131"},"content":{"rendered":"<p>Cihaz, y\u00fcksek kapasiteli 15.000mAh lityum pil ile donat\u0131lm\u0131\u015ft\u0131r, b\u00f6ylece tek \u015farjla 20-30 dakika boyunca kesintisiz kullan\u0131m imkan\u0131 sunar. Tam dolum s\u00fcresi 4 saattir ve uzun \u00f6m\u00fcrl\u00fc bataryas\u0131 sayesinde tek seferde arac\u0131n\u0131z\u0131 tamamen y\u0131kayabilirsiniz. Su ve elektrik izolasyonu \u00f6zel olarak tasarland\u0131\u011f\u0131 i\u00e7in g\u00fcvenli kullan\u0131m sa\u011flar. Cihazla birlikte gelen EU \u015farj adapt\u00f6r\u00fc, her yerde kolayca \u015farj edilmesini sa\u011flar. Kullan\u0131m sonras\u0131 bataryay\u0131 kuru tutarak ve zaman\u0131nda \u015farj ederek, cihaz\u0131n \u00f6mr\u00fcn\u00fc uzatabilirsiniz.&nbsp;&nbsp;&nbsp;&nbsp;&nbsp;<\/p>\n","protected":false},"excerpt":{"rendered":"<p>Cihaz, y\u00fcksek kapasiteli 15.000mAh lityum pil ile donat\u0131lm\u0131\u015ft\u0131r, b\u00f6ylece tek \u015farjla 20-30 dakika boyunca kesintisiz kullan\u0131m imkan\u0131 sunar. Tam dolum s\u00fcresi 4 saattir ve uzun \u00f6m\u00fcrl\u00fc bataryas\u0131 sayesinde tek seferde arac\u0131n\u0131z\u0131 tamamen y\u0131kayabilirsiniz. Su ve elektrik izolasyonu \u00f6zel olarak tasarland\u0131\u011f\u0131 i\u00e7in g\u00fcvenli kullan\u0131m sa\u011flar. Cihazla birlikte gelen EU \u015farj adapt\u00f6r\u00fc, her yerde kolayca \u015farj edilmesini&#8230;<\/p>\n","protected":false},"featured_media":112670,"comment_status":"open","ping_status":"closed","template":"","meta":{"_kad_post_transparent":"","_kad_post_title":"","_kad_post_layout":"","_kad_post_sidebar_id":"","_kad_post_content_style":"","_kad_post_vertical_padding":"","_kad_post_feature":"","_kad_post_feature_position":"","_kad_post_header":false,"_kad_post_footer":false,"_kad_post_classname":""},"product_brand":[],"product_cat":[14971],"product_tag":[],"class_list":{"0":"post-112671","1":"product","2":"type-product","3":"status-publish","4":"has-post-thumbnail","6":"product_cat-yuksek-basincli-yikama-makinesi-yuksek-basincli-yikama-makinesi","8":"first","9":"instock","10":"purchasable","11":"product-type-simple","12":"entry","13":"content-bg","14":"loop-entry"},"_links":{"self":[{"href":"https:\/\/www.hediyepazar.com\/index.php?rest_route=\/wp\/v2\/product\/112671","targetHints":{"allow":["GET"]}}],"collection":[{"href":"https:\/\/www.hediyepazar.com\/index.php?rest_route=\/wp\/v2\/product"}],"about":[{"href":"https:\/\/www.hediyepazar.com\/index.php?rest_route=\/wp\/v2\/types\/product"}],"replies":[{"embeddable":true,"href":"https:\/\/www.hediyepazar.com\/index.php?rest_route=%2Fwp%2Fv2%2Fcomments&post=112671"}],"wp:featuredmedia":[{"embeddable":true,"href":"https:\/\/www.hediyepazar.com\/index.php?rest_route=\/wp\/v2\/media\/112670"}],"wp:attachment":[{"href":"https:\/\/www.hediyepazar.com\/index.php?rest_route=%2Fwp%2Fv2%2Fmedia&parent=112671"}],"wp:term":[{"taxonomy":"product_brand","embeddable":true,"href":"https:\/\/www.hediyepazar.com\/index.php?rest_route=%2Fwp%2Fv2%2Fproduct_brand&post=112671"},{"taxonomy":"product_cat","embeddable":true,"href":"https:\/\/www.hediyepazar.com\/index.php?rest_route=%2Fwp%2Fv2%2Fproduct_cat&post=112671"},{"taxonomy":"product_tag","embeddable":true,"href":"https:\/\/www.hediyepazar.com\/index.php?rest_route=%2Fwp%2Fv2%2Fproduct_tag&post=112671"}],"curies":[{"name":"wp","href":"https:\/\/api.w.org\/{rel}","templated":true}]}}