{"id":112675,"date":"2026-05-05T10:42:11","date_gmt":"2026-05-05T13:42:11","guid":{"rendered":"https:\/\/www.hediyepazar.com\/?product=kablosuz-mouse-fare-sarjli-bluetooth-wireless-cift-modlu-sessiz-3"},"modified":"2026-05-05T10:42:11","modified_gmt":"2026-05-05T13:42:11","slug":"kablosuz-mouse-fare-sarjli-bluetooth-wireless-cift-modlu-sessiz-3","status":"publish","type":"product","link":"https:\/\/www.hediyepazar.com\/?product=kablosuz-mouse-fare-sarjli-bluetooth-wireless-cift-modlu-sessiz-3","title":{"rendered":"Kablosuz Mouse Fare \u015earjl\u0131 Bluetooth Wireless \u00c7ift Modlu Sessiz"},"content":{"rendered":"<p>Bu premium oyuncu mouse\u2019u, dayan\u0131kl\u0131 ve kaliteli malzemelerle \u00fcretilmi\u015f olup, uzun s\u00fcreli kullan\u0131mlarda bile \u00fcst\u00fcn performans sunmak i\u00e7in tasarlanm\u0131\u015ft\u0131r. Y\u00fcksek sertlikte \u00fcretilen tu\u015f yap\u0131s\u0131 ve dayan\u0131kl\u0131 mekanik d\u00fc\u011fmeler, her t\u0131klamada ayn\u0131 hassasiyeti ve g\u00fcvenilirli\u011fi sunar. A\u015f\u0131nmaya ve yo\u011fun kullan\u0131ma dayan\u0131kl\u0131 yap\u0131s\u0131, mouse\u2019un zaman i\u00e7inde performans kayb\u0131 ya\u015famas\u0131n\u0131 \u00f6nler. 2 y\u0131l ithalat\u00e7\u0131 garantisi ile birlikte sunulan bu model, sat\u0131\u015f sonras\u0131 destek a\u00e7\u0131s\u0131ndan da kullan\u0131c\u0131lar\u0131na g\u00fcvence sa\u011flamaktad\u0131r. Olas\u0131 teknik problemlerde, garanti kapsam\u0131nda g\u00fcvenli destek alabilir ve \u00fcr\u00fcn\u00fcn\u00fcz\u00fc uzun y\u0131llar boyunca sorunsuz bir \u015fekilde kullanabilirsiniz. Hem oyuncular hem de profesyonel kullan\u0131c\u0131lar i\u00e7in tasarlanm\u0131\u015f bu kablosuz oyuncu mouse&#8217;u, \u00fcst\u00fcn performans, ergonomi ve dayan\u0131kl\u0131l\u0131\u011f\u0131 bir arada sunarak en iyi deneyimi ya\u015faman\u0131z\u0131 sa\u011flar.&nbsp;&nbsp;&nbsp;&nbsp;&nbsp;<\/p>\n","protected":false},"excerpt":{"rendered":"<p>Bu premium oyuncu mouse\u2019u, dayan\u0131kl\u0131 ve kaliteli malzemelerle \u00fcretilmi\u015f olup, uzun s\u00fcreli kullan\u0131mlarda bile \u00fcst\u00fcn performans sunmak i\u00e7in tasarlanm\u0131\u015ft\u0131r. Y\u00fcksek sertlikte \u00fcretilen tu\u015f yap\u0131s\u0131 ve dayan\u0131kl\u0131 mekanik d\u00fc\u011fmeler, her t\u0131klamada ayn\u0131 hassasiyeti ve g\u00fcvenilirli\u011fi sunar. A\u015f\u0131nmaya ve yo\u011fun kullan\u0131ma dayan\u0131kl\u0131 yap\u0131s\u0131, mouse\u2019un zaman i\u00e7inde performans kayb\u0131 ya\u015famas\u0131n\u0131 \u00f6nler. 2 y\u0131l ithalat\u00e7\u0131 garantisi ile birlikte sunulan&#8230;<\/p>\n","protected":false},"featured_media":112674,"comment_status":"open","ping_status":"closed","template":"","meta":{"_kad_post_transparent":"","_kad_post_title":"","_kad_post_layout":"","_kad_post_sidebar_id":"","_kad_post_content_style":"","_kad_post_vertical_padding":"","_kad_post_feature":"","_kad_post_feature_position":"","_kad_post_header":false,"_kad_post_footer":false,"_kad_post_classname":""},"product_brand":[],"product_cat":[14973],"product_tag":[],"class_list":{"0":"post-112675","1":"product","2":"type-product","3":"status-publish","4":"has-post-thumbnail","6":"product_cat-mouse-mouse","8":"first","9":"instock","10":"purchasable","11":"product-type-simple","12":"entry","13":"content-bg","14":"loop-entry"},"_links":{"self":[{"href":"https:\/\/www.hediyepazar.com\/index.php?rest_route=\/wp\/v2\/product\/112675","targetHints":{"allow":["GET"]}}],"collection":[{"href":"https:\/\/www.hediyepazar.com\/index.php?rest_route=\/wp\/v2\/product"}],"about":[{"href":"https:\/\/www.hediyepazar.com\/index.php?rest_route=\/wp\/v2\/types\/product"}],"replies":[{"embeddable":true,"href":"https:\/\/www.hediyepazar.com\/index.php?rest_route=%2Fwp%2Fv2%2Fcomments&post=112675"}],"wp:featuredmedia":[{"embeddable":true,"href":"https:\/\/www.hediyepazar.com\/index.php?rest_route=\/wp\/v2\/media\/112674"}],"wp:attachment":[{"href":"https:\/\/www.hediyepazar.com\/index.php?rest_route=%2Fwp%2Fv2%2Fmedia&parent=112675"}],"wp:term":[{"taxonomy":"product_brand","embeddable":true,"href":"https:\/\/www.hediyepazar.com\/index.php?rest_route=%2Fwp%2Fv2%2Fproduct_brand&post=112675"},{"taxonomy":"product_cat","embeddable":true,"href":"https:\/\/www.hediyepazar.com\/index.php?rest_route=%2Fwp%2Fv2%2Fproduct_cat&post=112675"},{"taxonomy":"product_tag","embeddable":true,"href":"https:\/\/www.hediyepazar.com\/index.php?rest_route=%2Fwp%2Fv2%2Fproduct_tag&post=112675"}],"curies":[{"name":"wp","href":"https:\/\/api.w.org\/{rel}","templated":true}]}}