{"id":112815,"date":"2026-05-05T10:52:36","date_gmt":"2026-05-05T13:52:36","guid":{"rendered":"https:\/\/www.hediyepazar.com\/?product=bluetooth-kulaklik-yeni-nesil-pro-sensorlu-mikrofon-cagri-cevaplama-2"},"modified":"2026-05-05T10:52:36","modified_gmt":"2026-05-05T13:52:36","slug":"bluetooth-kulaklik-yeni-nesil-pro-sensorlu-mikrofon-cagri-cevaplama-2","status":"publish","type":"product","link":"https:\/\/www.hediyepazar.com\/?product=bluetooth-kulaklik-yeni-nesil-pro-sensorlu-mikrofon-cagri-cevaplama-2","title":{"rendered":"Bluetooth Kulakl\u0131k Yeni Nesil Pro Sens\u00f6rl\u00fc Mikrofon \u00c7a\u011fr\u0131 Cevaplama"},"content":{"rendered":"<p>Tws Pro 5 Bluetooth kulakl\u0131k, sens\u00f6rl\u00fc dokunmatik yap\u0131s\u0131 sayesinde kolay kullan\u0131m imk\u00e2n\u0131 sunar. Farkl\u0131 say\u0131larda dokunmalarla arama cevaplama, ses ayar\u0131, m\u00fczik a\u00e7ma veya cihaz\u0131 kapatma gibi i\u015flemleri zahmetsizce ger\u00e7ekle\u015ftirebilirsiniz. Mikrofon \u00f6zelli\u011fi, \u00e7a\u011fr\u0131lar\u0131 yan\u0131tlama, konu\u015fma ve reddetme i\u015flevlerini destekler. Ergonomik ve silikonsuz tasar\u0131m\u0131, uzun s\u00fcreli kullan\u0131mlarda konfor sunarken modern g\u00f6r\u00fcn\u00fcm\u00fcyle de dikkat \u00e7eker.<\/p>\n","protected":false},"excerpt":{"rendered":"<p>Tws Pro 5 Bluetooth kulakl\u0131k, sens\u00f6rl\u00fc dokunmatik yap\u0131s\u0131 sayesinde kolay kullan\u0131m imk\u00e2n\u0131 sunar. Farkl\u0131 say\u0131larda dokunmalarla arama cevaplama, ses ayar\u0131, m\u00fczik a\u00e7ma veya cihaz\u0131 kapatma gibi i\u015flemleri zahmetsizce ger\u00e7ekle\u015ftirebilirsiniz. Mikrofon \u00f6zelli\u011fi, \u00e7a\u011fr\u0131lar\u0131 yan\u0131tlama, konu\u015fma ve reddetme i\u015flevlerini destekler. Ergonomik ve silikonsuz tasar\u0131m\u0131, uzun s\u00fcreli kullan\u0131mlarda konfor sunarken modern g\u00f6r\u00fcn\u00fcm\u00fcyle de dikkat \u00e7eker.<\/p>\n","protected":false},"featured_media":112814,"comment_status":"open","ping_status":"closed","template":"","meta":{"_kad_post_transparent":"","_kad_post_title":"","_kad_post_layout":"","_kad_post_sidebar_id":"","_kad_post_content_style":"","_kad_post_vertical_padding":"","_kad_post_feature":"","_kad_post_feature_position":"","_kad_post_header":false,"_kad_post_footer":false,"_kad_post_classname":""},"product_brand":[],"product_cat":[14957],"product_tag":[],"class_list":{"0":"post-112815","1":"product","2":"type-product","3":"status-publish","4":"has-post-thumbnail","6":"product_cat-kablosuz-kulaklik-kablosuz-kulaklik","8":"first","9":"instock","10":"purchasable","11":"product-type-simple","12":"entry","13":"content-bg","14":"loop-entry"},"_links":{"self":[{"href":"https:\/\/www.hediyepazar.com\/index.php?rest_route=\/wp\/v2\/product\/112815","targetHints":{"allow":["GET"]}}],"collection":[{"href":"https:\/\/www.hediyepazar.com\/index.php?rest_route=\/wp\/v2\/product"}],"about":[{"href":"https:\/\/www.hediyepazar.com\/index.php?rest_route=\/wp\/v2\/types\/product"}],"replies":[{"embeddable":true,"href":"https:\/\/www.hediyepazar.com\/index.php?rest_route=%2Fwp%2Fv2%2Fcomments&post=112815"}],"wp:featuredmedia":[{"embeddable":true,"href":"https:\/\/www.hediyepazar.com\/index.php?rest_route=\/wp\/v2\/media\/112814"}],"wp:attachment":[{"href":"https:\/\/www.hediyepazar.com\/index.php?rest_route=%2Fwp%2Fv2%2Fmedia&parent=112815"}],"wp:term":[{"taxonomy":"product_brand","embeddable":true,"href":"https:\/\/www.hediyepazar.com\/index.php?rest_route=%2Fwp%2Fv2%2Fproduct_brand&post=112815"},{"taxonomy":"product_cat","embeddable":true,"href":"https:\/\/www.hediyepazar.com\/index.php?rest_route=%2Fwp%2Fv2%2Fproduct_cat&post=112815"},{"taxonomy":"product_tag","embeddable":true,"href":"https:\/\/www.hediyepazar.com\/index.php?rest_route=%2Fwp%2Fv2%2Fproduct_tag&post=112815"}],"curies":[{"name":"wp","href":"https:\/\/api.w.org\/{rel}","templated":true}]}}