{"id":112993,"date":"2026-05-05T11:05:11","date_gmt":"2026-05-05T14:05:11","guid":{"rendered":"https:\/\/www.hediyepazar.com\/?product=ayakli-mini-fotograf-makinesi-cocuk-icin-egitici-video-kamera-2"},"modified":"2026-05-05T11:05:11","modified_gmt":"2026-05-05T14:05:11","slug":"ayakli-mini-fotograf-makinesi-cocuk-icin-egitici-video-kamera-2","status":"publish","type":"product","link":"https:\/\/www.hediyepazar.com\/?product=ayakli-mini-fotograf-makinesi-cocuk-icin-egitici-video-kamera-2","title":{"rendered":"Ayakl\u0131 Mini Foto\u011fraf Makinesi \u00c7ocuk I\u00e7in E\u011fitici Video Kamera"},"content":{"rendered":"<p>Do\u011fum g\u00fcnleri, y\u0131lba\u015f\u0131 ve di\u011fer \u00f6zel g\u00fcnlerde \u00e7ocuklara hem e\u011flenceli hem de \u00f6\u011fretici bir hediye vermek isteyenler i\u00e7in bu kamera harika bir se\u00e7imdir. G\u00fcvenli ve dayan\u0131kl\u0131 yap\u0131s\u0131, 3-12 ya\u015f aras\u0131 \u00e7ocuklar\u0131n g\u00fcvenle kullanmas\u0131n\u0131 sa\u011flar. Kamera, foto\u011fraf\u00e7\u0131l\u0131\u011f\u0131 \u00f6\u011frenmenin yan\u0131 s\u0131ra yarat\u0131c\u0131l\u0131\u011f\u0131 ve \u00f6zg\u00fcveni art\u0131racak bir ara\u00e7 olarak tasarlanm\u0131\u015ft\u0131r. \u00c7ocuklar, bu kamera sayesinde hikayelerini anlatmay\u0131, anlar\u0131n\u0131 \u00f6l\u00fcms\u00fczle\u015ftirmeyi ve teknolojiyi etkin bir \u015fekilde kullanmay\u0131 \u00f6\u011frenirler. E\u011flence ile e\u011fitimi bir araya getiren bu kamera, gen\u00e7 foto\u011fraf\u00e7\u0131lar\u0131 ke\u015ffetmeye te\u015fvik eder.<\/p>\n","protected":false},"excerpt":{"rendered":"<p>Do\u011fum g\u00fcnleri, y\u0131lba\u015f\u0131 ve di\u011fer \u00f6zel g\u00fcnlerde \u00e7ocuklara hem e\u011flenceli hem de \u00f6\u011fretici bir hediye vermek isteyenler i\u00e7in bu kamera harika bir se\u00e7imdir. G\u00fcvenli ve dayan\u0131kl\u0131 yap\u0131s\u0131, 3-12 ya\u015f aras\u0131 \u00e7ocuklar\u0131n g\u00fcvenle kullanmas\u0131n\u0131 sa\u011flar. Kamera, foto\u011fraf\u00e7\u0131l\u0131\u011f\u0131 \u00f6\u011frenmenin yan\u0131 s\u0131ra yarat\u0131c\u0131l\u0131\u011f\u0131 ve \u00f6zg\u00fcveni art\u0131racak bir ara\u00e7 olarak tasarlanm\u0131\u015ft\u0131r. \u00c7ocuklar, bu kamera sayesinde hikayelerini anlatmay\u0131, anlar\u0131n\u0131 \u00f6l\u00fcms\u00fczle\u015ftirmeyi&#8230;<\/p>\n","protected":false},"featured_media":112992,"comment_status":"open","ping_status":"closed","template":"","meta":{"_kad_post_transparent":"","_kad_post_title":"","_kad_post_layout":"","_kad_post_sidebar_id":"","_kad_post_content_style":"","_kad_post_vertical_padding":"","_kad_post_feature":"","_kad_post_feature_position":"","_kad_post_header":false,"_kad_post_footer":false,"_kad_post_classname":""},"product_brand":[],"product_cat":[14987],"product_tag":[],"class_list":{"0":"post-112993","1":"product","2":"type-product","3":"status-publish","4":"has-post-thumbnail","6":"product_cat-cocuk-kamera-cocuk-kamera","8":"first","9":"instock","10":"purchasable","11":"product-type-simple","12":"entry","13":"content-bg","14":"loop-entry"},"_links":{"self":[{"href":"https:\/\/www.hediyepazar.com\/index.php?rest_route=\/wp\/v2\/product\/112993","targetHints":{"allow":["GET"]}}],"collection":[{"href":"https:\/\/www.hediyepazar.com\/index.php?rest_route=\/wp\/v2\/product"}],"about":[{"href":"https:\/\/www.hediyepazar.com\/index.php?rest_route=\/wp\/v2\/types\/product"}],"replies":[{"embeddable":true,"href":"https:\/\/www.hediyepazar.com\/index.php?rest_route=%2Fwp%2Fv2%2Fcomments&post=112993"}],"wp:featuredmedia":[{"embeddable":true,"href":"https:\/\/www.hediyepazar.com\/index.php?rest_route=\/wp\/v2\/media\/112992"}],"wp:attachment":[{"href":"https:\/\/www.hediyepazar.com\/index.php?rest_route=%2Fwp%2Fv2%2Fmedia&parent=112993"}],"wp:term":[{"taxonomy":"product_brand","embeddable":true,"href":"https:\/\/www.hediyepazar.com\/index.php?rest_route=%2Fwp%2Fv2%2Fproduct_brand&post=112993"},{"taxonomy":"product_cat","embeddable":true,"href":"https:\/\/www.hediyepazar.com\/index.php?rest_route=%2Fwp%2Fv2%2Fproduct_cat&post=112993"},{"taxonomy":"product_tag","embeddable":true,"href":"https:\/\/www.hediyepazar.com\/index.php?rest_route=%2Fwp%2Fv2%2Fproduct_tag&post=112993"}],"curies":[{"name":"wp","href":"https:\/\/api.w.org\/{rel}","templated":true}]}}