{"id":112999,"date":"2026-05-05T11:05:42","date_gmt":"2026-05-05T14:05:42","guid":{"rendered":"https:\/\/www.hediyepazar.com\/?product=sessiz-kablosuz-usb-girisli-mouse-fare-yuksek-performansli-2"},"modified":"2026-05-05T11:05:42","modified_gmt":"2026-05-05T14:05:42","slug":"sessiz-kablosuz-usb-girisli-mouse-fare-yuksek-performansli-2","status":"publish","type":"product","link":"https:\/\/www.hediyepazar.com\/?product=sessiz-kablosuz-usb-girisli-mouse-fare-yuksek-performansli-2","title":{"rendered":"Sessiz Kablosuz USB Giri\u015fli Mouse Fare Y\u00fcksek Performansl\u0131"},"content":{"rendered":"<p>Sessiz t\u0131klama \u00f6zelli\u011fiyle, ofiste, k\u00fct\u00fcphanede veya kalabal\u0131k alanlarda \u00e7evrenizi rahats\u0131z etmeden \u00e7al\u0131\u015fabilirsiniz. Sa\u011flam metal kayd\u0131rma tekerle\u011fi, kaymay\u0131 \u00f6nleyen dokusuyla uzun s\u00fcreli ve konforlu bir kullan\u0131m sunar.\u015e\u0131k tasar\u0131m\u0131 ve y\u00fcksek performansl\u0131 \u00f6zellikleriyle bu kablosuz fare, hem i\u015f hem de g\u00fcnl\u00fck kullan\u0131m i\u00e7in ideal bir se\u00e7enektir.Dahili \u015farj edilebilir pil, 40 dakikada tam \u015farj olur ve tek bir \u015farjla 30 g\u00fcne kadar kullan\u0131m imkan\u0131 sunar. Pil seviyesi g\u00f6rselle\u015ftirme \u00f6zelli\u011fi, \u015farj durumunu kolayca takip etmenizi sa\u011flar. Otomatik uyku modu ise g\u00fc\u00e7 tasarrufu yapar ve herhangi bir t\u0131klamayla yeniden aktif hale gelir.<\/p>\n","protected":false},"excerpt":{"rendered":"<p>Sessiz t\u0131klama \u00f6zelli\u011fiyle, ofiste, k\u00fct\u00fcphanede veya kalabal\u0131k alanlarda \u00e7evrenizi rahats\u0131z etmeden \u00e7al\u0131\u015fabilirsiniz. Sa\u011flam metal kayd\u0131rma tekerle\u011fi, kaymay\u0131 \u00f6nleyen dokusuyla uzun s\u00fcreli ve konforlu bir kullan\u0131m sunar.\u015e\u0131k tasar\u0131m\u0131 ve y\u00fcksek performansl\u0131 \u00f6zellikleriyle bu kablosuz fare, hem i\u015f hem de g\u00fcnl\u00fck kullan\u0131m i\u00e7in ideal bir se\u00e7enektir.Dahili \u015farj edilebilir pil, 40 dakikada tam \u015farj olur ve tek bir&#8230;<\/p>\n","protected":false},"featured_media":112998,"comment_status":"open","ping_status":"closed","template":"","meta":{"_kad_post_transparent":"","_kad_post_title":"","_kad_post_layout":"","_kad_post_sidebar_id":"","_kad_post_content_style":"","_kad_post_vertical_padding":"","_kad_post_feature":"","_kad_post_feature_position":"","_kad_post_header":false,"_kad_post_footer":false,"_kad_post_classname":""},"product_brand":[],"product_cat":[14973],"product_tag":[],"class_list":{"0":"post-112999","1":"product","2":"type-product","3":"status-publish","4":"has-post-thumbnail","6":"product_cat-mouse-mouse","8":"first","9":"instock","10":"purchasable","11":"product-type-simple","12":"entry","13":"content-bg","14":"loop-entry"},"_links":{"self":[{"href":"https:\/\/www.hediyepazar.com\/index.php?rest_route=\/wp\/v2\/product\/112999","targetHints":{"allow":["GET"]}}],"collection":[{"href":"https:\/\/www.hediyepazar.com\/index.php?rest_route=\/wp\/v2\/product"}],"about":[{"href":"https:\/\/www.hediyepazar.com\/index.php?rest_route=\/wp\/v2\/types\/product"}],"replies":[{"embeddable":true,"href":"https:\/\/www.hediyepazar.com\/index.php?rest_route=%2Fwp%2Fv2%2Fcomments&post=112999"}],"wp:featuredmedia":[{"embeddable":true,"href":"https:\/\/www.hediyepazar.com\/index.php?rest_route=\/wp\/v2\/media\/112998"}],"wp:attachment":[{"href":"https:\/\/www.hediyepazar.com\/index.php?rest_route=%2Fwp%2Fv2%2Fmedia&parent=112999"}],"wp:term":[{"taxonomy":"product_brand","embeddable":true,"href":"https:\/\/www.hediyepazar.com\/index.php?rest_route=%2Fwp%2Fv2%2Fproduct_brand&post=112999"},{"taxonomy":"product_cat","embeddable":true,"href":"https:\/\/www.hediyepazar.com\/index.php?rest_route=%2Fwp%2Fv2%2Fproduct_cat&post=112999"},{"taxonomy":"product_tag","embeddable":true,"href":"https:\/\/www.hediyepazar.com\/index.php?rest_route=%2Fwp%2Fv2%2Fproduct_tag&post=112999"}],"curies":[{"name":"wp","href":"https:\/\/api.w.org\/{rel}","templated":true}]}}