{"id":113003,"date":"2026-05-05T11:06:00","date_gmt":"2026-05-05T14:06:00","guid":{"rendered":"https:\/\/www.hediyepazar.com\/?product=fare-mouse-cift-modlu-kablosuz-baglantili-2-4ghz-destekli-2"},"modified":"2026-05-05T11:06:00","modified_gmt":"2026-05-05T14:06:00","slug":"fare-mouse-cift-modlu-kablosuz-baglantili-2-4ghz-destekli-2","status":"publish","type":"product","link":"https:\/\/www.hediyepazar.com\/?product=fare-mouse-cift-modlu-kablosuz-baglantili-2-4ghz-destekli-2","title":{"rendered":"Fare Mouse \u00c7ift Modlu Kablosuz Ba\u011flant\u0131l\u0131 2.4GHz Destekli"},"content":{"rendered":"<p>1. \u00c7ift Modlu Bluetooth 5.0 ve 2.4GHz Kablosuz Fare: Y\u00fcksek Performansl\u0131 Ba\u011flant\u0131Bu kablosuz fare, Bluetooth 5.0 \u00e7ipi ve 2.4GHz kablosuz ba\u011flant\u0131 deste\u011fiyle donat\u0131lm\u0131\u015ft\u0131r. Bluetooth 5.0, daha kararl\u0131 ve d\u00fc\u015f\u00fck gecikmeli bir ba\u011flant\u0131 sunarken, 2.4GHz modu 3 cihaza kadar ba\u011flanabilme ve Tak-\u00c7al\u0131\u015ft\u0131r \u00f6zelli\u011fiyle kolay kullan\u0131m sa\u011flar. Arkadaki d\u00fc\u011fme sayesinde Bluetooth ve 2.4GHz modlar\u0131 aras\u0131nda h\u0131zl\u0131ca ge\u00e7i\u015f yapabilirsiniz.<\/p>\n","protected":false},"excerpt":{"rendered":"<p>1. \u00c7ift Modlu Bluetooth 5.0 ve 2.4GHz Kablosuz Fare: Y\u00fcksek Performansl\u0131 Ba\u011flant\u0131Bu kablosuz fare, Bluetooth 5.0 \u00e7ipi ve 2.4GHz kablosuz ba\u011flant\u0131 deste\u011fiyle donat\u0131lm\u0131\u015ft\u0131r. Bluetooth 5.0, daha kararl\u0131 ve d\u00fc\u015f\u00fck gecikmeli bir ba\u011flant\u0131 sunarken, 2.4GHz modu 3 cihaza kadar ba\u011flanabilme ve Tak-\u00c7al\u0131\u015ft\u0131r \u00f6zelli\u011fiyle kolay kullan\u0131m sa\u011flar. Arkadaki d\u00fc\u011fme sayesinde Bluetooth ve 2.4GHz modlar\u0131 aras\u0131nda h\u0131zl\u0131ca ge\u00e7i\u015f&#8230;<\/p>\n","protected":false},"featured_media":113002,"comment_status":"open","ping_status":"closed","template":"","meta":{"_kad_post_transparent":"","_kad_post_title":"","_kad_post_layout":"","_kad_post_sidebar_id":"","_kad_post_content_style":"","_kad_post_vertical_padding":"","_kad_post_feature":"","_kad_post_feature_position":"","_kad_post_header":false,"_kad_post_footer":false,"_kad_post_classname":""},"product_brand":[],"product_cat":[14973],"product_tag":[],"class_list":{"0":"post-113003","1":"product","2":"type-product","3":"status-publish","4":"has-post-thumbnail","6":"product_cat-mouse-mouse","8":"first","9":"instock","10":"purchasable","11":"product-type-simple","12":"entry","13":"content-bg","14":"loop-entry"},"_links":{"self":[{"href":"https:\/\/www.hediyepazar.com\/index.php?rest_route=\/wp\/v2\/product\/113003","targetHints":{"allow":["GET"]}}],"collection":[{"href":"https:\/\/www.hediyepazar.com\/index.php?rest_route=\/wp\/v2\/product"}],"about":[{"href":"https:\/\/www.hediyepazar.com\/index.php?rest_route=\/wp\/v2\/types\/product"}],"replies":[{"embeddable":true,"href":"https:\/\/www.hediyepazar.com\/index.php?rest_route=%2Fwp%2Fv2%2Fcomments&post=113003"}],"wp:featuredmedia":[{"embeddable":true,"href":"https:\/\/www.hediyepazar.com\/index.php?rest_route=\/wp\/v2\/media\/113002"}],"wp:attachment":[{"href":"https:\/\/www.hediyepazar.com\/index.php?rest_route=%2Fwp%2Fv2%2Fmedia&parent=113003"}],"wp:term":[{"taxonomy":"product_brand","embeddable":true,"href":"https:\/\/www.hediyepazar.com\/index.php?rest_route=%2Fwp%2Fv2%2Fproduct_brand&post=113003"},{"taxonomy":"product_cat","embeddable":true,"href":"https:\/\/www.hediyepazar.com\/index.php?rest_route=%2Fwp%2Fv2%2Fproduct_cat&post=113003"},{"taxonomy":"product_tag","embeddable":true,"href":"https:\/\/www.hediyepazar.com\/index.php?rest_route=%2Fwp%2Fv2%2Fproduct_tag&post=113003"}],"curies":[{"name":"wp","href":"https:\/\/api.w.org\/{rel}","templated":true}]}}