{"id":113067,"date":"2026-05-05T11:09:15","date_gmt":"2026-05-05T14:09:15","guid":{"rendered":"https:\/\/www.hediyepazar.com\/?product=elektronik-kulluk-duman-giderici-hava-temizleyici-2"},"modified":"2026-05-05T11:09:15","modified_gmt":"2026-05-05T14:09:15","slug":"elektronik-kulluk-duman-giderici-hava-temizleyici-2","status":"publish","type":"product","link":"https:\/\/www.hediyepazar.com\/?product=elektronik-kulluk-duman-giderici-hava-temizleyici-2","title":{"rendered":"Elektronik K\u00fcll\u00fck Duman Giderici Hava Temizleyici"},"content":{"rendered":"<p>Sigara Kokusu ve Duman Giderici Hava Temizleyici K\u00fcll\u00fck, hem k\u00fcll\u00fck hem de hava temizleyici olarak i\u015flev g\u00f6rerek, kapal\u0131 alanlarda daha temiz ve ferah bir hava sa\u011flar. 2 katmanl\u0131 filtreleme sistemi, sigara duman\u0131, toz, polen ve di\u011fer hava kirleticilerini etkili bir \u015fekilde yakalayarak hava kalitesini art\u0131r\u0131r. \u015e\u0131k ve dayan\u0131kl\u0131 tasar\u0131m\u0131, her t\u00fcrl\u00fc dekorasyona uyum sa\u011flayarak araban\u0131zda veya di\u011fer kapal\u0131 alanlarda rahatl\u0131kla kullan\u0131labilir.<\/p>\n","protected":false},"excerpt":{"rendered":"<p>Sigara Kokusu ve Duman Giderici Hava Temizleyici K\u00fcll\u00fck, hem k\u00fcll\u00fck hem de hava temizleyici olarak i\u015flev g\u00f6rerek, kapal\u0131 alanlarda daha temiz ve ferah bir hava sa\u011flar. 2 katmanl\u0131 filtreleme sistemi, sigara duman\u0131, toz, polen ve di\u011fer hava kirleticilerini etkili bir \u015fekilde yakalayarak hava kalitesini art\u0131r\u0131r. \u015e\u0131k ve dayan\u0131kl\u0131 tasar\u0131m\u0131, her t\u00fcrl\u00fc dekorasyona uyum sa\u011flayarak araban\u0131zda&#8230;<\/p>\n","protected":false},"featured_media":113066,"comment_status":"open","ping_status":"closed","template":"","meta":{"_kad_post_transparent":"","_kad_post_title":"","_kad_post_layout":"","_kad_post_sidebar_id":"","_kad_post_content_style":"","_kad_post_vertical_padding":"","_kad_post_feature":"","_kad_post_feature_position":"","_kad_post_header":false,"_kad_post_footer":false,"_kad_post_classname":""},"product_brand":[],"product_cat":[14995],"product_tag":[],"class_list":{"0":"post-113067","1":"product","2":"type-product","3":"status-publish","4":"has-post-thumbnail","6":"product_cat-kulluk-kulluk-2","8":"first","9":"instock","10":"purchasable","11":"product-type-simple","12":"entry","13":"content-bg","14":"loop-entry"},"_links":{"self":[{"href":"https:\/\/www.hediyepazar.com\/index.php?rest_route=\/wp\/v2\/product\/113067","targetHints":{"allow":["GET"]}}],"collection":[{"href":"https:\/\/www.hediyepazar.com\/index.php?rest_route=\/wp\/v2\/product"}],"about":[{"href":"https:\/\/www.hediyepazar.com\/index.php?rest_route=\/wp\/v2\/types\/product"}],"replies":[{"embeddable":true,"href":"https:\/\/www.hediyepazar.com\/index.php?rest_route=%2Fwp%2Fv2%2Fcomments&post=113067"}],"wp:featuredmedia":[{"embeddable":true,"href":"https:\/\/www.hediyepazar.com\/index.php?rest_route=\/wp\/v2\/media\/113066"}],"wp:attachment":[{"href":"https:\/\/www.hediyepazar.com\/index.php?rest_route=%2Fwp%2Fv2%2Fmedia&parent=113067"}],"wp:term":[{"taxonomy":"product_brand","embeddable":true,"href":"https:\/\/www.hediyepazar.com\/index.php?rest_route=%2Fwp%2Fv2%2Fproduct_brand&post=113067"},{"taxonomy":"product_cat","embeddable":true,"href":"https:\/\/www.hediyepazar.com\/index.php?rest_route=%2Fwp%2Fv2%2Fproduct_cat&post=113067"},{"taxonomy":"product_tag","embeddable":true,"href":"https:\/\/www.hediyepazar.com\/index.php?rest_route=%2Fwp%2Fv2%2Fproduct_tag&post=113067"}],"curies":[{"name":"wp","href":"https:\/\/api.w.org\/{rel}","templated":true}]}}