{"id":113075,"date":"2026-05-05T11:09:40","date_gmt":"2026-05-05T14:09:40","guid":{"rendered":"https:\/\/www.hediyepazar.com\/?product=arac-ici-supurge-filtreli-sarjli-supurge-vakumlu-yikanabilir-2"},"modified":"2026-05-05T11:09:40","modified_gmt":"2026-05-05T14:09:40","slug":"arac-ici-supurge-filtreli-sarjli-supurge-vakumlu-yikanabilir-2","status":"publish","type":"product","link":"https:\/\/www.hediyepazar.com\/?product=arac-ici-supurge-filtreli-sarjli-supurge-vakumlu-yikanabilir-2","title":{"rendered":"Ara\u00e7 \u0130\u00e7i S\u00fcp\u00fcrge Filtreli \u015earjl\u0131 S\u00fcp\u00fcrge Vakumlu Y\u0131kanabilir"},"content":{"rendered":"<p>Mini Vakumlu Ara\u00e7 S\u00fcp\u00fcrgesi, katlanabilir sap tasar\u0131m\u0131 sayesinde hem ta\u015f\u0131mas\u0131 hem de saklamas\u0131 son derece kolay bir \u00fcr\u00fcnd\u00fcr. Kompakt boyutlar\u0131yla ara\u00e7 i\u00e7erisinde fazla yer kaplamaz ve diledi\u011finiz zaman h\u0131zl\u0131ca kullan\u0131ma haz\u0131r hale gelir. Kullan\u0131m\u0131 kolay ergonomik tasar\u0131m\u0131, hem ara\u00e7 i\u00e7inde hem de evde temizlik yaparken b\u00fcy\u00fck bir rahatl\u0131k sa\u011flar. Y\u0131kanabilir filtre \u00f6zelli\u011fiyle \u00e7evre dostu bir alternatif sunan bu cihaz, filtre de\u011fi\u015fim maliyetlerini ortadan kald\u0131rarak uzun vadede tasarruf etmenize de olanak tan\u0131r.<\/p>\n","protected":false},"excerpt":{"rendered":"<p>Mini Vakumlu Ara\u00e7 S\u00fcp\u00fcrgesi, katlanabilir sap tasar\u0131m\u0131 sayesinde hem ta\u015f\u0131mas\u0131 hem de saklamas\u0131 son derece kolay bir \u00fcr\u00fcnd\u00fcr. Kompakt boyutlar\u0131yla ara\u00e7 i\u00e7erisinde fazla yer kaplamaz ve diledi\u011finiz zaman h\u0131zl\u0131ca kullan\u0131ma haz\u0131r hale gelir. Kullan\u0131m\u0131 kolay ergonomik tasar\u0131m\u0131, hem ara\u00e7 i\u00e7inde hem de evde temizlik yaparken b\u00fcy\u00fck bir rahatl\u0131k sa\u011flar. Y\u0131kanabilir filtre \u00f6zelli\u011fiyle \u00e7evre dostu bir&#8230;<\/p>\n","protected":false},"featured_media":113074,"comment_status":"open","ping_status":"closed","template":"","meta":{"_kad_post_transparent":"","_kad_post_title":"","_kad_post_layout":"","_kad_post_sidebar_id":"","_kad_post_content_style":"","_kad_post_vertical_padding":"","_kad_post_feature":"","_kad_post_feature_position":"","_kad_post_header":false,"_kad_post_footer":false,"_kad_post_classname":""},"product_brand":[],"product_cat":[14998],"product_tag":[],"class_list":{"0":"post-113075","1":"product","2":"type-product","3":"status-publish","4":"has-post-thumbnail","6":"product_cat-arac-ici-supurge-arac-ici-supurge","8":"first","9":"instock","10":"purchasable","11":"product-type-simple","12":"entry","13":"content-bg","14":"loop-entry"},"_links":{"self":[{"href":"https:\/\/www.hediyepazar.com\/index.php?rest_route=\/wp\/v2\/product\/113075","targetHints":{"allow":["GET"]}}],"collection":[{"href":"https:\/\/www.hediyepazar.com\/index.php?rest_route=\/wp\/v2\/product"}],"about":[{"href":"https:\/\/www.hediyepazar.com\/index.php?rest_route=\/wp\/v2\/types\/product"}],"replies":[{"embeddable":true,"href":"https:\/\/www.hediyepazar.com\/index.php?rest_route=%2Fwp%2Fv2%2Fcomments&post=113075"}],"wp:featuredmedia":[{"embeddable":true,"href":"https:\/\/www.hediyepazar.com\/index.php?rest_route=\/wp\/v2\/media\/113074"}],"wp:attachment":[{"href":"https:\/\/www.hediyepazar.com\/index.php?rest_route=%2Fwp%2Fv2%2Fmedia&parent=113075"}],"wp:term":[{"taxonomy":"product_brand","embeddable":true,"href":"https:\/\/www.hediyepazar.com\/index.php?rest_route=%2Fwp%2Fv2%2Fproduct_brand&post=113075"},{"taxonomy":"product_cat","embeddable":true,"href":"https:\/\/www.hediyepazar.com\/index.php?rest_route=%2Fwp%2Fv2%2Fproduct_cat&post=113075"},{"taxonomy":"product_tag","embeddable":true,"href":"https:\/\/www.hediyepazar.com\/index.php?rest_route=%2Fwp%2Fv2%2Fproduct_tag&post=113075"}],"curies":[{"name":"wp","href":"https:\/\/api.w.org\/{rel}","templated":true}]}}