{"id":113077,"date":"2026-05-05T11:09:47","date_gmt":"2026-05-05T14:09:47","guid":{"rendered":"https:\/\/www.hediyepazar.com\/?product=arac-ici-supurge-vakumlu-sarjli-supurge-filtreli-2"},"modified":"2026-05-05T11:09:47","modified_gmt":"2026-05-05T14:09:47","slug":"arac-ici-supurge-vakumlu-sarjli-supurge-filtreli-2","status":"publish","type":"product","link":"https:\/\/www.hediyepazar.com\/?product=arac-ici-supurge-vakumlu-sarjli-supurge-filtreli-2","title":{"rendered":"Ara\u00e7 \u0130\u00e7i S\u00fcp\u00fcrge Vakumlu \u015earjl\u0131 S\u00fcp\u00fcrge Filtreli"},"content":{"rendered":"<p>G\u00fcnl\u00fck hayat\u0131n vazge\u00e7ilmezi olan ara\u00e7 temizli\u011fi, Mini Vakumlu Ara\u00e7 S\u00fcp\u00fcrgesi sayesinde art\u0131k daha kolay ve pratik bir hale geliyor. 120W g\u00fc\u00e7l\u00fc motoru ve 5500PA y\u00fcksek emi\u015f g\u00fcc\u00fcyle, arac\u0131n\u0131zdaki toz, k\u0131r\u0131nt\u0131 ve di\u011fer kirleri k\u0131sa s\u00fcrede temizler. G\u00fc\u00e7l\u00fc vakum performans\u0131, arac\u0131n\u0131z\u0131n koltuklar\u0131 ve zor ula\u015f\u0131labilir b\u00f6lgelerinde bile m\u00fckemmel temizlik sunar. USB \u00fczerinden kolayca \u015farj edilebilmesi, cihaz\u0131n her zaman kullan\u0131ma haz\u0131r olmas\u0131n\u0131 sa\u011flar. Uzun s\u00fcre dayanabilen bataryas\u0131 sayesinde temizlik esnas\u0131nda kesintisiz bir deneyim ya\u015fars\u0131n\u0131z.<\/p>\n","protected":false},"excerpt":{"rendered":"<p>G\u00fcnl\u00fck hayat\u0131n vazge\u00e7ilmezi olan ara\u00e7 temizli\u011fi, Mini Vakumlu Ara\u00e7 S\u00fcp\u00fcrgesi sayesinde art\u0131k daha kolay ve pratik bir hale geliyor. 120W g\u00fc\u00e7l\u00fc motoru ve 5500PA y\u00fcksek emi\u015f g\u00fcc\u00fcyle, arac\u0131n\u0131zdaki toz, k\u0131r\u0131nt\u0131 ve di\u011fer kirleri k\u0131sa s\u00fcrede temizler. G\u00fc\u00e7l\u00fc vakum performans\u0131, arac\u0131n\u0131z\u0131n koltuklar\u0131 ve zor ula\u015f\u0131labilir b\u00f6lgelerinde bile m\u00fckemmel temizlik sunar. USB \u00fczerinden kolayca \u015farj edilebilmesi, cihaz\u0131n&#8230;<\/p>\n","protected":false},"featured_media":113076,"comment_status":"open","ping_status":"closed","template":"","meta":{"_kad_post_transparent":"","_kad_post_title":"","_kad_post_layout":"","_kad_post_sidebar_id":"","_kad_post_content_style":"","_kad_post_vertical_padding":"","_kad_post_feature":"","_kad_post_feature_position":"","_kad_post_header":false,"_kad_post_footer":false,"_kad_post_classname":""},"product_brand":[],"product_cat":[14998],"product_tag":[],"class_list":{"0":"post-113077","1":"product","2":"type-product","3":"status-publish","4":"has-post-thumbnail","6":"product_cat-arac-ici-supurge-arac-ici-supurge","8":"first","9":"instock","10":"purchasable","11":"product-type-simple","12":"entry","13":"content-bg","14":"loop-entry"},"_links":{"self":[{"href":"https:\/\/www.hediyepazar.com\/index.php?rest_route=\/wp\/v2\/product\/113077","targetHints":{"allow":["GET"]}}],"collection":[{"href":"https:\/\/www.hediyepazar.com\/index.php?rest_route=\/wp\/v2\/product"}],"about":[{"href":"https:\/\/www.hediyepazar.com\/index.php?rest_route=\/wp\/v2\/types\/product"}],"replies":[{"embeddable":true,"href":"https:\/\/www.hediyepazar.com\/index.php?rest_route=%2Fwp%2Fv2%2Fcomments&post=113077"}],"wp:featuredmedia":[{"embeddable":true,"href":"https:\/\/www.hediyepazar.com\/index.php?rest_route=\/wp\/v2\/media\/113076"}],"wp:attachment":[{"href":"https:\/\/www.hediyepazar.com\/index.php?rest_route=%2Fwp%2Fv2%2Fmedia&parent=113077"}],"wp:term":[{"taxonomy":"product_brand","embeddable":true,"href":"https:\/\/www.hediyepazar.com\/index.php?rest_route=%2Fwp%2Fv2%2Fproduct_brand&post=113077"},{"taxonomy":"product_cat","embeddable":true,"href":"https:\/\/www.hediyepazar.com\/index.php?rest_route=%2Fwp%2Fv2%2Fproduct_cat&post=113077"},{"taxonomy":"product_tag","embeddable":true,"href":"https:\/\/www.hediyepazar.com\/index.php?rest_route=%2Fwp%2Fv2%2Fproduct_tag&post=113077"}],"curies":[{"name":"wp","href":"https:\/\/api.w.org\/{rel}","templated":true}]}}