{"id":113113,"date":"2026-05-05T11:11:43","date_gmt":"2026-05-05T14:11:43","guid":{"rendered":"https:\/\/www.hediyepazar.com\/?product=arac-uyumlu-kablosuz-15w-tasinabilir-sarj-aleti-cift-kablo-2"},"modified":"2026-05-05T11:11:43","modified_gmt":"2026-05-05T14:11:43","slug":"arac-uyumlu-kablosuz-15w-tasinabilir-sarj-aleti-cift-kablo-2","status":"publish","type":"product","link":"https:\/\/www.hediyepazar.com\/?product=arac-uyumlu-kablosuz-15w-tasinabilir-sarj-aleti-cift-kablo-2","title":{"rendered":"ara\u00e7 uyumlu Kablosuz 15W Ta\u015f\u0131nabilir \u015earj Aleti \u00c7ift Kablo"},"content":{"rendered":"<p>Magnetik tasar\u0131m\u0131, cihaz\u0131n\u0131z\u0131 kolayca yerle\u015ftirip \u00e7\u0131karabilmenizi sa\u011flar ve 360 derece d\u00f6nebilen ba\u015fl\u0131k sayesinde cihaz\u0131n\u0131z\u0131 istedi\u011finiz a\u00e7\u0131da konumland\u0131rabilirsiniz. Arac\u0131n\u0131z\u0131n havaland\u0131rma \u0131zgaras\u0131na kolayca monte edilen sa\u011flam klipsi sayesinde stabil bir kullan\u0131m sunar. 6.5 cm geni\u015fli\u011fi ve 10 cm uzunlu\u011fu ile kompakt bir boyuta sahiptir ve arac\u0131n\u0131zda fazla yer kaplamaz. \u015e\u0131k ve modern tasar\u0131m\u0131, ara\u00e7 i\u00e7i dekorasyonunuza uyum sa\u011flar.<\/p>\n","protected":false},"excerpt":{"rendered":"<p>Magnetik tasar\u0131m\u0131, cihaz\u0131n\u0131z\u0131 kolayca yerle\u015ftirip \u00e7\u0131karabilmenizi sa\u011flar ve 360 derece d\u00f6nebilen ba\u015fl\u0131k sayesinde cihaz\u0131n\u0131z\u0131 istedi\u011finiz a\u00e7\u0131da konumland\u0131rabilirsiniz. Arac\u0131n\u0131z\u0131n havaland\u0131rma \u0131zgaras\u0131na kolayca monte edilen sa\u011flam klipsi sayesinde stabil bir kullan\u0131m sunar. 6.5 cm geni\u015fli\u011fi ve 10 cm uzunlu\u011fu ile kompakt bir boyuta sahiptir ve arac\u0131n\u0131zda fazla yer kaplamaz. \u015e\u0131k ve modern tasar\u0131m\u0131, ara\u00e7 i\u00e7i dekorasyonunuza uyum&#8230;<\/p>\n","protected":false},"featured_media":113112,"comment_status":"open","ping_status":"closed","template":"","meta":{"_kad_post_transparent":"","_kad_post_title":"","_kad_post_layout":"","_kad_post_sidebar_id":"","_kad_post_content_style":"","_kad_post_vertical_padding":"","_kad_post_feature":"","_kad_post_feature_position":"","_kad_post_header":false,"_kad_post_footer":false,"_kad_post_classname":""},"product_brand":[],"product_cat":[14937],"product_tag":[],"class_list":{"0":"post-113113","1":"product","2":"type-product","3":"status-publish","4":"has-post-thumbnail","6":"product_cat-powerbank-powerbank-2","8":"first","9":"instock","10":"purchasable","11":"product-type-simple","12":"entry","13":"content-bg","14":"loop-entry"},"_links":{"self":[{"href":"https:\/\/www.hediyepazar.com\/index.php?rest_route=\/wp\/v2\/product\/113113","targetHints":{"allow":["GET"]}}],"collection":[{"href":"https:\/\/www.hediyepazar.com\/index.php?rest_route=\/wp\/v2\/product"}],"about":[{"href":"https:\/\/www.hediyepazar.com\/index.php?rest_route=\/wp\/v2\/types\/product"}],"replies":[{"embeddable":true,"href":"https:\/\/www.hediyepazar.com\/index.php?rest_route=%2Fwp%2Fv2%2Fcomments&post=113113"}],"wp:featuredmedia":[{"embeddable":true,"href":"https:\/\/www.hediyepazar.com\/index.php?rest_route=\/wp\/v2\/media\/113112"}],"wp:attachment":[{"href":"https:\/\/www.hediyepazar.com\/index.php?rest_route=%2Fwp%2Fv2%2Fmedia&parent=113113"}],"wp:term":[{"taxonomy":"product_brand","embeddable":true,"href":"https:\/\/www.hediyepazar.com\/index.php?rest_route=%2Fwp%2Fv2%2Fproduct_brand&post=113113"},{"taxonomy":"product_cat","embeddable":true,"href":"https:\/\/www.hediyepazar.com\/index.php?rest_route=%2Fwp%2Fv2%2Fproduct_cat&post=113113"},{"taxonomy":"product_tag","embeddable":true,"href":"https:\/\/www.hediyepazar.com\/index.php?rest_route=%2Fwp%2Fv2%2Fproduct_tag&post=113113"}],"curies":[{"name":"wp","href":"https:\/\/api.w.org\/{rel}","templated":true}]}}