{"id":113139,"date":"2026-05-05T11:13:06","date_gmt":"2026-05-05T14:13:06","guid":{"rendered":"https:\/\/www.hediyepazar.com\/?product=boyun-bantli-bluetooth-kulaklik-anc-ozellikli-kulaklik-ici-2"},"modified":"2026-05-05T11:13:06","modified_gmt":"2026-05-05T14:13:06","slug":"boyun-bantli-bluetooth-kulaklik-anc-ozellikli-kulaklik-ici-2","status":"publish","type":"product","link":"https:\/\/www.hediyepazar.com\/?product=boyun-bantli-bluetooth-kulaklik-anc-ozellikli-kulaklik-ici-2","title":{"rendered":"Boyun Bantl\u0131 Bluetooth Kulakl\u0131k ANC \u00d6zellikli Kulakl\u0131k \u0130\u00e7i"},"content":{"rendered":"<p>Bu Bluetooth kulakl\u0131k, uzun s\u00fcreli kullan\u0131mda bile konforlu bir deneyim sunar. Ergonomik tasar\u0131m\u0131 sayesinde kulaklar\u0131n\u0131z\u0131 rahats\u0131z etmeden saatlerce kullanabilirsiniz. Kulakl\u0131klar\u0131n yumu\u015fak kulak yast\u0131klar\u0131, kula\u011f\u0131n\u0131z\u0131n \u015feklini m\u00fckemmel bir \u015fekilde kavrayarak, d\u0131\u015f etkenlerden izole olman\u0131z\u0131 sa\u011flar. Ayr\u0131ca, Aktif G\u00fcr\u00fclt\u00fc \u00d6nleme (ANC) \u00f6zelli\u011fi, d\u0131\u015f d\u00fcnyadaki g\u00fcr\u00fclt\u00fcy\u00fc etkili bir \u015fekilde engeller, b\u00f6ylece sadece m\u00fczi\u011finize veya \u00e7a\u011fr\u0131lar\u0131n\u0131za odaklanabilirsiniz. G\u00fcr\u00fclt\u00fc engelleme teknolojisi, \u00f6zellikle g\u00fcr\u00fclt\u00fcl\u00fc ortamlarda (toplu ta\u015f\u0131ma, ofis gibi) m\u00fczik dinlerken ya da telefon g\u00f6r\u00fc\u015fmesi yaparken sesin net ve kesintisiz olmas\u0131n\u0131 sa\u011flar. Bu \u00f6zellik, kulakl\u0131\u011f\u0131n performans\u0131n\u0131 art\u0131r\u0131rken, her kullan\u0131mda temiz ve kaliteli ses deneyimi sunar.<\/p>\n","protected":false},"excerpt":{"rendered":"<p>Bu Bluetooth kulakl\u0131k, uzun s\u00fcreli kullan\u0131mda bile konforlu bir deneyim sunar. Ergonomik tasar\u0131m\u0131 sayesinde kulaklar\u0131n\u0131z\u0131 rahats\u0131z etmeden saatlerce kullanabilirsiniz. Kulakl\u0131klar\u0131n yumu\u015fak kulak yast\u0131klar\u0131, kula\u011f\u0131n\u0131z\u0131n \u015feklini m\u00fckemmel bir \u015fekilde kavrayarak, d\u0131\u015f etkenlerden izole olman\u0131z\u0131 sa\u011flar. Ayr\u0131ca, Aktif G\u00fcr\u00fclt\u00fc \u00d6nleme (ANC) \u00f6zelli\u011fi, d\u0131\u015f d\u00fcnyadaki g\u00fcr\u00fclt\u00fcy\u00fc etkili bir \u015fekilde engeller, b\u00f6ylece sadece m\u00fczi\u011finize veya \u00e7a\u011fr\u0131lar\u0131n\u0131za odaklanabilirsiniz. G\u00fcr\u00fclt\u00fc engelleme&#8230;<\/p>\n","protected":false},"featured_media":113138,"comment_status":"open","ping_status":"closed","template":"","meta":{"_kad_post_transparent":"","_kad_post_title":"","_kad_post_layout":"","_kad_post_sidebar_id":"","_kad_post_content_style":"","_kad_post_vertical_padding":"","_kad_post_feature":"","_kad_post_feature_position":"","_kad_post_header":false,"_kad_post_footer":false,"_kad_post_classname":""},"product_brand":[],"product_cat":[14957],"product_tag":[],"class_list":{"0":"post-113139","1":"product","2":"type-product","3":"status-publish","4":"has-post-thumbnail","6":"product_cat-kablosuz-kulaklik-kablosuz-kulaklik","8":"first","9":"instock","10":"purchasable","11":"product-type-simple","12":"entry","13":"content-bg","14":"loop-entry"},"_links":{"self":[{"href":"https:\/\/www.hediyepazar.com\/index.php?rest_route=\/wp\/v2\/product\/113139","targetHints":{"allow":["GET"]}}],"collection":[{"href":"https:\/\/www.hediyepazar.com\/index.php?rest_route=\/wp\/v2\/product"}],"about":[{"href":"https:\/\/www.hediyepazar.com\/index.php?rest_route=\/wp\/v2\/types\/product"}],"replies":[{"embeddable":true,"href":"https:\/\/www.hediyepazar.com\/index.php?rest_route=%2Fwp%2Fv2%2Fcomments&post=113139"}],"wp:featuredmedia":[{"embeddable":true,"href":"https:\/\/www.hediyepazar.com\/index.php?rest_route=\/wp\/v2\/media\/113138"}],"wp:attachment":[{"href":"https:\/\/www.hediyepazar.com\/index.php?rest_route=%2Fwp%2Fv2%2Fmedia&parent=113139"}],"wp:term":[{"taxonomy":"product_brand","embeddable":true,"href":"https:\/\/www.hediyepazar.com\/index.php?rest_route=%2Fwp%2Fv2%2Fproduct_brand&post=113139"},{"taxonomy":"product_cat","embeddable":true,"href":"https:\/\/www.hediyepazar.com\/index.php?rest_route=%2Fwp%2Fv2%2Fproduct_cat&post=113139"},{"taxonomy":"product_tag","embeddable":true,"href":"https:\/\/www.hediyepazar.com\/index.php?rest_route=%2Fwp%2Fv2%2Fproduct_tag&post=113139"}],"curies":[{"name":"wp","href":"https:\/\/api.w.org\/{rel}","templated":true}]}}