{"id":113165,"date":"2026-05-05T11:14:44","date_gmt":"2026-05-05T14:14:44","guid":{"rendered":"https:\/\/www.hediyepazar.com\/?product=sac-duzlestirici-fon-makinesi-iyon-ozellikli-elektriklenme-karsiti-2"},"modified":"2026-05-05T11:14:44","modified_gmt":"2026-05-05T14:14:44","slug":"sac-duzlestirici-fon-makinesi-iyon-ozellikli-elektriklenme-karsiti-2","status":"publish","type":"product","link":"https:\/\/www.hediyepazar.com\/?product=sac-duzlestirici-fon-makinesi-iyon-ozellikli-elektriklenme-karsiti-2","title":{"rendered":"Sa\u00e7 D\u00fczle\u015ftirici F\u00f6n Makinesi \u0130yon \u00d6zellikli Elektriklenme Kar\u015f\u0131t\u0131"},"content":{"rendered":"<p>Sa\u00e7lar\u0131n\u0131z\u0131 d\u00fczle\u015ftirirken zarar vermemek ve do\u011fal parlakl\u0131klar\u0131n\u0131 korumak istiyorsan\u0131z, seramik plaka teknolojisi ile donat\u0131lm\u0131\u015f bu sa\u00e7 d\u00fczle\u015ftirici tam size g\u00f6re! Plaka tasar\u0131m\u0131, sa\u00e7lar\u0131n\u0131za e\u015fit \u0131s\u0131 da\u011f\u0131l\u0131m\u0131 yaparak p\u00fcr\u00fczs\u00fcz bir sonu\u00e7 elde etmenizi sa\u011flar. Elektriklenmeyi engeller ve sa\u00e7\u0131 yumu\u015fatarak daha az hasarla \u015fekillendirmenizi sa\u011flar.2 Y\u0131l Garantili G\u00fcvenli Kullan\u0131m2 y\u0131l ithalat\u00e7\u0131 garantisi ile g\u00fcvenilir kullan\u0131m sunar. Olas\u0131 bir sorun durumunda endi\u015felenmenize gerek yoktur, sat\u0131\u015f sonras\u0131 destek ile her zaman \u00e7\u00f6z\u00fcm bulabilirsiniz.E\u015fit Is\u0131 Da\u011f\u0131l\u0131m\u0131 ile Kolay \u015eekillendirmePlaka tipi tasar\u0131m\u0131 sayesinde, sa\u00e7lar\u0131n\u0131za e\u015fit \u0131s\u0131 da\u011f\u0131larak istedi\u011finiz stili kolayca yaratman\u0131za olanak tan\u0131r. Sa\u00e7lar\u0131n\u0131z\u0131n her yerine ayn\u0131 \u0131s\u0131y\u0131 uygulayarak m\u00fckemmel bir sonu\u00e7 elde edebilirsiniz.\u0130yon Teknolojisi ile Sa\u00e7\u0131n\u0131z\u0131 Koruyun\u0130yon \u00f6zelli\u011fi, d\u00fczle\u015ftirme i\u015flemi s\u0131ras\u0131nda sa\u00e7lar\u0131n\u0131za ekstra yumu\u015fakl\u0131k kazand\u0131r\u0131rken elektriklenmeyi de engeller. B\u00f6ylece sa\u00e7\u0131 yumu\u015fak ve parlak tutarak sa\u011fl\u0131kl\u0131 bir g\u00f6r\u00fcn\u00fcm sa\u011flar.200 Dereceye Kadar S\u0131cakl\u0131k Ayar\u0131 ile \u0130deal Sonu\u00e7200 derece s\u0131cakl\u0131k ayar\u0131 ile sa\u00e7 tipinize uygun s\u0131cakl\u0131k seviyesini se\u00e7ebilirsiniz. Diledi\u011finiz stili rahat\u00e7a yarat\u0131rken, sa\u00e7lar\u0131n\u0131za zarar vermeden m\u00fckemmel bir sonu\u00e7 elde edersiniz.<\/p>\n","protected":false},"excerpt":{"rendered":"<p>Sa\u00e7lar\u0131n\u0131z\u0131 d\u00fczle\u015ftirirken zarar vermemek ve do\u011fal parlakl\u0131klar\u0131n\u0131 korumak istiyorsan\u0131z, seramik plaka teknolojisi ile donat\u0131lm\u0131\u015f bu sa\u00e7 d\u00fczle\u015ftirici tam size g\u00f6re! Plaka tasar\u0131m\u0131, sa\u00e7lar\u0131n\u0131za e\u015fit \u0131s\u0131 da\u011f\u0131l\u0131m\u0131 yaparak p\u00fcr\u00fczs\u00fcz bir sonu\u00e7 elde etmenizi sa\u011flar. Elektriklenmeyi engeller ve sa\u00e7\u0131 yumu\u015fatarak daha az hasarla \u015fekillendirmenizi sa\u011flar.2 Y\u0131l Garantili G\u00fcvenli Kullan\u0131m2 y\u0131l ithalat\u00e7\u0131 garantisi ile g\u00fcvenilir kullan\u0131m sunar. Olas\u0131&#8230;<\/p>\n","protected":false},"featured_media":113164,"comment_status":"open","ping_status":"closed","template":"","meta":{"_kad_post_transparent":"","_kad_post_title":"","_kad_post_layout":"","_kad_post_sidebar_id":"","_kad_post_content_style":"","_kad_post_vertical_padding":"","_kad_post_feature":"","_kad_post_feature_position":"","_kad_post_header":false,"_kad_post_footer":false,"_kad_post_classname":""},"product_brand":[],"product_cat":[14907],"product_tag":[],"class_list":{"0":"post-113165","1":"product","2":"type-product","3":"status-publish","4":"has-post-thumbnail","6":"product_cat-sac-masasi-sac-masasi","8":"first","9":"instock","10":"purchasable","11":"product-type-simple","12":"entry","13":"content-bg","14":"loop-entry"},"_links":{"self":[{"href":"https:\/\/www.hediyepazar.com\/index.php?rest_route=\/wp\/v2\/product\/113165","targetHints":{"allow":["GET"]}}],"collection":[{"href":"https:\/\/www.hediyepazar.com\/index.php?rest_route=\/wp\/v2\/product"}],"about":[{"href":"https:\/\/www.hediyepazar.com\/index.php?rest_route=\/wp\/v2\/types\/product"}],"replies":[{"embeddable":true,"href":"https:\/\/www.hediyepazar.com\/index.php?rest_route=%2Fwp%2Fv2%2Fcomments&post=113165"}],"wp:featuredmedia":[{"embeddable":true,"href":"https:\/\/www.hediyepazar.com\/index.php?rest_route=\/wp\/v2\/media\/113164"}],"wp:attachment":[{"href":"https:\/\/www.hediyepazar.com\/index.php?rest_route=%2Fwp%2Fv2%2Fmedia&parent=113165"}],"wp:term":[{"taxonomy":"product_brand","embeddable":true,"href":"https:\/\/www.hediyepazar.com\/index.php?rest_route=%2Fwp%2Fv2%2Fproduct_brand&post=113165"},{"taxonomy":"product_cat","embeddable":true,"href":"https:\/\/www.hediyepazar.com\/index.php?rest_route=%2Fwp%2Fv2%2Fproduct_cat&post=113165"},{"taxonomy":"product_tag","embeddable":true,"href":"https:\/\/www.hediyepazar.com\/index.php?rest_route=%2Fwp%2Fv2%2Fproduct_tag&post=113165"}],"curies":[{"name":"wp","href":"https:\/\/api.w.org\/{rel}","templated":true}]}}