{"id":113201,"date":"2026-05-05T11:17:22","date_gmt":"2026-05-05T14:17:22","guid":{"rendered":"https:\/\/www.hediyepazar.com\/?product=bluetooth-kulaklik-kablosuz-ekranli-anc-enc-destekli-dokunmatik-2"},"modified":"2026-05-05T11:17:22","modified_gmt":"2026-05-05T14:17:22","slug":"bluetooth-kulaklik-kablosuz-ekranli-anc-enc-destekli-dokunmatik-2","status":"publish","type":"product","link":"https:\/\/www.hediyepazar.com\/?product=bluetooth-kulaklik-kablosuz-ekranli-anc-enc-destekli-dokunmatik-2","title":{"rendered":"Bluetooth Kulakl\u0131k Kablosuz Ekranl\u0131 ANC\/ENC Destekli Dokunmatik"},"content":{"rendered":"<p>Aktif G\u00fcr\u00fclt\u00fc Engelleme (ANC) teknolojisine sahip bu kablosuz kulakl\u0131k, d\u0131\u015f sesleri etkili bir \u015fekilde izole ederek tamamen m\u00fczi\u011fe odaklanman\u0131z\u0131 sa\u011flar. G\u00fcr\u00fclt\u00fcs\u00fcz bir ortamda aramalar\u0131n\u0131z\u0131 ger\u00e7ekle\u015ftirirken, sevdi\u011finiz \u015fark\u0131lar\u0131n keyfini en \u00fcst d\u00fczeyde ya\u015fay\u0131n.\u015earj Durumunu G\u00f6steren Dijital EkranKulakl\u0131\u011f\u0131n \u015farj durumu ve ba\u011flant\u0131 bilgilerini kolayca takip edebilmeniz i\u00e7in tasarlanan dijital ekran, kullan\u0131c\u0131 dostu bir deneyim sunar. \u015earj\u0131n\u0131z\u0131n durumunu her an kontrol alt\u0131nda tutabilir, kesintisiz bir kullan\u0131m\u0131n keyfini s\u00fcrebilirsiniz.Dokunmatik Kontroller ile Pratik Kullan\u0131mKulakl\u0131k \u00fczerinde yer alan dokunmatik sens\u00f6rler sayesinde m\u00fczi\u011finizi durdurmak, par\u00e7a de\u011fi\u015ftirmek veya gelen aramalar\u0131 cevaplamak son derece kolay. D\u00fc\u011fmelere ihtiya\u00e7 duymadan t\u00fcm kontroller parmaklar\u0131n\u0131z\u0131n ucunda.Kesintisiz Ba\u011flant\u0131 Sunan Bluetooth TeknolojisiGeli\u015fmi\u015f Bluetooth teknolojisi ile cihazlar\u0131n\u0131za h\u0131zl\u0131 ve g\u00fcvenilir bir \u015fekilde ba\u011flanabilirsiniz. Geni\u015f ba\u011flant\u0131 menzili sayesinde hareket \u00f6zg\u00fcrl\u00fc\u011f\u00fcn\u00fcz\u00fc art\u0131r\u0131rken, kesintisiz bir ses deneyimi ya\u015fars\u0131n\u0131z.\u00dcst\u00fcn Ses Kalitesiyle M\u00fczik KeyfiNet ve dengeli ses \u00e7\u0131k\u0131\u015f\u0131, g\u00fc\u00e7l\u00fc baslar ve detayl\u0131 tizler ile favori \u015fark\u0131lar\u0131n\u0131z\u0131 hi\u00e7 olmad\u0131\u011f\u0131 kadar kaliteli bir \u015fekilde dinleyebilirsiniz. Her notay\u0131 hissedin, her ayr\u0131nt\u0131y\u0131 duyun.G\u00fcn Boyu S\u00fcren Pil Performans\u0131Uzun pil \u00f6mr\u00fc sayesinde, bu kulakl\u0131k g\u00fcn boyu sizinle. \u0130ster i\u015f g\u00f6r\u00fc\u015fmeleri, ister m\u00fczik dinleme, ister telefon aramalar\u0131 i\u00e7in kullan\u0131n; enerji bitirme derdi olmadan g\u00fcn\u00fcn\u00fcz\u00fc tamamlayabilirsiniz.Ergonomik ve \u015e\u0131k Tasar\u0131mKulaklar\u0131n\u0131za m\u00fckemmel bir uyum sa\u011flayan ergonomik tasar\u0131m\u0131, uzun s\u00fcreli kullan\u0131mlarda bile maksimum konfor sunar. Hafif ve \u015f\u0131k g\u00f6r\u00fcn\u00fcm\u00fc ile bu kulakl\u0131k, hem i\u015flevsellik hem de stil a\u00e7\u0131s\u0131ndan beklentilerinizi kar\u015f\u0131lar.Bu ANC teknolojili kablosuz kulakl\u0131k, hem i\u015f hem de e\u011flence i\u00e7in m\u00fckemmel bir se\u00e7enektir. Y\u00fcksek ses kalitesi ve modern \u00f6zellikleriyle hayat\u0131n\u0131za konfor kat\u0131n!<\/p>\n","protected":false},"excerpt":{"rendered":"<p>Aktif G\u00fcr\u00fclt\u00fc Engelleme (ANC) teknolojisine sahip bu kablosuz kulakl\u0131k, d\u0131\u015f sesleri etkili bir \u015fekilde izole ederek tamamen m\u00fczi\u011fe odaklanman\u0131z\u0131 sa\u011flar. G\u00fcr\u00fclt\u00fcs\u00fcz bir ortamda aramalar\u0131n\u0131z\u0131 ger\u00e7ekle\u015ftirirken, sevdi\u011finiz \u015fark\u0131lar\u0131n keyfini en \u00fcst d\u00fczeyde ya\u015fay\u0131n.\u015earj Durumunu G\u00f6steren Dijital EkranKulakl\u0131\u011f\u0131n \u015farj durumu ve ba\u011flant\u0131 bilgilerini kolayca takip edebilmeniz i\u00e7in tasarlanan dijital ekran, kullan\u0131c\u0131 dostu bir deneyim sunar. \u015earj\u0131n\u0131z\u0131n durumunu&#8230;<\/p>\n","protected":false},"featured_media":113200,"comment_status":"open","ping_status":"closed","template":"","meta":{"_kad_post_transparent":"","_kad_post_title":"","_kad_post_layout":"","_kad_post_sidebar_id":"","_kad_post_content_style":"","_kad_post_vertical_padding":"","_kad_post_feature":"","_kad_post_feature_position":"","_kad_post_header":false,"_kad_post_footer":false,"_kad_post_classname":""},"product_brand":[],"product_cat":[14957],"product_tag":[],"class_list":{"0":"post-113201","1":"product","2":"type-product","3":"status-publish","4":"has-post-thumbnail","6":"product_cat-kablosuz-kulaklik-kablosuz-kulaklik","8":"first","9":"instock","10":"purchasable","11":"product-type-simple","12":"entry","13":"content-bg","14":"loop-entry"},"_links":{"self":[{"href":"https:\/\/www.hediyepazar.com\/index.php?rest_route=\/wp\/v2\/product\/113201","targetHints":{"allow":["GET"]}}],"collection":[{"href":"https:\/\/www.hediyepazar.com\/index.php?rest_route=\/wp\/v2\/product"}],"about":[{"href":"https:\/\/www.hediyepazar.com\/index.php?rest_route=\/wp\/v2\/types\/product"}],"replies":[{"embeddable":true,"href":"https:\/\/www.hediyepazar.com\/index.php?rest_route=%2Fwp%2Fv2%2Fcomments&post=113201"}],"wp:featuredmedia":[{"embeddable":true,"href":"https:\/\/www.hediyepazar.com\/index.php?rest_route=\/wp\/v2\/media\/113200"}],"wp:attachment":[{"href":"https:\/\/www.hediyepazar.com\/index.php?rest_route=%2Fwp%2Fv2%2Fmedia&parent=113201"}],"wp:term":[{"taxonomy":"product_brand","embeddable":true,"href":"https:\/\/www.hediyepazar.com\/index.php?rest_route=%2Fwp%2Fv2%2Fproduct_brand&post=113201"},{"taxonomy":"product_cat","embeddable":true,"href":"https:\/\/www.hediyepazar.com\/index.php?rest_route=%2Fwp%2Fv2%2Fproduct_cat&post=113201"},{"taxonomy":"product_tag","embeddable":true,"href":"https:\/\/www.hediyepazar.com\/index.php?rest_route=%2Fwp%2Fv2%2Fproduct_tag&post=113201"}],"curies":[{"name":"wp","href":"https:\/\/api.w.org\/{rel}","templated":true}]}}