{"id":113207,"date":"2026-05-05T11:17:51","date_gmt":"2026-05-05T14:17:51","guid":{"rendered":"https:\/\/www.hediyepazar.com\/?product=game-stick-oyun-konsolu-520-oyunlu-retro-oyunlu-led-ekran"},"modified":"2026-05-05T11:17:51","modified_gmt":"2026-05-05T14:17:51","slug":"game-stick-oyun-konsolu-520-oyunlu-retro-oyunlu-led-ekran","status":"publish","type":"product","link":"https:\/\/www.hediyepazar.com\/?product=game-stick-oyun-konsolu-520-oyunlu-retro-oyunlu-led-ekran","title":{"rendered":"Game Stick Oyun Konsolu 520 Oyunlu Retro Oyunlu Led Ekran"},"content":{"rendered":"<p>520 klasik oyunu tek bir cihazda toplayan P5\u2122 ControllerView Retro Konsol, oyun tutkunlar\u0131n\u0131 zamanda bir yolculu\u011fa \u00e7\u0131kar\u0131yor. Unutulmaz oyun an\u0131lar\u0131n\u0131 yeniden ya\u015famak veya retro oyun k\u00fclt\u00fcr\u00fcyle tan\u0131\u015fmak isteyenler i\u00e7in tasarlanm\u0131\u015f bu konsol, oyun d\u00fcnyas\u0131n\u0131n en sevilen d\u00f6nemlerini parmaklar\u0131n\u0131z\u0131n ucuna getiriyor.Y\u00fcksek Kapasiteli Batarya ile Kesintisiz Oyun DeneyimiYeniden \u015farj edilebilir bataryas\u0131 sayesinde, uzun s\u00fcreli oyun oturumlar\u0131 s\u0131ras\u0131nda pil bitme endi\u015fesi ya\u015famazs\u0131n\u0131z. Her \u015farjda saatlerce oyun oynama imkan\u0131 sunan bu \u00f6zellik, e\u011flenceyi yar\u0131da kesmeden devam etmenizi sa\u011flar.Ergonomik ve Kullan\u0131c\u0131 Dostu Tasar\u0131mKullan\u0131c\u0131 konforu \u00f6n planda tutularak tasarlanan bu konsol, uzun s\u00fcreli oyun oturumlar\u0131nda dahi rahat bir kullan\u0131m sunar. Ele tam oturan yap\u0131s\u0131 ve kolay tu\u015f dizilimi ile her ya\u015ftan kullan\u0131c\u0131 i\u00e7in ideal bir oyun deneyimi sa\u011flar.B\u00fcy\u00fck Ekranda Retro Heyecan\u0131AV giri\u015f kablo deste\u011fi, klasik oyunlar\u0131 televizyon ekran\u0131na yans\u0131tman\u0131za imkan tan\u0131r. B\u00fcy\u00fck ekran keyfiyle nostalji dolu oyun anlar\u0131n\u0131 sevdiklerinizle payla\u015fabilir ve evde e\u011flenceyi yeniden tan\u0131mlayabilirsiniz.Klasiklerden Olu\u015fan Zengin Oyun K\u00fct\u00fcphanesiHer biri oyun d\u00fcnyas\u0131n\u0131n ikonik yap\u0131mlar\u0131 aras\u0131nda yer alan 520 farkl\u0131 oyun, bu cihaz\u0131n i\u00e7inde sizi bekliyor. Aksiyon, bulmaca, platform ve daha bir\u00e7ok t\u00fcrdeki oyunlar, retro oyunlar\u0131n b\u00fcy\u00fcleyici d\u00fcnyas\u0131na ad\u0131m atman\u0131z\u0131 sa\u011flar.P5\u2122 ControllerView Retro Konsol, hem nostalji severler hem de yeni deneyimlere a\u00e7\u0131k oyuncular i\u00e7in e\u015fsiz bir f\u0131rsat sunuyor. \u015eimdi sipari\u015f edin ve oyun d\u00fcnyas\u0131n\u0131n ge\u00e7mi\u015fine do\u011fru heyecan verici bir yolculu\u011fa \u00e7\u0131k\u0131n!4o<\/p>\n","protected":false},"excerpt":{"rendered":"<p>520 klasik oyunu tek bir cihazda toplayan P5\u2122 ControllerView Retro Konsol, oyun tutkunlar\u0131n\u0131 zamanda bir yolculu\u011fa \u00e7\u0131kar\u0131yor. Unutulmaz oyun an\u0131lar\u0131n\u0131 yeniden ya\u015famak veya retro oyun k\u00fclt\u00fcr\u00fcyle tan\u0131\u015fmak isteyenler i\u00e7in tasarlanm\u0131\u015f bu konsol, oyun d\u00fcnyas\u0131n\u0131n en sevilen d\u00f6nemlerini parmaklar\u0131n\u0131z\u0131n ucuna getiriyor.Y\u00fcksek Kapasiteli Batarya ile Kesintisiz Oyun DeneyimiYeniden \u015farj edilebilir bataryas\u0131 sayesinde, uzun s\u00fcreli oyun oturumlar\u0131 s\u0131ras\u0131nda&#8230;<\/p>\n","protected":false},"featured_media":113206,"comment_status":"open","ping_status":"closed","template":"","meta":{"_kad_post_transparent":"","_kad_post_title":"","_kad_post_layout":"","_kad_post_sidebar_id":"","_kad_post_content_style":"","_kad_post_vertical_padding":"","_kad_post_feature":"","_kad_post_feature_position":"","_kad_post_header":false,"_kad_post_footer":false,"_kad_post_classname":""},"product_brand":[],"product_cat":[14961],"product_tag":[],"class_list":{"0":"post-113207","1":"product","2":"type-product","3":"status-publish","4":"has-post-thumbnail","6":"product_cat-oyun-konsolu-oyun-konsolu","8":"first","9":"instock","10":"purchasable","11":"product-type-simple","12":"entry","13":"content-bg","14":"loop-entry"},"_links":{"self":[{"href":"https:\/\/www.hediyepazar.com\/index.php?rest_route=\/wp\/v2\/product\/113207","targetHints":{"allow":["GET"]}}],"collection":[{"href":"https:\/\/www.hediyepazar.com\/index.php?rest_route=\/wp\/v2\/product"}],"about":[{"href":"https:\/\/www.hediyepazar.com\/index.php?rest_route=\/wp\/v2\/types\/product"}],"replies":[{"embeddable":true,"href":"https:\/\/www.hediyepazar.com\/index.php?rest_route=%2Fwp%2Fv2%2Fcomments&post=113207"}],"wp:featuredmedia":[{"embeddable":true,"href":"https:\/\/www.hediyepazar.com\/index.php?rest_route=\/wp\/v2\/media\/113206"}],"wp:attachment":[{"href":"https:\/\/www.hediyepazar.com\/index.php?rest_route=%2Fwp%2Fv2%2Fmedia&parent=113207"}],"wp:term":[{"taxonomy":"product_brand","embeddable":true,"href":"https:\/\/www.hediyepazar.com\/index.php?rest_route=%2Fwp%2Fv2%2Fproduct_brand&post=113207"},{"taxonomy":"product_cat","embeddable":true,"href":"https:\/\/www.hediyepazar.com\/index.php?rest_route=%2Fwp%2Fv2%2Fproduct_cat&post=113207"},{"taxonomy":"product_tag","embeddable":true,"href":"https:\/\/www.hediyepazar.com\/index.php?rest_route=%2Fwp%2Fv2%2Fproduct_tag&post=113207"}],"curies":[{"name":"wp","href":"https:\/\/api.w.org\/{rel}","templated":true}]}}