{"id":113271,"date":"2026-05-05T11:23:24","date_gmt":"2026-05-05T14:23:24","guid":{"rendered":"https:\/\/www.hediyepazar.com\/?product=kulak-burun-temizleyici-tiras-makinesi-mini-seyahat-tipi-2"},"modified":"2026-05-05T11:23:24","modified_gmt":"2026-05-05T14:23:24","slug":"kulak-burun-temizleyici-tiras-makinesi-mini-seyahat-tipi-2","status":"publish","type":"product","link":"https:\/\/www.hediyepazar.com\/?product=kulak-burun-temizleyici-tiras-makinesi-mini-seyahat-tipi-2","title":{"rendered":"Kulak Burun Temizleyici T\u0131ra\u015f Makinesi Mini Seyahat Tipi"},"content":{"rendered":"<p>Bu kablosuz ve ta\u015f\u0131nabilir blender, i\u00e7ecek haz\u0131rlama deneyiminizi yeniden tan\u0131ml\u0131yor! G\u0131da s\u0131n\u0131f\u0131 ve toksik olmayan malzemelerden \u00fcretilmi\u015f olup, hem \u00e7evre dostu hem de g\u00fcvenli bir kullan\u0131m sunar. Hafif ve kompakt tasar\u0131m\u0131 sayesinde mutfakta, ofiste veya hareket halindeyken rahat\u00e7a kullan\u0131labilir. Mini boyutu, pratik kullan\u0131m sa\u011flar ve i\u00e7ecek kab\u0131 g\u00f6revi g\u00f6rerek her yerde taze i\u00e7ecekler haz\u0131rlaman\u0131za olanak tan\u0131r. E\u015fsiz g\u00fcvenlik tasar\u0131m\u0131, yinelenen koruma sa\u011flayarak keyifli bir kullan\u0131m sunarken, sa\u011fl\u0131\u011f\u0131n\u0131z\u0131 \u00f6n planda tutar.1200mAh dahili \u015farj edilebilir pil, tam \u015farjla 10 defaya kadar kullan\u0131m imkan\u0131 sunar. USB ba\u011flant\u0131s\u0131 sayesinde cep telefonu, g\u00fc\u00e7 bankas\u0131 veya di\u011fer dijital cihazlarla kolayca \u015farj edilebilir. Portakal, nar, elma, \u00fcz\u00fcm veya karpuz gibi meyvelerden taze s\u0131k\u0131lm\u0131\u015f meyve sular\u0131 haz\u0131rlamak art\u0131k \u00e7ok kolay! \u015e\u0131k pembe ve beyaz renk se\u00e7enekleri ile bu blender, hem fonksiyonel hem de estetik bir \u00e7\u00f6z\u00fcm sunar. \u00dcr\u00fcn boyutlar\u0131 7,5 x 7,5 x 21 cm&#8217;dir, bu da kolay ta\u015f\u0131ma ve saklama imkan\u0131 tan\u0131r.<\/p>\n","protected":false},"excerpt":{"rendered":"<p>Bu kablosuz ve ta\u015f\u0131nabilir blender, i\u00e7ecek haz\u0131rlama deneyiminizi yeniden tan\u0131ml\u0131yor! G\u0131da s\u0131n\u0131f\u0131 ve toksik olmayan malzemelerden \u00fcretilmi\u015f olup, hem \u00e7evre dostu hem de g\u00fcvenli bir kullan\u0131m sunar. Hafif ve kompakt tasar\u0131m\u0131 sayesinde mutfakta, ofiste veya hareket halindeyken rahat\u00e7a kullan\u0131labilir. Mini boyutu, pratik kullan\u0131m sa\u011flar ve i\u00e7ecek kab\u0131 g\u00f6revi g\u00f6rerek her yerde taze i\u00e7ecekler haz\u0131rlaman\u0131za olanak&#8230;<\/p>\n","protected":false},"featured_media":113270,"comment_status":"open","ping_status":"closed","template":"","meta":{"_kad_post_transparent":"","_kad_post_title":"","_kad_post_layout":"","_kad_post_sidebar_id":"","_kad_post_content_style":"","_kad_post_vertical_padding":"","_kad_post_feature":"","_kad_post_feature_position":"","_kad_post_header":false,"_kad_post_footer":false,"_kad_post_classname":""},"product_brand":[],"product_cat":[14925],"product_tag":[],"class_list":{"0":"post-113271","1":"product","2":"type-product","3":"status-publish","4":"has-post-thumbnail","6":"product_cat-tiras-makinesi-tiras-makinesi","8":"first","9":"instock","10":"purchasable","11":"product-type-simple","12":"entry","13":"content-bg","14":"loop-entry"},"_links":{"self":[{"href":"https:\/\/www.hediyepazar.com\/index.php?rest_route=\/wp\/v2\/product\/113271","targetHints":{"allow":["GET"]}}],"collection":[{"href":"https:\/\/www.hediyepazar.com\/index.php?rest_route=\/wp\/v2\/product"}],"about":[{"href":"https:\/\/www.hediyepazar.com\/index.php?rest_route=\/wp\/v2\/types\/product"}],"replies":[{"embeddable":true,"href":"https:\/\/www.hediyepazar.com\/index.php?rest_route=%2Fwp%2Fv2%2Fcomments&post=113271"}],"wp:featuredmedia":[{"embeddable":true,"href":"https:\/\/www.hediyepazar.com\/index.php?rest_route=\/wp\/v2\/media\/113270"}],"wp:attachment":[{"href":"https:\/\/www.hediyepazar.com\/index.php?rest_route=%2Fwp%2Fv2%2Fmedia&parent=113271"}],"wp:term":[{"taxonomy":"product_brand","embeddable":true,"href":"https:\/\/www.hediyepazar.com\/index.php?rest_route=%2Fwp%2Fv2%2Fproduct_brand&post=113271"},{"taxonomy":"product_cat","embeddable":true,"href":"https:\/\/www.hediyepazar.com\/index.php?rest_route=%2Fwp%2Fv2%2Fproduct_cat&post=113271"},{"taxonomy":"product_tag","embeddable":true,"href":"https:\/\/www.hediyepazar.com\/index.php?rest_route=%2Fwp%2Fv2%2Fproduct_tag&post=113271"}],"curies":[{"name":"wp","href":"https:\/\/api.w.org\/{rel}","templated":true}]}}