{"id":113279,"date":"2026-05-05T11:24:00","date_gmt":"2026-05-05T14:24:00","guid":{"rendered":"https:\/\/www.hediyepazar.com\/?product=astronot-bluetooth-hoparlor-gokyuzu-projektor-gece-lambasi-2"},"modified":"2026-05-05T11:24:00","modified_gmt":"2026-05-05T14:24:00","slug":"astronot-bluetooth-hoparlor-gokyuzu-projektor-gece-lambasi-2","status":"publish","type":"product","link":"https:\/\/www.hediyepazar.com\/?product=astronot-bluetooth-hoparlor-gokyuzu-projektor-gece-lambasi-2","title":{"rendered":"Astronot Bluetooth Hoparl\u00f6r G\u00f6ky\u00fcz\u00fc Projekt\u00f6r Gece Lambas\u0131"},"content":{"rendered":"<p>Astronot Projeksiyon Lambas\u0131 ile geceyi b\u00fcy\u00fcleyici bir g\u00f6rsel \u015f\u00f6lene d\u00f6n\u00fc\u015ft\u00fcr\u00fcn. Bluetooth \u00f6zelli\u011fi sayesinde telefonunuza ba\u011flanarak diledi\u011finiz m\u00fczikleri dinleyebilirsiniz. Bunun yan\u0131 s\u0131ra, cihaz\u0131n i\u00e7indeki ku\u015f c\u0131v\u0131lt\u0131lar\u0131, dalga sesleri, \u015f\u00f6mine ate\u015fi ve uyku m\u00fczikleri gibi yerle\u015fik sesler, huzurlu bir atmosfer yaratman\u0131za olanak tan\u0131r. Nebula, y\u0131ld\u0131z ve ay projeksiyonlar\u0131, h\u0131z ve parlakl\u0131k ayarlar\u0131 ile ki\u015fiselle\u015ftirilebilir ve hem birlikte hem de ayr\u0131 ayr\u0131 kullan\u0131labilir.Projeksiyon a\u00e7\u0131s\u0131n\u0131 iste\u011finize g\u00f6re ayarlayarak odan\u0131z\u0131n farkl\u0131 b\u00f6lgelerine y\u00f6nlendirebilirsiniz. Zamanlama modlar\u0131 (45 dakika ve 90 dakika) ile cihaz\u0131 istedi\u011finiz s\u00fcre boyunca \u00e7al\u0131\u015ft\u0131rabilir, enerji tasarrufu sa\u011flayabilirsiniz. USB g\u00fc\u00e7 kayna\u011f\u0131na ba\u011fl\u0131 olarak \u00e7al\u0131\u015fan bu lamba, hem dayan\u0131kl\u0131 hem de \u00e7evre dostu bir tasar\u0131ma sahiptir. Paket i\u00e7eri\u011finde astronot projeksiyon lambas\u0131, bir taban, USB g\u00fc\u00e7 kablosu, \u0130ngilizce kullan\u0131m k\u0131lavuzu ve uzaktan kumanda bulunmaktad\u0131r (piller dahil de\u011fildir). Bu \u00e7ok y\u00f6nl\u00fc cihaz, hem dekorasyon hem de fonksiyonel bir ayd\u0131nlatma \u00e7\u00f6z\u00fcm\u00fc arayanlar i\u00e7in idealdir.<\/p>\n","protected":false},"excerpt":{"rendered":"<p>Astronot Projeksiyon Lambas\u0131 ile geceyi b\u00fcy\u00fcleyici bir g\u00f6rsel \u015f\u00f6lene d\u00f6n\u00fc\u015ft\u00fcr\u00fcn. Bluetooth \u00f6zelli\u011fi sayesinde telefonunuza ba\u011flanarak diledi\u011finiz m\u00fczikleri dinleyebilirsiniz. Bunun yan\u0131 s\u0131ra, cihaz\u0131n i\u00e7indeki ku\u015f c\u0131v\u0131lt\u0131lar\u0131, dalga sesleri, \u015f\u00f6mine ate\u015fi ve uyku m\u00fczikleri gibi yerle\u015fik sesler, huzurlu bir atmosfer yaratman\u0131za olanak tan\u0131r. Nebula, y\u0131ld\u0131z ve ay projeksiyonlar\u0131, h\u0131z ve parlakl\u0131k ayarlar\u0131 ile ki\u015fiselle\u015ftirilebilir ve hem birlikte&#8230;<\/p>\n","protected":false},"featured_media":113278,"comment_status":"open","ping_status":"closed","template":"","meta":{"_kad_post_transparent":"","_kad_post_title":"","_kad_post_layout":"","_kad_post_sidebar_id":"","_kad_post_content_style":"","_kad_post_vertical_padding":"","_kad_post_feature":"","_kad_post_feature_position":"","_kad_post_header":false,"_kad_post_footer":false,"_kad_post_classname":""},"product_brand":[],"product_cat":[14911],"product_tag":[],"class_list":{"0":"post-113279","1":"product","2":"type-product","3":"status-publish","4":"has-post-thumbnail","6":"product_cat-kablosuz-hoparlor-kablosuz-hoparlor","8":"first","9":"instock","10":"purchasable","11":"product-type-simple","12":"entry","13":"content-bg","14":"loop-entry"},"_links":{"self":[{"href":"https:\/\/www.hediyepazar.com\/index.php?rest_route=\/wp\/v2\/product\/113279","targetHints":{"allow":["GET"]}}],"collection":[{"href":"https:\/\/www.hediyepazar.com\/index.php?rest_route=\/wp\/v2\/product"}],"about":[{"href":"https:\/\/www.hediyepazar.com\/index.php?rest_route=\/wp\/v2\/types\/product"}],"replies":[{"embeddable":true,"href":"https:\/\/www.hediyepazar.com\/index.php?rest_route=%2Fwp%2Fv2%2Fcomments&post=113279"}],"wp:featuredmedia":[{"embeddable":true,"href":"https:\/\/www.hediyepazar.com\/index.php?rest_route=\/wp\/v2\/media\/113278"}],"wp:attachment":[{"href":"https:\/\/www.hediyepazar.com\/index.php?rest_route=%2Fwp%2Fv2%2Fmedia&parent=113279"}],"wp:term":[{"taxonomy":"product_brand","embeddable":true,"href":"https:\/\/www.hediyepazar.com\/index.php?rest_route=%2Fwp%2Fv2%2Fproduct_brand&post=113279"},{"taxonomy":"product_cat","embeddable":true,"href":"https:\/\/www.hediyepazar.com\/index.php?rest_route=%2Fwp%2Fv2%2Fproduct_cat&post=113279"},{"taxonomy":"product_tag","embeddable":true,"href":"https:\/\/www.hediyepazar.com\/index.php?rest_route=%2Fwp%2Fv2%2Fproduct_tag&post=113279"}],"curies":[{"name":"wp","href":"https:\/\/api.w.org\/{rel}","templated":true}]}}