{"id":113287,"date":"2026-05-05T11:24:46","date_gmt":"2026-05-05T14:24:46","guid":{"rendered":"https:\/\/www.hediyepazar.com\/?product=projeksiyon-cihazi-film-dizi-oyun-wifi-destekli-2"},"modified":"2026-05-05T11:24:46","modified_gmt":"2026-05-05T14:24:46","slug":"projeksiyon-cihazi-film-dizi-oyun-wifi-destekli-2","status":"publish","type":"product","link":"https:\/\/www.hediyepazar.com\/?product=projeksiyon-cihazi-film-dizi-oyun-wifi-destekli-2","title":{"rendered":"Projeksiyon Cihaz\u0131 Film Dizi Oyun Wifi Destekli"},"content":{"rendered":"<p>Teknolojiyi her yere ta\u015f\u0131yan bu projekt\u00f6r, 64GB dahili depolama kapasitesi ile geni\u015f bir medya k\u00fct\u00fcphanesi olu\u015fturman\u0131za olanak tan\u0131r. M\u00fczik, video ve foto\u011fraflar\u0131n\u0131z\u0131 bir arada saklayarak favori i\u00e7eriklerinize her an eri\u015fim sa\u011flar. 2GB RAM ile desteklenen sistem, uygulamalar aras\u0131nda h\u0131zl\u0131 ge\u00e7i\u015f yaparken veya videolar\u0131 kesintisiz oynat\u0131rken sorunsuz bir performans sunar. Y\u00fcksek \u00e7\u00f6z\u00fcn\u00fcrl\u00fckl\u00fc 720p HD g\u00f6r\u00fcnt\u00fc kalitesi, hem film izleme hem de profesyonel sunumlar s\u0131ras\u0131nda net ve canl\u0131 g\u00f6rseller sa\u011flar. Uzaktan kumanda \u00f6zelli\u011fi sayesinde cihaz\u0131 rahatl\u0131kla kontrol edebilir, \u00f6zg\u00fcrce hareket ederken projekt\u00f6r\u00fcn\u00fcz\u00fcn keyfini \u00e7\u0131karabilirsiniz. Hafif ve kompakt yap\u0131s\u0131yla dikkat \u00e7eken cihaz, evde, i\u015fte ya da a\u00e7\u0131k havada kullan\u0131labilecek \u00e7ok y\u00f6nl\u00fc bir \u00e7\u00f6z\u00fcm sunar.&nbsp;<\/p>\n","protected":false},"excerpt":{"rendered":"<p>Teknolojiyi her yere ta\u015f\u0131yan bu projekt\u00f6r, 64GB dahili depolama kapasitesi ile geni\u015f bir medya k\u00fct\u00fcphanesi olu\u015fturman\u0131za olanak tan\u0131r. M\u00fczik, video ve foto\u011fraflar\u0131n\u0131z\u0131 bir arada saklayarak favori i\u00e7eriklerinize her an eri\u015fim sa\u011flar. 2GB RAM ile desteklenen sistem, uygulamalar aras\u0131nda h\u0131zl\u0131 ge\u00e7i\u015f yaparken veya videolar\u0131 kesintisiz oynat\u0131rken sorunsuz bir performans sunar. Y\u00fcksek \u00e7\u00f6z\u00fcn\u00fcrl\u00fckl\u00fc 720p HD g\u00f6r\u00fcnt\u00fc kalitesi,&#8230;<\/p>\n","protected":false},"featured_media":113286,"comment_status":"open","ping_status":"closed","template":"","meta":{"_kad_post_transparent":"","_kad_post_title":"","_kad_post_layout":"","_kad_post_sidebar_id":"","_kad_post_content_style":"","_kad_post_vertical_padding":"","_kad_post_feature":"","_kad_post_feature_position":"","_kad_post_header":false,"_kad_post_footer":false,"_kad_post_classname":""},"product_brand":[],"product_cat":[14905],"product_tag":[],"class_list":{"0":"post-113287","1":"product","2":"type-product","3":"status-publish","4":"has-post-thumbnail","6":"product_cat-projeksiyon-projeksiyon","8":"first","9":"instock","10":"purchasable","11":"product-type-simple","12":"entry","13":"content-bg","14":"loop-entry"},"_links":{"self":[{"href":"https:\/\/www.hediyepazar.com\/index.php?rest_route=\/wp\/v2\/product\/113287","targetHints":{"allow":["GET"]}}],"collection":[{"href":"https:\/\/www.hediyepazar.com\/index.php?rest_route=\/wp\/v2\/product"}],"about":[{"href":"https:\/\/www.hediyepazar.com\/index.php?rest_route=\/wp\/v2\/types\/product"}],"replies":[{"embeddable":true,"href":"https:\/\/www.hediyepazar.com\/index.php?rest_route=%2Fwp%2Fv2%2Fcomments&post=113287"}],"wp:featuredmedia":[{"embeddable":true,"href":"https:\/\/www.hediyepazar.com\/index.php?rest_route=\/wp\/v2\/media\/113286"}],"wp:attachment":[{"href":"https:\/\/www.hediyepazar.com\/index.php?rest_route=%2Fwp%2Fv2%2Fmedia&parent=113287"}],"wp:term":[{"taxonomy":"product_brand","embeddable":true,"href":"https:\/\/www.hediyepazar.com\/index.php?rest_route=%2Fwp%2Fv2%2Fproduct_brand&post=113287"},{"taxonomy":"product_cat","embeddable":true,"href":"https:\/\/www.hediyepazar.com\/index.php?rest_route=%2Fwp%2Fv2%2Fproduct_cat&post=113287"},{"taxonomy":"product_tag","embeddable":true,"href":"https:\/\/www.hediyepazar.com\/index.php?rest_route=%2Fwp%2Fv2%2Fproduct_tag&post=113287"}],"curies":[{"name":"wp","href":"https:\/\/api.w.org\/{rel}","templated":true}]}}