{"id":113309,"date":"2026-05-05T11:26:37","date_gmt":"2026-05-05T14:26:37","guid":{"rendered":"https:\/\/www.hediyepazar.com\/?product=tiftik-temizleme-makinesi-usb-sarjli-tuy-toplayici-kablosuz-2"},"modified":"2026-05-05T11:26:37","modified_gmt":"2026-05-05T14:26:37","slug":"tiftik-temizleme-makinesi-usb-sarjli-tuy-toplayici-kablosuz-2","status":"publish","type":"product","link":"https:\/\/www.hediyepazar.com\/?product=tiftik-temizleme-makinesi-usb-sarjli-tuy-toplayici-kablosuz-2","title":{"rendered":"Tiftik Temizleme Makinesi USB \u015earjl\u0131 T\u00fcy Toplay\u0131c\u0131 Kablosuz"},"content":{"rendered":"<p>Giysilerinizdeki tiftik ve topaklanmalar\u0131 temizlemek i\u00e7in tasarlanan bu \u015farjl\u0131 tiftik temizleyici, hem pratik kullan\u0131m\u0131 hem de etkili sonu\u00e7lar\u0131yla gard\u0131robunuzun kurtar\u0131c\u0131s\u0131d\u0131r.Pratik ve Zahmetsiz TemizlikTiftikleri ve kuma\u015f y\u00fczeyindeki deformasyonlar\u0131 gidermek i\u00e7in cihaz\u0131 k\u0131yafet y\u00fczeyine uygulaman\u0131z yeterlidir. H\u0131zl\u0131 ve etkili bir \u015fekilde kuma\u015flar\u0131n\u0131z\u0131 yeniler.Fonksiyonel Tasar\u0131m \t\u00c7\u0131kar\u0131labilir At\u0131k Haznesi: Kolayca bo\u015falt\u0131labilir haznesi ile temizleme i\u015flemi s\u0131ras\u0131nda biriken tiftikleri hijyenik bir \u015fekilde ortadan kald\u0131rabilirsiniz. \t\u00c7\u0131kar\u0131labilir B\u0131\u00e7ak B\u00f6lmesi: B\u0131\u00e7ak b\u00f6lmesi, kolay temizlik ve bak\u0131m i\u00e7in \u00e7\u0131kar\u0131labilir \u015fekilde tasarlanm\u0131\u015ft\u0131r. \tAnti-Statik Manuel F\u0131r\u00e7a: \u00dcr\u00fcn\u00fcn arka k\u0131sm\u0131ndaki manuel tiftik f\u0131r\u00e7as\u0131, hassas y\u00fczeylerde detayl\u0131 temizlik i\u00e7in idealdir.\u015earjl\u0131 ve Kablosuz Kullan\u0131m\u015earj edilebilir \u00f6zelli\u011fi sayesinde cihaz\u0131n\u0131z\u0131 kablosuz olarak kullanabilir, seyahatlerinizde bile yan\u0131n\u0131zda ta\u015f\u0131yabilirsiniz. Micro USB kablo, kutu i\u00e7eri\u011fine dahildir ve \u015farj i\u015flemini kolayla\u015ft\u0131r\u0131r.Kompakt ve Kullan\u0131\u015fl\u0131K\u00fc\u00e7\u00fck ve hafif tasar\u0131m\u0131yla kolay ta\u015f\u0131nabilir. \u00c7ekmecenizde veya \u00e7antan\u0131zda fazla yer kaplamaz, her an elinizin alt\u0131nda bulundurabilirsiniz.Tiftik Temizleyici, k\u0131yafetlerinizi tazelemek ve her zaman yeni gibi g\u00f6r\u00fcnmesini sa\u011flamak i\u00e7in ihtiyac\u0131n\u0131z olan en pratik \u00e7\u00f6z\u00fcm\u00fc sunar. \u015eimdi sipari\u015f verin ve giysilerinize hak etti\u011fi bak\u0131m\u0131 sa\u011flay\u0131n!&nbsp;4o<\/p>\n","protected":false},"excerpt":{"rendered":"<p>Giysilerinizdeki tiftik ve topaklanmalar\u0131 temizlemek i\u00e7in tasarlanan bu \u015farjl\u0131 tiftik temizleyici, hem pratik kullan\u0131m\u0131 hem de etkili sonu\u00e7lar\u0131yla gard\u0131robunuzun kurtar\u0131c\u0131s\u0131d\u0131r.Pratik ve Zahmetsiz TemizlikTiftikleri ve kuma\u015f y\u00fczeyindeki deformasyonlar\u0131 gidermek i\u00e7in cihaz\u0131 k\u0131yafet y\u00fczeyine uygulaman\u0131z yeterlidir. H\u0131zl\u0131 ve etkili bir \u015fekilde kuma\u015flar\u0131n\u0131z\u0131 yeniler.Fonksiyonel Tasar\u0131m \u00c7\u0131kar\u0131labilir At\u0131k Haznesi: Kolayca bo\u015falt\u0131labilir haznesi ile temizleme i\u015flemi s\u0131ras\u0131nda biriken tiftikleri hijyenik&#8230;<\/p>\n","protected":false},"featured_media":113308,"comment_status":"open","ping_status":"closed","template":"","meta":{"_kad_post_transparent":"","_kad_post_title":"","_kad_post_layout":"","_kad_post_sidebar_id":"","_kad_post_content_style":"","_kad_post_vertical_padding":"","_kad_post_feature":"","_kad_post_feature_position":"","_kad_post_header":false,"_kad_post_footer":false,"_kad_post_classname":""},"product_brand":[],"product_cat":[15006],"product_tag":[],"class_list":{"0":"post-113309","1":"product","2":"type-product","3":"status-publish","4":"has-post-thumbnail","6":"product_cat-tuy-toplayici-tuy-toplayici","8":"first","9":"instock","10":"purchasable","11":"product-type-simple","12":"entry","13":"content-bg","14":"loop-entry"},"_links":{"self":[{"href":"https:\/\/www.hediyepazar.com\/index.php?rest_route=\/wp\/v2\/product\/113309","targetHints":{"allow":["GET"]}}],"collection":[{"href":"https:\/\/www.hediyepazar.com\/index.php?rest_route=\/wp\/v2\/product"}],"about":[{"href":"https:\/\/www.hediyepazar.com\/index.php?rest_route=\/wp\/v2\/types\/product"}],"replies":[{"embeddable":true,"href":"https:\/\/www.hediyepazar.com\/index.php?rest_route=%2Fwp%2Fv2%2Fcomments&post=113309"}],"wp:featuredmedia":[{"embeddable":true,"href":"https:\/\/www.hediyepazar.com\/index.php?rest_route=\/wp\/v2\/media\/113308"}],"wp:attachment":[{"href":"https:\/\/www.hediyepazar.com\/index.php?rest_route=%2Fwp%2Fv2%2Fmedia&parent=113309"}],"wp:term":[{"taxonomy":"product_brand","embeddable":true,"href":"https:\/\/www.hediyepazar.com\/index.php?rest_route=%2Fwp%2Fv2%2Fproduct_brand&post=113309"},{"taxonomy":"product_cat","embeddable":true,"href":"https:\/\/www.hediyepazar.com\/index.php?rest_route=%2Fwp%2Fv2%2Fproduct_cat&post=113309"},{"taxonomy":"product_tag","embeddable":true,"href":"https:\/\/www.hediyepazar.com\/index.php?rest_route=%2Fwp%2Fv2%2Fproduct_tag&post=113309"}],"curies":[{"name":"wp","href":"https:\/\/api.w.org\/{rel}","templated":true}]}}