{"id":113385,"date":"2026-05-05T11:33:35","date_gmt":"2026-05-05T14:33:35","guid":{"rendered":"https:\/\/www.hediyepazar.com\/?product=tiras-makinesi-cizik-tiras-paslanmaz-celik-uzun-omurlu-sarjli-2"},"modified":"2026-05-05T11:33:35","modified_gmt":"2026-05-05T14:33:35","slug":"tiras-makinesi-cizik-tiras-paslanmaz-celik-uzun-omurlu-sarjli-2","status":"publish","type":"product","link":"https:\/\/www.hediyepazar.com\/?product=tiras-makinesi-cizik-tiras-paslanmaz-celik-uzun-omurlu-sarjli-2","title":{"rendered":"T\u0131ra\u015f Makinesi \u00c7izik T\u0131ra\u015f Paslanmaz \u00c7elik Uzun \u00d6m\u00fcrl\u00fc \u015earjl\u0131"},"content":{"rendered":"<p>Kablosuz kullan\u0131m \u00f6zelli\u011fi ile bu t\u0131ra\u015f makinesi, hareket halindeyken dahi size b\u00fcy\u00fck bir \u00f6zg\u00fcrl\u00fck sunar. Kablolarla u\u011fra\u015fmadan, kolayca kullanabilir ve her yerde t\u0131ra\u015f olabilir, g\u00fcnl\u00fck bak\u0131m\u0131n\u0131z\u0131 rahat\u00e7a yapabilirsiniz. \u015earjl\u0131 yap\u0131s\u0131, kablolu kullan\u0131m\u0131n s\u0131n\u0131rlamalar\u0131n\u0131 ortadan kald\u0131r\u0131rken, uzun pil \u00f6mr\u00fc ile 1 ila 2 saat aras\u0131nda kesintisiz kullan\u0131m s\u00fcresi sunar. Y\u00fcksek kaliteli 1800 mA lityum pil, bu t\u0131ra\u015f makinesinin uzun s\u00fcreli t\u0131ra\u015f ihtiya\u00e7lar\u0131n\u0131z\u0131 kar\u015f\u0131lamas\u0131n\u0131 sa\u011flar ve bir kerelik \u015farjla g\u00fcn boyunca rahat\u00e7a kullan\u0131labilir. Ayr\u0131ca, uzun s\u00fcreli kullan\u0131m, cihaz\u0131n hem evde hem de profesyonel ortamlarda g\u00fcvenle kullan\u0131lmas\u0131na olanak tan\u0131r. D\u00fc\u015f\u00fck enerji t\u00fcketimi ile enerji tasarrufu sa\u011flayan cihaz, ayn\u0131 zamanda \u00e7evre dostu bir tasar\u0131ma sahiptir. Geli\u015fmi\u015f batarya kapasitesi, her t\u00fcrl\u00fc acil durumda bile kullan\u0131m esnekli\u011fi sunarak size zahmetsizce t\u0131ra\u015f olma imk\u00e2n\u0131 tan\u0131r. Bu \u00f6zellik, berber d\u00fckkanlar\u0131 veya profesyonel kullan\u0131c\u0131lar i\u00e7in m\u00fckemmel bir \u00e7\u00f6z\u00fcm sunar, \u00e7\u00fcnk\u00fc uzun s\u00fcreli ve yo\u011fun kullan\u0131mlarda bile y\u00fcksek performans sergiler.<\/p>\n","protected":false},"excerpt":{"rendered":"<p>Kablosuz kullan\u0131m \u00f6zelli\u011fi ile bu t\u0131ra\u015f makinesi, hareket halindeyken dahi size b\u00fcy\u00fck bir \u00f6zg\u00fcrl\u00fck sunar. Kablolarla u\u011fra\u015fmadan, kolayca kullanabilir ve her yerde t\u0131ra\u015f olabilir, g\u00fcnl\u00fck bak\u0131m\u0131n\u0131z\u0131 rahat\u00e7a yapabilirsiniz. \u015earjl\u0131 yap\u0131s\u0131, kablolu kullan\u0131m\u0131n s\u0131n\u0131rlamalar\u0131n\u0131 ortadan kald\u0131r\u0131rken, uzun pil \u00f6mr\u00fc ile 1 ila 2 saat aras\u0131nda kesintisiz kullan\u0131m s\u00fcresi sunar. Y\u00fcksek kaliteli 1800 mA lityum pil, bu&#8230;<\/p>\n","protected":false},"featured_media":113384,"comment_status":"open","ping_status":"closed","template":"","meta":{"_kad_post_transparent":"","_kad_post_title":"","_kad_post_layout":"","_kad_post_sidebar_id":"","_kad_post_content_style":"","_kad_post_vertical_padding":"","_kad_post_feature":"","_kad_post_feature_position":"","_kad_post_header":false,"_kad_post_footer":false,"_kad_post_classname":""},"product_brand":[],"product_cat":[14925],"product_tag":[],"class_list":{"0":"post-113385","1":"product","2":"type-product","3":"status-publish","4":"has-post-thumbnail","6":"product_cat-tiras-makinesi-tiras-makinesi","8":"first","9":"instock","10":"purchasable","11":"product-type-simple","12":"entry","13":"content-bg","14":"loop-entry"},"_links":{"self":[{"href":"https:\/\/www.hediyepazar.com\/index.php?rest_route=\/wp\/v2\/product\/113385","targetHints":{"allow":["GET"]}}],"collection":[{"href":"https:\/\/www.hediyepazar.com\/index.php?rest_route=\/wp\/v2\/product"}],"about":[{"href":"https:\/\/www.hediyepazar.com\/index.php?rest_route=\/wp\/v2\/types\/product"}],"replies":[{"embeddable":true,"href":"https:\/\/www.hediyepazar.com\/index.php?rest_route=%2Fwp%2Fv2%2Fcomments&post=113385"}],"wp:featuredmedia":[{"embeddable":true,"href":"https:\/\/www.hediyepazar.com\/index.php?rest_route=\/wp\/v2\/media\/113384"}],"wp:attachment":[{"href":"https:\/\/www.hediyepazar.com\/index.php?rest_route=%2Fwp%2Fv2%2Fmedia&parent=113385"}],"wp:term":[{"taxonomy":"product_brand","embeddable":true,"href":"https:\/\/www.hediyepazar.com\/index.php?rest_route=%2Fwp%2Fv2%2Fproduct_brand&post=113385"},{"taxonomy":"product_cat","embeddable":true,"href":"https:\/\/www.hediyepazar.com\/index.php?rest_route=%2Fwp%2Fv2%2Fproduct_cat&post=113385"},{"taxonomy":"product_tag","embeddable":true,"href":"https:\/\/www.hediyepazar.com\/index.php?rest_route=%2Fwp%2Fv2%2Fproduct_tag&post=113385"}],"curies":[{"name":"wp","href":"https:\/\/api.w.org\/{rel}","templated":true}]}}