{"id":113459,"date":"2026-05-05T11:37:57","date_gmt":"2026-05-05T14:37:57","guid":{"rendered":"https:\/\/www.hediyepazar.com\/?product=akilli-saat-bluetooth-baglantili-uyku-ve-saglik-takibi-2"},"modified":"2026-05-05T11:37:57","modified_gmt":"2026-05-05T14:37:57","slug":"akilli-saat-bluetooth-baglantili-uyku-ve-saglik-takibi-2","status":"publish","type":"product","link":"https:\/\/www.hediyepazar.com\/?product=akilli-saat-bluetooth-baglantili-uyku-ve-saglik-takibi-2","title":{"rendered":"Ak\u0131ll\u0131 Saat Bluetooth Ba\u011flant\u0131l\u0131 Uyku ve Sa\u011fl\u0131k Takibi"},"content":{"rendered":"<p>Her An\u0131n\u0131z\u0131 Takip Eden Ak\u0131ll\u0131 Saat \tEstetik Tasar\u0131m: G\u00fcm\u00fc\u015f kasa ve ergonomik yap\u0131s\u0131 ile hem \u015f\u0131kl\u0131k hem de konfor sunar. \tG\u00fcnl\u00fck Aktivite Takibi: Ad\u0131msayar \u00f6zelli\u011fiyle hareketlerinizi takip eder, daha aktif bir ya\u015fam i\u00e7in te\u015fvik eder. \tTitre\u015fimli Bildirimler: Bildirimlerinizi ka\u00e7\u0131rmaman\u0131z i\u00e7in titre\u015fimle sizi bilgilendirir. \tUzun Pil \u00d6mr\u00fc: 200-300 mAh batarya kapasitesi sayesinde g\u00fcn boyu kesintisiz kullan\u0131m sa\u011flar. \tSa\u011fl\u0131k Asistan\u0131: Uyku takibi ve nab\u0131z \u00f6l\u00e7\u00fcm fonksiyonlar\u0131yla sa\u011fl\u0131\u011f\u0131n\u0131za destek olur. \tSesli \u00c7a\u011fr\u0131 \u00d6zelli\u011fi: Telefonunuza ihtiya\u00e7 duymadan ak\u0131ll\u0131 saat \u00fczerinden \u00e7a\u011fr\u0131lar\u0131n\u0131z\u0131 y\u00f6netin.Stilinizi tamamlayan bu ak\u0131ll\u0131 saat, g\u00fcnl\u00fck hayat\u0131n\u0131z\u0131 kolayla\u015ft\u0131racak \u00f6zelliklerle donat\u0131lm\u0131\u015ft\u0131r!<\/p>\n","protected":false},"excerpt":{"rendered":"<p>Her An\u0131n\u0131z\u0131 Takip Eden Ak\u0131ll\u0131 Saat Estetik Tasar\u0131m: G\u00fcm\u00fc\u015f kasa ve ergonomik yap\u0131s\u0131 ile hem \u015f\u0131kl\u0131k hem de konfor sunar. G\u00fcnl\u00fck Aktivite Takibi: Ad\u0131msayar \u00f6zelli\u011fiyle hareketlerinizi takip eder, daha aktif bir ya\u015fam i\u00e7in te\u015fvik eder. Titre\u015fimli Bildirimler: Bildirimlerinizi ka\u00e7\u0131rmaman\u0131z i\u00e7in titre\u015fimle sizi bilgilendirir. Uzun Pil \u00d6mr\u00fc: 200-300 mAh batarya kapasitesi sayesinde g\u00fcn boyu kesintisiz kullan\u0131m&#8230;<\/p>\n","protected":false},"featured_media":113458,"comment_status":"open","ping_status":"closed","template":"","meta":{"_kad_post_transparent":"","_kad_post_title":"","_kad_post_layout":"","_kad_post_sidebar_id":"","_kad_post_content_style":"","_kad_post_vertical_padding":"","_kad_post_feature":"","_kad_post_feature_position":"","_kad_post_header":false,"_kad_post_footer":false,"_kad_post_classname":""},"product_brand":[],"product_cat":[14935],"product_tag":[],"class_list":{"0":"post-113459","1":"product","2":"type-product","3":"status-publish","4":"has-post-thumbnail","6":"product_cat-akilli-saatler-akilli-saatler","8":"first","9":"instock","10":"purchasable","11":"product-type-simple","12":"entry","13":"content-bg","14":"loop-entry"},"_links":{"self":[{"href":"https:\/\/www.hediyepazar.com\/index.php?rest_route=\/wp\/v2\/product\/113459","targetHints":{"allow":["GET"]}}],"collection":[{"href":"https:\/\/www.hediyepazar.com\/index.php?rest_route=\/wp\/v2\/product"}],"about":[{"href":"https:\/\/www.hediyepazar.com\/index.php?rest_route=\/wp\/v2\/types\/product"}],"replies":[{"embeddable":true,"href":"https:\/\/www.hediyepazar.com\/index.php?rest_route=%2Fwp%2Fv2%2Fcomments&post=113459"}],"wp:featuredmedia":[{"embeddable":true,"href":"https:\/\/www.hediyepazar.com\/index.php?rest_route=\/wp\/v2\/media\/113458"}],"wp:attachment":[{"href":"https:\/\/www.hediyepazar.com\/index.php?rest_route=%2Fwp%2Fv2%2Fmedia&parent=113459"}],"wp:term":[{"taxonomy":"product_brand","embeddable":true,"href":"https:\/\/www.hediyepazar.com\/index.php?rest_route=%2Fwp%2Fv2%2Fproduct_brand&post=113459"},{"taxonomy":"product_cat","embeddable":true,"href":"https:\/\/www.hediyepazar.com\/index.php?rest_route=%2Fwp%2Fv2%2Fproduct_cat&post=113459"},{"taxonomy":"product_tag","embeddable":true,"href":"https:\/\/www.hediyepazar.com\/index.php?rest_route=%2Fwp%2Fv2%2Fproduct_tag&post=113459"}],"curies":[{"name":"wp","href":"https:\/\/api.w.org\/{rel}","templated":true}]}}