{"id":113545,"date":"2026-05-05T11:42:21","date_gmt":"2026-05-05T14:42:21","guid":{"rendered":"https:\/\/www.hediyepazar.com\/?product=sac-duzlestirici-ve-masa-ikili-sac-sekillendirici"},"modified":"2026-05-05T11:42:21","modified_gmt":"2026-05-05T14:42:21","slug":"sac-duzlestirici-ve-masa-ikili-sac-sekillendirici","status":"publish","type":"product","link":"https:\/\/www.hediyepazar.com\/?product=sac-duzlestirici-ve-masa-ikili-sac-sekillendirici","title":{"rendered":"Sa\u00e7 D\u00fczle\u015ftirici Ve Ma\u015fa \u0130kili Sa\u00e7 \u015eekillendirici"},"content":{"rendered":"<p>Sa\u00e7lar\u0131n\u0131z\u0131 istedi\u011finiz \u015fekilde \u015fekillendirmek art\u0131k \u00e7ok daha kolay! 5 farkl\u0131 \u0131s\u0131 seviyesine sahip olan bu profesyonel d\u00fczle\u015ftirici, maksimum 200\u00b0C\u2019ye kadar \u00e7\u0131kan \u0131s\u0131 kapasitesiyle hem d\u00fczle\u015ftirme hem de bukle olu\u015fturma i\u015flemlerini h\u0131zl\u0131 ve etkili bir \u015fekilde ger\u00e7ekle\u015ftirir. Seramik kaplama teknolojisi, \u0131s\u0131y\u0131 e\u015fit olarak da\u011f\u0131tarak sa\u00e7lar\u0131n\u0131z\u0131n y\u0131pranmas\u0131n\u0131 \u00f6nler ve do\u011fal bir parlakl\u0131k sa\u011flar. Sa\u00e7\u0131n\u0131z\u0131 d\u00fczle\u015ftirmek veya k\u0131v\u0131rc\u0131k bir g\u00f6r\u00fcn\u00fcm kazand\u0131rmak i\u00e7in sadece alt k\u0131sm\u0131ndaki kilit mekanizmas\u0131n\u0131 kullanman\u0131z yeterlidir.Ergonomik tasar\u0131m\u0131 ve d\u00f6nebilen kablo ucu sayesinde cihaz, elinizi yormadan kolay kullan\u0131m sunar. 26 mm \u00e7ap\u0131ndaki ma\u015fa ba\u015fl\u0131\u011f\u0131, sa\u00e7\u0131n\u0131z\u0131n her bir telini e\u015fit derecede \u015fekillendirerek kusursuz sonu\u00e7lar alman\u0131z\u0131 sa\u011flar. Minimum 120\u00b0C s\u0131cakl\u0131k, ince telli ve hassas sa\u00e7lar i\u00e7in g\u00fcvenli bir kullan\u0131m sa\u011flarken, daha y\u00fcksek s\u0131cakl\u0131k ayarlar\u0131 kal\u0131n telli sa\u00e7lar i\u00e7in idealdir. \u015e\u0131k tasar\u0131m\u0131, kompakt yap\u0131s\u0131 ve kullan\u0131m kolayl\u0131\u011f\u0131yla bu sa\u00e7 d\u00fczle\u015ftirici, sa\u00e7 bak\u0131m rutininizde vazge\u00e7ilmez bir yer edinir.<\/p>\n","protected":false},"excerpt":{"rendered":"<p>Sa\u00e7lar\u0131n\u0131z\u0131 istedi\u011finiz \u015fekilde \u015fekillendirmek art\u0131k \u00e7ok daha kolay! 5 farkl\u0131 \u0131s\u0131 seviyesine sahip olan bu profesyonel d\u00fczle\u015ftirici, maksimum 200\u00b0C\u2019ye kadar \u00e7\u0131kan \u0131s\u0131 kapasitesiyle hem d\u00fczle\u015ftirme hem de bukle olu\u015fturma i\u015flemlerini h\u0131zl\u0131 ve etkili bir \u015fekilde ger\u00e7ekle\u015ftirir. Seramik kaplama teknolojisi, \u0131s\u0131y\u0131 e\u015fit olarak da\u011f\u0131tarak sa\u00e7lar\u0131n\u0131z\u0131n y\u0131pranmas\u0131n\u0131 \u00f6nler ve do\u011fal bir parlakl\u0131k sa\u011flar. Sa\u00e7\u0131n\u0131z\u0131 d\u00fczle\u015ftirmek veya k\u0131v\u0131rc\u0131k&#8230;<\/p>\n","protected":false},"featured_media":113544,"comment_status":"open","ping_status":"closed","template":"","meta":{"_kad_post_transparent":"","_kad_post_title":"","_kad_post_layout":"","_kad_post_sidebar_id":"","_kad_post_content_style":"","_kad_post_vertical_padding":"","_kad_post_feature":"","_kad_post_feature_position":"","_kad_post_header":false,"_kad_post_footer":false,"_kad_post_classname":""},"product_brand":[],"product_cat":[14907],"product_tag":[],"class_list":{"0":"post-113545","1":"product","2":"type-product","3":"status-publish","4":"has-post-thumbnail","6":"product_cat-sac-masasi-sac-masasi","8":"first","9":"instock","10":"purchasable","11":"product-type-simple","12":"entry","13":"content-bg","14":"loop-entry"},"_links":{"self":[{"href":"https:\/\/www.hediyepazar.com\/index.php?rest_route=\/wp\/v2\/product\/113545","targetHints":{"allow":["GET"]}}],"collection":[{"href":"https:\/\/www.hediyepazar.com\/index.php?rest_route=\/wp\/v2\/product"}],"about":[{"href":"https:\/\/www.hediyepazar.com\/index.php?rest_route=\/wp\/v2\/types\/product"}],"replies":[{"embeddable":true,"href":"https:\/\/www.hediyepazar.com\/index.php?rest_route=%2Fwp%2Fv2%2Fcomments&post=113545"}],"wp:featuredmedia":[{"embeddable":true,"href":"https:\/\/www.hediyepazar.com\/index.php?rest_route=\/wp\/v2\/media\/113544"}],"wp:attachment":[{"href":"https:\/\/www.hediyepazar.com\/index.php?rest_route=%2Fwp%2Fv2%2Fmedia&parent=113545"}],"wp:term":[{"taxonomy":"product_brand","embeddable":true,"href":"https:\/\/www.hediyepazar.com\/index.php?rest_route=%2Fwp%2Fv2%2Fproduct_brand&post=113545"},{"taxonomy":"product_cat","embeddable":true,"href":"https:\/\/www.hediyepazar.com\/index.php?rest_route=%2Fwp%2Fv2%2Fproduct_cat&post=113545"},{"taxonomy":"product_tag","embeddable":true,"href":"https:\/\/www.hediyepazar.com\/index.php?rest_route=%2Fwp%2Fv2%2Fproduct_tag&post=113545"}],"curies":[{"name":"wp","href":"https:\/\/api.w.org\/{rel}","templated":true}]}}