{"id":113597,"date":"2026-05-05T11:45:33","date_gmt":"2026-05-05T14:45:33","guid":{"rendered":"https:\/\/www.hediyepazar.com\/?product=sogutucu-vantilator-telefon-standli-mini-fan-2"},"modified":"2026-05-05T11:45:33","modified_gmt":"2026-05-05T14:45:33","slug":"sogutucu-vantilator-telefon-standli-mini-fan-2","status":"publish","type":"product","link":"https:\/\/www.hediyepazar.com\/?product=sogutucu-vantilator-telefon-standli-mini-fan-2","title":{"rendered":"So\u011futucu Vantilat\u00f6r Telefon Standl\u0131 Mini Fan"},"content":{"rendered":"<p>\u0130thalat\u00e7\u0131 Garantisi ile G\u00fcvenli Al\u0131\u015fveri\u015fin Keyfini \u00c7\u0131kar\u0131n &#8211; 2 Y\u0131l Boyunca Yan\u0131n\u0131zday\u0131z!Bu mini fan, g\u00fcvenli al\u0131\u015fveri\u015f deneyimi sunarken, ithalat\u00e7\u0131 garantisi ile 2 y\u0131l boyunca herhangi bir sorun kar\u015f\u0131s\u0131nda yan\u0131n\u0131zda olur. Al\u0131\u015fveri\u015finizin her a\u015famas\u0131nda size g\u00fcvence verir ve \u00fcr\u00fcn\u00fc g\u00f6n\u00fcl rahatl\u0131\u011f\u0131yla kullanman\u0131z\u0131 sa\u011flar.Pratik Tasar\u0131m: Kompakt ve Katlanabilir Mini FanMini fan, dar alanlarda bile rahatl\u0131kla kullan\u0131labilecek \u015fekilde tasarlanm\u0131\u015ft\u0131r. Katlanabilir yap\u0131s\u0131 sayesinde yer kaplamaz ve istedi\u011finiz her yere kolayca ta\u015f\u0131nabilir. Hem evde hem de ofiste rahat\u00e7a kullanabilece\u011finiz pratik bir \u00e7\u00f6z\u00fcmd\u00fcr.3 Kademeli So\u011futma \u00d6zelli\u011fi: Esnek Kullan\u0131m SunarBu fan, farkl\u0131 ihtiya\u00e7lar\u0131n\u0131za g\u00f6re 3 kademeli so\u011futma \u00f6zelli\u011fi ile esnek kullan\u0131m imkan\u0131 sunar. Hangi ortamda kullan\u0131yor olursan\u0131z olun, ihtiyac\u0131n\u0131za g\u00f6re hava ak\u0131\u015f\u0131n\u0131 ayarlayarak her zaman konforlu bir ortam sa\u011flayabilirsiniz.\u015earj Edilebilir: Elektrik Prizine Ba\u011fl\u0131 Kalmadan Her Yerde Kullan\u0131labilir\u015earj edilebilir olmas\u0131 sayesinde, elektrik prizine ba\u011fl\u0131 kalmadan istedi\u011finiz her yerde rahat\u00e7a kullanabilirsiniz. Bu mini fan, seyahatte, ofiste ya da evde her an yan\u0131n\u0131zda olacak bir \u00e7\u00f6z\u00fcm sunar. Ta\u015f\u0131nabilirli\u011fi sayesinde kullan\u0131m alan\u0131n\u0131z s\u0131n\u0131rs\u0131zd\u0131r.<\/p>\n","protected":false},"excerpt":{"rendered":"<p>\u0130thalat\u00e7\u0131 Garantisi ile G\u00fcvenli Al\u0131\u015fveri\u015fin Keyfini \u00c7\u0131kar\u0131n &#8211; 2 Y\u0131l Boyunca Yan\u0131n\u0131zday\u0131z!Bu mini fan, g\u00fcvenli al\u0131\u015fveri\u015f deneyimi sunarken, ithalat\u00e7\u0131 garantisi ile 2 y\u0131l boyunca herhangi bir sorun kar\u015f\u0131s\u0131nda yan\u0131n\u0131zda olur. Al\u0131\u015fveri\u015finizin her a\u015famas\u0131nda size g\u00fcvence verir ve \u00fcr\u00fcn\u00fc g\u00f6n\u00fcl rahatl\u0131\u011f\u0131yla kullanman\u0131z\u0131 sa\u011flar.Pratik Tasar\u0131m: Kompakt ve Katlanabilir Mini FanMini fan, dar alanlarda bile rahatl\u0131kla kullan\u0131labilecek \u015fekilde&#8230;<\/p>\n","protected":false},"featured_media":113596,"comment_status":"open","ping_status":"closed","template":"","meta":{"_kad_post_transparent":"","_kad_post_title":"","_kad_post_layout":"","_kad_post_sidebar_id":"","_kad_post_content_style":"","_kad_post_vertical_padding":"","_kad_post_feature":"","_kad_post_feature_position":"","_kad_post_header":false,"_kad_post_footer":false,"_kad_post_classname":""},"product_brand":[],"product_cat":[15021],"product_tag":[],"class_list":{"0":"post-113597","1":"product","2":"type-product","3":"status-publish","4":"has-post-thumbnail","6":"product_cat-vantilator-vantilator","8":"first","9":"instock","10":"purchasable","11":"product-type-simple","12":"entry","13":"content-bg","14":"loop-entry"},"_links":{"self":[{"href":"https:\/\/www.hediyepazar.com\/index.php?rest_route=\/wp\/v2\/product\/113597","targetHints":{"allow":["GET"]}}],"collection":[{"href":"https:\/\/www.hediyepazar.com\/index.php?rest_route=\/wp\/v2\/product"}],"about":[{"href":"https:\/\/www.hediyepazar.com\/index.php?rest_route=\/wp\/v2\/types\/product"}],"replies":[{"embeddable":true,"href":"https:\/\/www.hediyepazar.com\/index.php?rest_route=%2Fwp%2Fv2%2Fcomments&post=113597"}],"wp:featuredmedia":[{"embeddable":true,"href":"https:\/\/www.hediyepazar.com\/index.php?rest_route=\/wp\/v2\/media\/113596"}],"wp:attachment":[{"href":"https:\/\/www.hediyepazar.com\/index.php?rest_route=%2Fwp%2Fv2%2Fmedia&parent=113597"}],"wp:term":[{"taxonomy":"product_brand","embeddable":true,"href":"https:\/\/www.hediyepazar.com\/index.php?rest_route=%2Fwp%2Fv2%2Fproduct_brand&post=113597"},{"taxonomy":"product_cat","embeddable":true,"href":"https:\/\/www.hediyepazar.com\/index.php?rest_route=%2Fwp%2Fv2%2Fproduct_cat&post=113597"},{"taxonomy":"product_tag","embeddable":true,"href":"https:\/\/www.hediyepazar.com\/index.php?rest_route=%2Fwp%2Fv2%2Fproduct_tag&post=113597"}],"curies":[{"name":"wp","href":"https:\/\/api.w.org\/{rel}","templated":true}]}}