{"id":113605,"date":"2026-05-05T11:46:07","date_gmt":"2026-05-05T14:46:07","guid":{"rendered":"https:\/\/www.hediyepazar.com\/?product=yuksek-performansli-hassas-ciltler-icin-tasarlanmis-yuz-kas-epilatoru-2"},"modified":"2026-05-05T11:46:07","modified_gmt":"2026-05-05T14:46:07","slug":"yuksek-performansli-hassas-ciltler-icin-tasarlanmis-yuz-kas-epilatoru-2","status":"publish","type":"product","link":"https:\/\/www.hediyepazar.com\/?product=yuksek-performansli-hassas-ciltler-icin-tasarlanmis-yuz-kas-epilatoru-2","title":{"rendered":"Y\u00fcksek Performansl\u0131 Hassas Ciltler \u0130\u00e7in Tasarlanm\u0131\u015f Y\u00fcz Ka\u015f Epilat\u00f6r\u00fc"},"content":{"rendered":"<p>Y\u00fcz ka\u015f epilat\u00f6r\u00fc, tasar\u0131m\u0131yla g\u00f6z al\u0131c\u0131, performans\u0131 ile etkileyici bir ki\u015fisel bak\u0131m arac\u0131d\u0131r. Geli\u015fmi\u015f \u00f6zellikleri sayesinde, hassas ciltler i\u00e7in dahi g\u00fcvenli bir t\u00fcy alma deneyimi sunar. Cildinize zarar vermeden ve tahri\u015fe yol a\u00e7madan, ka\u015flar\u0131n\u0131z\u0131 ve b\u0131y\u0131k b\u00f6lgenizdeki ince t\u00fcyleri h\u0131zl\u0131 ve pratik bir \u015fekilde alabilirsiniz. Pil ile \u00e7al\u0131\u015fan yap\u0131s\u0131, cihaz\u0131 her zaman yan\u0131n\u0131zda bulundurman\u0131za imkan tan\u0131r; b\u00f6ylece t\u00fcylerinizin oldu\u011fu her an kolayca temizlenir. Seyahatlerinizde ve g\u00fcnl\u00fck hayat\u0131n\u0131zda kullanabilece\u011finiz bu ta\u015f\u0131nabilir epilat\u00f6r, modern tasar\u0131m\u0131yla dikkat \u00e7ekerken, kullan\u0131m\u0131 son derece basittir. Cilt y\u00fczeyinde b\u0131rakt\u0131\u011f\u0131 p\u00fcr\u00fczs\u00fcz etki ve \u015f\u0131kl\u0131\u011f\u0131 ile sadece bak\u0131m de\u011fil, ayn\u0131 zamanda konforlu bir kullan\u0131m deneyimi sa\u011flar. Epilat\u00f6r\u00fcn\u00fczle her an, her yerde t\u00fcylerden ar\u0131narak kendinizi her zaman taze ve bak\u0131ml\u0131 hissedebilirsiniz.<\/p>\n","protected":false},"excerpt":{"rendered":"<p>Y\u00fcz ka\u015f epilat\u00f6r\u00fc, tasar\u0131m\u0131yla g\u00f6z al\u0131c\u0131, performans\u0131 ile etkileyici bir ki\u015fisel bak\u0131m arac\u0131d\u0131r. Geli\u015fmi\u015f \u00f6zellikleri sayesinde, hassas ciltler i\u00e7in dahi g\u00fcvenli bir t\u00fcy alma deneyimi sunar. Cildinize zarar vermeden ve tahri\u015fe yol a\u00e7madan, ka\u015flar\u0131n\u0131z\u0131 ve b\u0131y\u0131k b\u00f6lgenizdeki ince t\u00fcyleri h\u0131zl\u0131 ve pratik bir \u015fekilde alabilirsiniz. Pil ile \u00e7al\u0131\u015fan yap\u0131s\u0131, cihaz\u0131 her zaman yan\u0131n\u0131zda bulundurman\u0131za imkan&#8230;<\/p>\n","protected":false},"featured_media":113604,"comment_status":"open","ping_status":"closed","template":"","meta":{"_kad_post_transparent":"","_kad_post_title":"","_kad_post_layout":"","_kad_post_sidebar_id":"","_kad_post_content_style":"","_kad_post_vertical_padding":"","_kad_post_feature":"","_kad_post_feature_position":"","_kad_post_header":false,"_kad_post_footer":false,"_kad_post_classname":""},"product_brand":[],"product_cat":[15058],"product_tag":[],"class_list":{"0":"post-113605","1":"product","2":"type-product","3":"status-publish","4":"has-post-thumbnail","6":"product_cat-cimbiz-cimbiz","8":"first","9":"instock","10":"purchasable","11":"product-type-simple","12":"entry","13":"content-bg","14":"loop-entry"},"_links":{"self":[{"href":"https:\/\/www.hediyepazar.com\/index.php?rest_route=\/wp\/v2\/product\/113605","targetHints":{"allow":["GET"]}}],"collection":[{"href":"https:\/\/www.hediyepazar.com\/index.php?rest_route=\/wp\/v2\/product"}],"about":[{"href":"https:\/\/www.hediyepazar.com\/index.php?rest_route=\/wp\/v2\/types\/product"}],"replies":[{"embeddable":true,"href":"https:\/\/www.hediyepazar.com\/index.php?rest_route=%2Fwp%2Fv2%2Fcomments&post=113605"}],"wp:featuredmedia":[{"embeddable":true,"href":"https:\/\/www.hediyepazar.com\/index.php?rest_route=\/wp\/v2\/media\/113604"}],"wp:attachment":[{"href":"https:\/\/www.hediyepazar.com\/index.php?rest_route=%2Fwp%2Fv2%2Fmedia&parent=113605"}],"wp:term":[{"taxonomy":"product_brand","embeddable":true,"href":"https:\/\/www.hediyepazar.com\/index.php?rest_route=%2Fwp%2Fv2%2Fproduct_brand&post=113605"},{"taxonomy":"product_cat","embeddable":true,"href":"https:\/\/www.hediyepazar.com\/index.php?rest_route=%2Fwp%2Fv2%2Fproduct_cat&post=113605"},{"taxonomy":"product_tag","embeddable":true,"href":"https:\/\/www.hediyepazar.com\/index.php?rest_route=%2Fwp%2Fv2%2Fproduct_tag&post=113605"}],"curies":[{"name":"wp","href":"https:\/\/api.w.org\/{rel}","templated":true}]}}