{"id":113623,"date":"2026-05-05T11:46:58","date_gmt":"2026-05-05T14:46:58","guid":{"rendered":"https:\/\/www.hediyepazar.com\/?product=3-baslikli-kulak-ve-burun-tiras-makinesi-erkeklere-ozel-2"},"modified":"2026-05-05T11:46:58","modified_gmt":"2026-05-05T14:46:58","slug":"3-baslikli-kulak-ve-burun-tiras-makinesi-erkeklere-ozel-2","status":"publish","type":"product","link":"https:\/\/www.hediyepazar.com\/?product=3-baslikli-kulak-ve-burun-tiras-makinesi-erkeklere-ozel-2","title":{"rendered":"3 Ba\u015fl\u0131kl\u0131 Kulak Ve Burun T\u0131ra\u015f Makinesi Erkeklere \u00d6zel"},"content":{"rendered":"<p>Bu erkek bak\u0131m seti, t\u00fcm bak\u0131m ihtiya\u00e7lar\u0131n\u0131z\u0131 kar\u015f\u0131lamak i\u00e7in tasarlanm\u0131\u015f m\u00fckemmel bir \u00fcr\u00fcnd\u00fcr. Setin i\u00e7inde bulunan \u00fc\u00e7 farkl\u0131 kesim ba\u015fl\u0131\u011f\u0131, t\u00fcm t\u0131ra\u015f i\u015flemlerinizi zahmetsizce yapman\u0131za olanak tan\u0131r. S\u0131f\u0131r kesim ba\u015fl\u0131\u011f\u0131, b\u0131y\u0131k, sakal ve favori gibi alanlarda kusursuz kesimler sa\u011flar. Ayarlanabilir tarakl\u0131 ba\u015fl\u0131k ise sa\u00e7 t\u0131ra\u015flar\u0131n\u0131 istedi\u011finiz uzunlu\u011fa g\u00f6re ayarlayabilmenize yard\u0131mc\u0131 olur. Hassas ba\u015fl\u0131k ise burun ve kulak gibi hassas alanlarda g\u00fcvenle kullan\u0131labilir. Setin g\u00fc\u00e7l\u00fc motoru, her bir ba\u015fl\u0131kla uyumlu \u00e7al\u0131\u015farak \u00fcst\u00fcn performans sa\u011flar. Cilt dostu yap\u0131s\u0131 sayesinde tahri\u015f veya kesik riski ortadan kalkar, b\u00f6ylece t\u0131ra\u015f sonras\u0131nda p\u00fcr\u00fczs\u00fcz ve konforlu bir cilt b\u0131rak\u0131r. Ergonomik tasar\u0131m\u0131, kullan\u0131c\u0131lara rahatl\u0131k sunarken, ba\u015fl\u0131klar kolayca tak\u0131l\u0131p \u00e7\u0131kar\u0131labilir. Cihaz\u0131n temizli\u011fi de olduk\u00e7a kolayd\u0131r. Setle birlikte gelen f\u0131r\u00e7a, cihaz\u0131n hijyenik kullan\u0131m\u0131n\u0131 sa\u011flamak i\u00e7in idealdir. G\u00fc\u00e7l\u00fc batarya ve uzun kullan\u0131m s\u00fcresi sayesinde, bu bak\u0131m seti size s\u00fcrekli bir t\u0131ra\u015f deneyimi sunar. Geli\u015fmi\u015f tasar\u0131m\u0131 ve pratik kullan\u0131m\u0131yla, bu set hem evde hem de profesyonel olarak rahatl\u0131kla kullan\u0131labilir.<\/p>\n","protected":false},"excerpt":{"rendered":"<p>Bu erkek bak\u0131m seti, t\u00fcm bak\u0131m ihtiya\u00e7lar\u0131n\u0131z\u0131 kar\u015f\u0131lamak i\u00e7in tasarlanm\u0131\u015f m\u00fckemmel bir \u00fcr\u00fcnd\u00fcr. Setin i\u00e7inde bulunan \u00fc\u00e7 farkl\u0131 kesim ba\u015fl\u0131\u011f\u0131, t\u00fcm t\u0131ra\u015f i\u015flemlerinizi zahmetsizce yapman\u0131za olanak tan\u0131r. S\u0131f\u0131r kesim ba\u015fl\u0131\u011f\u0131, b\u0131y\u0131k, sakal ve favori gibi alanlarda kusursuz kesimler sa\u011flar. Ayarlanabilir tarakl\u0131 ba\u015fl\u0131k ise sa\u00e7 t\u0131ra\u015flar\u0131n\u0131 istedi\u011finiz uzunlu\u011fa g\u00f6re ayarlayabilmenize yard\u0131mc\u0131 olur. Hassas ba\u015fl\u0131k ise burun&#8230;<\/p>\n","protected":false},"featured_media":113622,"comment_status":"open","ping_status":"closed","template":"","meta":{"_kad_post_transparent":"","_kad_post_title":"","_kad_post_layout":"","_kad_post_sidebar_id":"","_kad_post_content_style":"","_kad_post_vertical_padding":"","_kad_post_feature":"","_kad_post_feature_position":"","_kad_post_header":false,"_kad_post_footer":false,"_kad_post_classname":""},"product_brand":[],"product_cat":[14925],"product_tag":[],"class_list":{"0":"post-113623","1":"product","2":"type-product","3":"status-publish","4":"has-post-thumbnail","6":"product_cat-tiras-makinesi-tiras-makinesi","8":"first","9":"instock","10":"purchasable","11":"product-type-simple","12":"entry","13":"content-bg","14":"loop-entry"},"_links":{"self":[{"href":"https:\/\/www.hediyepazar.com\/index.php?rest_route=\/wp\/v2\/product\/113623","targetHints":{"allow":["GET"]}}],"collection":[{"href":"https:\/\/www.hediyepazar.com\/index.php?rest_route=\/wp\/v2\/product"}],"about":[{"href":"https:\/\/www.hediyepazar.com\/index.php?rest_route=\/wp\/v2\/types\/product"}],"replies":[{"embeddable":true,"href":"https:\/\/www.hediyepazar.com\/index.php?rest_route=%2Fwp%2Fv2%2Fcomments&post=113623"}],"wp:featuredmedia":[{"embeddable":true,"href":"https:\/\/www.hediyepazar.com\/index.php?rest_route=\/wp\/v2\/media\/113622"}],"wp:attachment":[{"href":"https:\/\/www.hediyepazar.com\/index.php?rest_route=%2Fwp%2Fv2%2Fmedia&parent=113623"}],"wp:term":[{"taxonomy":"product_brand","embeddable":true,"href":"https:\/\/www.hediyepazar.com\/index.php?rest_route=%2Fwp%2Fv2%2Fproduct_brand&post=113623"},{"taxonomy":"product_cat","embeddable":true,"href":"https:\/\/www.hediyepazar.com\/index.php?rest_route=%2Fwp%2Fv2%2Fproduct_cat&post=113623"},{"taxonomy":"product_tag","embeddable":true,"href":"https:\/\/www.hediyepazar.com\/index.php?rest_route=%2Fwp%2Fv2%2Fproduct_tag&post=113623"}],"curies":[{"name":"wp","href":"https:\/\/api.w.org\/{rel}","templated":true}]}}