{"id":113677,"date":"2026-05-05T11:49:43","date_gmt":"2026-05-05T14:49:43","guid":{"rendered":"https:\/\/www.hediyepazar.com\/?product=wag-masa-negatif-iyon-teknolojili-isi-ayarli-sac-masasi-2"},"modified":"2026-05-05T11:49:43","modified_gmt":"2026-05-05T14:49:43","slug":"wag-masa-negatif-iyon-teknolojili-isi-ayarli-sac-masasi-2","status":"publish","type":"product","link":"https:\/\/www.hediyepazar.com\/?product=wag-masa-negatif-iyon-teknolojili-isi-ayarli-sac-masasi-2","title":{"rendered":"Wag Ma\u015fa Negatif \u0130yon Teknolojili Is\u0131 Ayarl\u0131 Sa\u00e7 Ma\u015fas\u0131"},"content":{"rendered":"<p>Bu sa\u00e7 ma\u015fas\u0131, profesyonel g\u00f6r\u00fcn\u00fcml\u00fc bukleler olu\u015fturmak isteyenler i\u00e7in m\u00fckemmel bir \u00e7\u00f6z\u00fcmd\u00fcr. Seramik kaplama y\u00fczeyi, negatif iyon sal\u0131n\u0131m\u0131 ile sa\u00e7\u0131n\u0131z\u0131n do\u011fal nem dengesini korurken elektriklenmeyi \u00f6nler. 25 mm \u00e7ap\u0131ndaki namlulu tasar\u0131m\u0131, hacimli ve do\u011fal g\u00f6r\u00fcn\u00fcml\u00fc bukleler olu\u015fturur. PTC \u0131s\u0131tma sistemi sayesinde 30 saniyede \u0131s\u0131nan cihaz, yo\u011fun tempolu g\u00fcnlerde bile h\u0131zl\u0131 sonu\u00e7lar alman\u0131z\u0131 sa\u011flar. 170\u00b0C ve 220\u00b0C aras\u0131nda ayarlanabilen s\u0131cakl\u0131k kontrol\u00fc, farkl\u0131 sa\u00e7 tipleri ve \u015fekillendirme ihtiya\u00e7lar\u0131 i\u00e7in uygundur. Kaymaz tutama\u00e7, ha\u015flanma \u00f6nleyici \u00fcst k\u0131sm\u0131 ve \u0131s\u0131 yal\u0131t\u0131ml\u0131 braket ile hem konforlu hem de g\u00fcvenli bir kullan\u0131m sa\u011flar. Alt\u0131n rengi zarif tasar\u0131m\u0131, sa\u00e7 ma\u015fas\u0131n\u0131 hem i\u015flevsel hem de estetik bir aksesuar haline getirir.<\/p>\n","protected":false},"excerpt":{"rendered":"<p>Bu sa\u00e7 ma\u015fas\u0131, profesyonel g\u00f6r\u00fcn\u00fcml\u00fc bukleler olu\u015fturmak isteyenler i\u00e7in m\u00fckemmel bir \u00e7\u00f6z\u00fcmd\u00fcr. Seramik kaplama y\u00fczeyi, negatif iyon sal\u0131n\u0131m\u0131 ile sa\u00e7\u0131n\u0131z\u0131n do\u011fal nem dengesini korurken elektriklenmeyi \u00f6nler. 25 mm \u00e7ap\u0131ndaki namlulu tasar\u0131m\u0131, hacimli ve do\u011fal g\u00f6r\u00fcn\u00fcml\u00fc bukleler olu\u015fturur. PTC \u0131s\u0131tma sistemi sayesinde 30 saniyede \u0131s\u0131nan cihaz, yo\u011fun tempolu g\u00fcnlerde bile h\u0131zl\u0131 sonu\u00e7lar alman\u0131z\u0131 sa\u011flar. 170\u00b0C ve&#8230;<\/p>\n","protected":false},"featured_media":113676,"comment_status":"open","ping_status":"closed","template":"","meta":{"_kad_post_transparent":"","_kad_post_title":"","_kad_post_layout":"","_kad_post_sidebar_id":"","_kad_post_content_style":"","_kad_post_vertical_padding":"","_kad_post_feature":"","_kad_post_feature_position":"","_kad_post_header":false,"_kad_post_footer":false,"_kad_post_classname":""},"product_brand":[],"product_cat":[14907],"product_tag":[],"class_list":{"0":"post-113677","1":"product","2":"type-product","3":"status-publish","4":"has-post-thumbnail","6":"product_cat-sac-masasi-sac-masasi","8":"first","9":"instock","10":"purchasable","11":"product-type-simple","12":"entry","13":"content-bg","14":"loop-entry"},"_links":{"self":[{"href":"https:\/\/www.hediyepazar.com\/index.php?rest_route=\/wp\/v2\/product\/113677","targetHints":{"allow":["GET"]}}],"collection":[{"href":"https:\/\/www.hediyepazar.com\/index.php?rest_route=\/wp\/v2\/product"}],"about":[{"href":"https:\/\/www.hediyepazar.com\/index.php?rest_route=\/wp\/v2\/types\/product"}],"replies":[{"embeddable":true,"href":"https:\/\/www.hediyepazar.com\/index.php?rest_route=%2Fwp%2Fv2%2Fcomments&post=113677"}],"wp:featuredmedia":[{"embeddable":true,"href":"https:\/\/www.hediyepazar.com\/index.php?rest_route=\/wp\/v2\/media\/113676"}],"wp:attachment":[{"href":"https:\/\/www.hediyepazar.com\/index.php?rest_route=%2Fwp%2Fv2%2Fmedia&parent=113677"}],"wp:term":[{"taxonomy":"product_brand","embeddable":true,"href":"https:\/\/www.hediyepazar.com\/index.php?rest_route=%2Fwp%2Fv2%2Fproduct_brand&post=113677"},{"taxonomy":"product_cat","embeddable":true,"href":"https:\/\/www.hediyepazar.com\/index.php?rest_route=%2Fwp%2Fv2%2Fproduct_cat&post=113677"},{"taxonomy":"product_tag","embeddable":true,"href":"https:\/\/www.hediyepazar.com\/index.php?rest_route=%2Fwp%2Fv2%2Fproduct_tag&post=113677"}],"curies":[{"name":"wp","href":"https:\/\/api.w.org\/{rel}","templated":true}]}}