{"id":113683,"date":"2026-05-05T11:50:02","date_gmt":"2026-05-05T14:50:02","guid":{"rendered":"https:\/\/www.hediyepazar.com\/?product=bluetooth-kulaklik-mikrofonlu-dokunmatik-kontrol-anc-ozelligi-2"},"modified":"2026-05-05T11:50:02","modified_gmt":"2026-05-05T14:50:02","slug":"bluetooth-kulaklik-mikrofonlu-dokunmatik-kontrol-anc-ozelligi-2","status":"publish","type":"product","link":"https:\/\/www.hediyepazar.com\/?product=bluetooth-kulaklik-mikrofonlu-dokunmatik-kontrol-anc-ozelligi-2","title":{"rendered":"Bluetooth Kulakl\u0131k Mikrofonlu Dokunmatik Kontrol ANC \u00d6zelli\u011fi"},"content":{"rendered":"<p>Bu ak\u0131ll\u0131 cihaz, g\u00fcnl\u00fck ya\u015fam\u0131n\u0131zda ihtiya\u00e7 duydu\u011funuz t\u00fcm i\u015flevselli\u011fi ve \u015f\u0131kl\u0131\u011f\u0131 bir arada sunar. 2 y\u0131l ithalat\u00e7\u0131 garantisi ile g\u00fcvence alt\u0131na al\u0131nan bu \u00fcr\u00fcn, olas\u0131 teknik aksakl\u0131klara kar\u015f\u0131 endi\u015fe duyman\u0131z\u0131 engeller ve size uzun s\u00fcreli kullan\u0131m sa\u011flar. Dahili mikrofon sayesinde, eller serbest g\u00f6r\u00fc\u015fmeler yapabilir, telefonunuzu elinize almadan \u00e7a\u011fr\u0131lar\u0131n\u0131z\u0131 rahat\u00e7a y\u00f6netebilirsiniz. Ayr\u0131ca dokunmatik kontrol \u00f6zelli\u011fi ile \u015fark\u0131lar\u0131n\u0131z aras\u0131nda ge\u00e7i\u015f yapabilir, aramalar\u0131n\u0131z\u0131 cevaplayabilir ve m\u00fcziklerinizi kolayca kontrol edebilirsiniz.Suya ve tere dayan\u0131kl\u0131 yap\u0131s\u0131, her t\u00fcrl\u00fc hava ko\u015fulunda cihaz\u0131n\u0131z\u0131 g\u00fcvenle kullanman\u0131z\u0131 sa\u011flar. Ya\u011fmurlu havalarda veya spor yaparken terleme gibi durumlarda cihaz\u0131n\u0131z\u0131n zarar g\u00f6rmesinden endi\u015fe etmenize gerek kalmaz. \u00c7ift telefon deste\u011fi, ayn\u0131 anda iki cihazla senkronize olman\u0131z\u0131 m\u00fcmk\u00fcn k\u0131lar. Bu sayede i\u015f ve ki\u015fisel telefonlar\u0131n\u0131z\u0131 rahatl\u0131kla y\u00f6netebilir, telefonlar aras\u0131nda kesintisiz ge\u00e7i\u015f yapabilirsiniz.Aktif g\u00fcr\u00fclt\u00fc \u00f6nleme (ANC) teknolojisi, \u00e7evredeki g\u00fcr\u00fclt\u00fcy\u00fc engelleyerek m\u00fczik dinlerken veya telefon g\u00f6r\u00fc\u015fmesi yaparken d\u0131\u015f seslerin m\u00fcdahale etmesini engeller. Bu \u00f6zellik, \u00f6zellikle kalabal\u0131k ortamlarda sesinizi net bir \u015fekilde duyurman\u0131za olanak tan\u0131r. \u00d6rne\u011fin, toplu ta\u015f\u0131ma ara\u00e7lar\u0131, ofis ortamlar\u0131 veya a\u00e7\u0131k hava etkinliklerinde bu teknolojiyi daha \u00e7ok takdir edeceksiniz.Y\u00fcksek kapasiteli bataryas\u0131 sayesinde, cihaz\u0131n\u0131z uzun s\u00fcreli kullan\u0131m sunar ve \u015farj\u0131n\u0131 h\u0131zl\u0131ca yeniden doldurabilirsiniz. Ergonomik tasar\u0131m\u0131 ve \u015f\u0131k siyah kasa rengi, cihaz\u0131n her ortamda uyumlu ve zarif g\u00f6r\u00fcnmesini sa\u011flar. Hem spor hem de g\u00fcnl\u00fck kullan\u0131mda rahat\u00e7a tercih edebilece\u011finiz bu cihaz, ya\u015fam tarz\u0131n\u0131za uygun bir aksesuar olarak i\u015flev g\u00f6r\u00fcr.<\/p>\n","protected":false},"excerpt":{"rendered":"<p>Bu ak\u0131ll\u0131 cihaz, g\u00fcnl\u00fck ya\u015fam\u0131n\u0131zda ihtiya\u00e7 duydu\u011funuz t\u00fcm i\u015flevselli\u011fi ve \u015f\u0131kl\u0131\u011f\u0131 bir arada sunar. 2 y\u0131l ithalat\u00e7\u0131 garantisi ile g\u00fcvence alt\u0131na al\u0131nan bu \u00fcr\u00fcn, olas\u0131 teknik aksakl\u0131klara kar\u015f\u0131 endi\u015fe duyman\u0131z\u0131 engeller ve size uzun s\u00fcreli kullan\u0131m sa\u011flar. Dahili mikrofon sayesinde, eller serbest g\u00f6r\u00fc\u015fmeler yapabilir, telefonunuzu elinize almadan \u00e7a\u011fr\u0131lar\u0131n\u0131z\u0131 rahat\u00e7a y\u00f6netebilirsiniz. Ayr\u0131ca dokunmatik kontrol \u00f6zelli\u011fi ile&#8230;<\/p>\n","protected":false},"featured_media":113682,"comment_status":"open","ping_status":"closed","template":"","meta":{"_kad_post_transparent":"","_kad_post_title":"","_kad_post_layout":"","_kad_post_sidebar_id":"","_kad_post_content_style":"","_kad_post_vertical_padding":"","_kad_post_feature":"","_kad_post_feature_position":"","_kad_post_header":false,"_kad_post_footer":false,"_kad_post_classname":""},"product_brand":[],"product_cat":[14957],"product_tag":[],"class_list":{"0":"post-113683","1":"product","2":"type-product","3":"status-publish","4":"has-post-thumbnail","6":"product_cat-kablosuz-kulaklik-kablosuz-kulaklik","8":"first","9":"instock","10":"purchasable","11":"product-type-simple","12":"entry","13":"content-bg","14":"loop-entry"},"_links":{"self":[{"href":"https:\/\/www.hediyepazar.com\/index.php?rest_route=\/wp\/v2\/product\/113683","targetHints":{"allow":["GET"]}}],"collection":[{"href":"https:\/\/www.hediyepazar.com\/index.php?rest_route=\/wp\/v2\/product"}],"about":[{"href":"https:\/\/www.hediyepazar.com\/index.php?rest_route=\/wp\/v2\/types\/product"}],"replies":[{"embeddable":true,"href":"https:\/\/www.hediyepazar.com\/index.php?rest_route=%2Fwp%2Fv2%2Fcomments&post=113683"}],"wp:featuredmedia":[{"embeddable":true,"href":"https:\/\/www.hediyepazar.com\/index.php?rest_route=\/wp\/v2\/media\/113682"}],"wp:attachment":[{"href":"https:\/\/www.hediyepazar.com\/index.php?rest_route=%2Fwp%2Fv2%2Fmedia&parent=113683"}],"wp:term":[{"taxonomy":"product_brand","embeddable":true,"href":"https:\/\/www.hediyepazar.com\/index.php?rest_route=%2Fwp%2Fv2%2Fproduct_brand&post=113683"},{"taxonomy":"product_cat","embeddable":true,"href":"https:\/\/www.hediyepazar.com\/index.php?rest_route=%2Fwp%2Fv2%2Fproduct_cat&post=113683"},{"taxonomy":"product_tag","embeddable":true,"href":"https:\/\/www.hediyepazar.com\/index.php?rest_route=%2Fwp%2Fv2%2Fproduct_tag&post=113683"}],"curies":[{"name":"wp","href":"https:\/\/api.w.org\/{rel}","templated":true}]}}