{"id":113689,"date":"2026-05-05T11:50:26","date_gmt":"2026-05-05T14:50:26","guid":{"rendered":"https:\/\/www.hediyepazar.com\/?product=akilli-saat-uyku-ve-saglik-takibi-bildirim-gorme-arama-cevaplama"},"modified":"2026-05-05T11:50:26","modified_gmt":"2026-05-05T14:50:26","slug":"akilli-saat-uyku-ve-saglik-takibi-bildirim-gorme-arama-cevaplama","status":"publish","type":"product","link":"https:\/\/www.hediyepazar.com\/?product=akilli-saat-uyku-ve-saglik-takibi-bildirim-gorme-arama-cevaplama","title":{"rendered":"Ak\u0131ll\u0131 Saat Uyku Ve Sa\u011fl\u0131k Takibi Bildirim G\u00f6rme Arama Cevaplama"},"content":{"rendered":"<p>GT3 Max Ak\u0131ll\u0131 Saat, teknoloji ve esteti\u011fi bir araya getiriyor. Gelen bildirimler ve \u00e7a\u011fr\u0131lar i\u00e7in titre\u015fimli hat\u0131rlat\u0131c\u0131lar sunarak ileti\u015fimi daha pratik hale getirir. Nab\u0131z sens\u00f6r\u00fc ile s\u00fcrekli kalp at\u0131\u015f h\u0131z\u0131n\u0131z\u0131 izlerken uyku takibi \u00f6zelli\u011fi daha kaliteli bir uyku d\u00fczeni olu\u015fturman\u0131za yard\u0131mc\u0131 olur. Ad\u0131msayar, g\u00fcnl\u00fck egzersizlerinizde ilerlemenizi \u00f6l\u00e7erek spor hedeflerinizi planlaman\u0131z\u0131 sa\u011flar. \u015e\u0131k siyah kasa tasar\u0131m\u0131, her ortamda zarif bir aksesuar olarak \u00f6ne \u00e7\u0131kar. 300-400 mAh batarya kapasitesiyle uzun saatler boyunca kesintisiz kullan\u0131m sunar.\u00a0<\/p>\n","protected":false},"excerpt":{"rendered":"<p>GT3 Max Ak\u0131ll\u0131 Saat, teknoloji ve esteti\u011fi bir araya getiriyor. Gelen bildirimler ve \u00e7a\u011fr\u0131lar i\u00e7in titre\u015fimli hat\u0131rlat\u0131c\u0131lar sunarak ileti\u015fimi daha pratik hale getirir. Nab\u0131z sens\u00f6r\u00fc ile s\u00fcrekli kalp at\u0131\u015f h\u0131z\u0131n\u0131z\u0131 izlerken uyku takibi \u00f6zelli\u011fi daha kaliteli bir uyku d\u00fczeni olu\u015fturman\u0131za yard\u0131mc\u0131 olur. Ad\u0131msayar, g\u00fcnl\u00fck egzersizlerinizde ilerlemenizi \u00f6l\u00e7erek spor hedeflerinizi planlaman\u0131z\u0131 sa\u011flar. \u015e\u0131k siyah kasa tasar\u0131m\u0131,&#8230;<\/p>\n","protected":false},"featured_media":113688,"comment_status":"open","ping_status":"closed","template":"","meta":{"_kad_post_transparent":"","_kad_post_title":"","_kad_post_layout":"","_kad_post_sidebar_id":"","_kad_post_content_style":"","_kad_post_vertical_padding":"","_kad_post_feature":"","_kad_post_feature_position":"","_kad_post_header":false,"_kad_post_footer":false,"_kad_post_classname":""},"product_brand":[],"product_cat":[14935],"product_tag":[],"class_list":{"0":"post-113689","1":"product","2":"type-product","3":"status-publish","4":"has-post-thumbnail","6":"product_cat-akilli-saatler-akilli-saatler","8":"first","9":"instock","10":"purchasable","11":"product-type-simple","12":"entry","13":"content-bg","14":"loop-entry"},"_links":{"self":[{"href":"https:\/\/www.hediyepazar.com\/index.php?rest_route=\/wp\/v2\/product\/113689","targetHints":{"allow":["GET"]}}],"collection":[{"href":"https:\/\/www.hediyepazar.com\/index.php?rest_route=\/wp\/v2\/product"}],"about":[{"href":"https:\/\/www.hediyepazar.com\/index.php?rest_route=\/wp\/v2\/types\/product"}],"replies":[{"embeddable":true,"href":"https:\/\/www.hediyepazar.com\/index.php?rest_route=%2Fwp%2Fv2%2Fcomments&post=113689"}],"wp:featuredmedia":[{"embeddable":true,"href":"https:\/\/www.hediyepazar.com\/index.php?rest_route=\/wp\/v2\/media\/113688"}],"wp:attachment":[{"href":"https:\/\/www.hediyepazar.com\/index.php?rest_route=%2Fwp%2Fv2%2Fmedia&parent=113689"}],"wp:term":[{"taxonomy":"product_brand","embeddable":true,"href":"https:\/\/www.hediyepazar.com\/index.php?rest_route=%2Fwp%2Fv2%2Fproduct_brand&post=113689"},{"taxonomy":"product_cat","embeddable":true,"href":"https:\/\/www.hediyepazar.com\/index.php?rest_route=%2Fwp%2Fv2%2Fproduct_cat&post=113689"},{"taxonomy":"product_tag","embeddable":true,"href":"https:\/\/www.hediyepazar.com\/index.php?rest_route=%2Fwp%2Fv2%2Fproduct_tag&post=113689"}],"curies":[{"name":"wp","href":"https:\/\/api.w.org\/{rel}","templated":true}]}}