{"id":113739,"date":"2026-05-05T11:53:48","date_gmt":"2026-05-05T14:53:48","guid":{"rendered":"https:\/\/www.hediyepazar.com\/?product=partiler-icin-tasinabilir-isik-gosterisi-ve-efekt-cihazi-2"},"modified":"2026-05-05T11:53:48","modified_gmt":"2026-05-05T14:53:48","slug":"partiler-icin-tasinabilir-isik-gosterisi-ve-efekt-cihazi-2","status":"publish","type":"product","link":"https:\/\/www.hediyepazar.com\/?product=partiler-icin-tasinabilir-isik-gosterisi-ve-efekt-cihazi-2","title":{"rendered":"Partiler \u0130\u00e7in Ta\u015f\u0131nabilir I\u015f\u0131k G\u00f6sterisi ve Efekt Cihaz\u0131"},"content":{"rendered":"<p>Partileriniz art\u0131k s\u0131radan olmayacak! Masa\u00fcst\u00fc disko topu, ortam\u0131n havas\u0131n\u0131 bir anda de\u011fi\u015ftiren \u0131\u015f\u0131k g\u00f6sterileriyle e\u011flenceyi yeniden tan\u0131ml\u0131yor. Tavana yans\u0131yan \u00e7ok renkli \u0131\u015f\u0131klar, \u00f6zel g\u00fcnlerinize e\u015fsiz bir ambiyans katacak.\u2022 Dinamik I\u015f\u0131k Efektleri: Renk, desen ve efekt se\u00e7enekleriyle mekan\u0131n\u0131z\u0131 hareketlendirin.\u2022 Ak\u0131ll\u0131 Kontrol: Bluetooth \u00f6zelli\u011fi sayesinde \u0131\u015f\u0131klar\u0131n\u0131z\u0131 telefonunuzdan y\u00f6netin ve ki\u015fiselle\u015ftirin.\u2022 Her Yere Ta\u015f\u0131nabilir: Kompakt tasar\u0131m\u0131 sayesinde \u00fcr\u00fcn\u00fc diledi\u011finiz yere g\u00f6t\u00fcr\u00fcn ve e\u011flenceyi ba\u015flat\u0131n.\u2022 Kapsaml\u0131 Kullan\u0131m Alan\u0131: Ev partileri, barlar, restoranlar, d\u00fc\u011f\u00fcnler ve etkinlikler i\u00e7in ideal.K\u00fc\u00e7\u00fck bir dokunu\u015fla b\u00fcy\u00fck bir fark yarat\u0131n. Bu ta\u015f\u0131nabilir disko topuyla her an\u0131 unutulmaz k\u0131l\u0131n!<\/p>\n","protected":false},"excerpt":{"rendered":"<p>Partileriniz art\u0131k s\u0131radan olmayacak! Masa\u00fcst\u00fc disko topu, ortam\u0131n havas\u0131n\u0131 bir anda de\u011fi\u015ftiren \u0131\u015f\u0131k g\u00f6sterileriyle e\u011flenceyi yeniden tan\u0131ml\u0131yor. Tavana yans\u0131yan \u00e7ok renkli \u0131\u015f\u0131klar, \u00f6zel g\u00fcnlerinize e\u015fsiz bir ambiyans katacak.\u2022 Dinamik I\u015f\u0131k Efektleri: Renk, desen ve efekt se\u00e7enekleriyle mekan\u0131n\u0131z\u0131 hareketlendirin.\u2022 Ak\u0131ll\u0131 Kontrol: Bluetooth \u00f6zelli\u011fi sayesinde \u0131\u015f\u0131klar\u0131n\u0131z\u0131 telefonunuzdan y\u00f6netin ve ki\u015fiselle\u015ftirin.\u2022 Her Yere Ta\u015f\u0131nabilir: Kompakt tasar\u0131m\u0131 sayesinde \u00fcr\u00fcn\u00fc&#8230;<\/p>\n","protected":false},"featured_media":113738,"comment_status":"open","ping_status":"closed","template":"","meta":{"_kad_post_transparent":"","_kad_post_title":"","_kad_post_layout":"","_kad_post_sidebar_id":"","_kad_post_content_style":"","_kad_post_vertical_padding":"","_kad_post_feature":"","_kad_post_feature_position":"","_kad_post_header":false,"_kad_post_footer":false,"_kad_post_classname":""},"product_brand":[],"product_cat":[14929],"product_tag":[],"class_list":{"0":"post-113739","1":"product","2":"type-product","3":"status-publish","4":"has-post-thumbnail","6":"product_cat-muzik-sistemi-muzik-sistemi","8":"first","9":"instock","10":"purchasable","11":"product-type-simple","12":"entry","13":"content-bg","14":"loop-entry"},"_links":{"self":[{"href":"https:\/\/www.hediyepazar.com\/index.php?rest_route=\/wp\/v2\/product\/113739","targetHints":{"allow":["GET"]}}],"collection":[{"href":"https:\/\/www.hediyepazar.com\/index.php?rest_route=\/wp\/v2\/product"}],"about":[{"href":"https:\/\/www.hediyepazar.com\/index.php?rest_route=\/wp\/v2\/types\/product"}],"replies":[{"embeddable":true,"href":"https:\/\/www.hediyepazar.com\/index.php?rest_route=%2Fwp%2Fv2%2Fcomments&post=113739"}],"wp:featuredmedia":[{"embeddable":true,"href":"https:\/\/www.hediyepazar.com\/index.php?rest_route=\/wp\/v2\/media\/113738"}],"wp:attachment":[{"href":"https:\/\/www.hediyepazar.com\/index.php?rest_route=%2Fwp%2Fv2%2Fmedia&parent=113739"}],"wp:term":[{"taxonomy":"product_brand","embeddable":true,"href":"https:\/\/www.hediyepazar.com\/index.php?rest_route=%2Fwp%2Fv2%2Fproduct_brand&post=113739"},{"taxonomy":"product_cat","embeddable":true,"href":"https:\/\/www.hediyepazar.com\/index.php?rest_route=%2Fwp%2Fv2%2Fproduct_cat&post=113739"},{"taxonomy":"product_tag","embeddable":true,"href":"https:\/\/www.hediyepazar.com\/index.php?rest_route=%2Fwp%2Fv2%2Fproduct_tag&post=113739"}],"curies":[{"name":"wp","href":"https:\/\/api.w.org\/{rel}","templated":true}]}}