{"id":113781,"date":"2026-05-05T11:55:47","date_gmt":"2026-05-05T14:55:47","guid":{"rendered":"https:\/\/www.hediyepazar.com\/?product=2000-oyun-ve-populer-uygulama-destekli-cok-fonksiyonlu-projeksiyon"},"modified":"2026-05-05T11:55:47","modified_gmt":"2026-05-05T14:55:47","slug":"2000-oyun-ve-populer-uygulama-destekli-cok-fonksiyonlu-projeksiyon","status":"publish","type":"product","link":"https:\/\/www.hediyepazar.com\/?product=2000-oyun-ve-populer-uygulama-destekli-cok-fonksiyonlu-projeksiyon","title":{"rendered":"2000+ Oyun ve Pop\u00fcler Uygulama Destekli \u00c7ok Fonksiyonlu Projeksiyon"},"content":{"rendered":"<p>Oyun Tutkunlar\u0131 \u0130\u00e7in \u00d6zel Android Projeksiyon Cihaz\u0131!Y\u00fcksek \u00e7\u00f6z\u00fcn\u00fcrl\u00fck (1280*720p) ve g\u00fc\u00e7l\u00fc i\u015flemcisi ile dikkat \u00e7eken bu projeksiyon cihaz\u0131, 2000\u2019den fazla oyun se\u00e7ene\u011fi ve pop\u00fcler uygulama deste\u011fiyle e\u011flence d\u00fcnyas\u0131na kap\u0131 a\u00e7ar. Bluetooth ba\u011flant\u0131s\u0131 ve ta\u015f\u0131nabilir yap\u0131s\u0131yla kullan\u0131c\u0131ya \u00f6zg\u00fcrl\u00fck sunarken, HDMI ve USB giri\u015fleri sayesinde farkl\u0131 cihazlarla kolayca entegre olur. Uzun \u00f6m\u00fcrl\u00fc lambas\u0131 enerji tasarrufu yapman\u0131za olanak tan\u0131r ve her kullan\u0131mda maksimum verim sa\u011flar.<\/p>\n","protected":false},"excerpt":{"rendered":"<p>Oyun Tutkunlar\u0131 \u0130\u00e7in \u00d6zel Android Projeksiyon Cihaz\u0131!Y\u00fcksek \u00e7\u00f6z\u00fcn\u00fcrl\u00fck (1280*720p) ve g\u00fc\u00e7l\u00fc i\u015flemcisi ile dikkat \u00e7eken bu projeksiyon cihaz\u0131, 2000\u2019den fazla oyun se\u00e7ene\u011fi ve pop\u00fcler uygulama deste\u011fiyle e\u011flence d\u00fcnyas\u0131na kap\u0131 a\u00e7ar. Bluetooth ba\u011flant\u0131s\u0131 ve ta\u015f\u0131nabilir yap\u0131s\u0131yla kullan\u0131c\u0131ya \u00f6zg\u00fcrl\u00fck sunarken, HDMI ve USB giri\u015fleri sayesinde farkl\u0131 cihazlarla kolayca entegre olur. Uzun \u00f6m\u00fcrl\u00fc lambas\u0131 enerji tasarrufu yapman\u0131za olanak&#8230;<\/p>\n","protected":false},"featured_media":113780,"comment_status":"open","ping_status":"closed","template":"","meta":{"_kad_post_transparent":"","_kad_post_title":"","_kad_post_layout":"","_kad_post_sidebar_id":"","_kad_post_content_style":"","_kad_post_vertical_padding":"","_kad_post_feature":"","_kad_post_feature_position":"","_kad_post_header":false,"_kad_post_footer":false,"_kad_post_classname":""},"product_brand":[],"product_cat":[14905],"product_tag":[],"class_list":{"0":"post-113781","1":"product","2":"type-product","3":"status-publish","4":"has-post-thumbnail","6":"product_cat-projeksiyon-projeksiyon","8":"first","9":"instock","10":"purchasable","11":"product-type-simple","12":"entry","13":"content-bg","14":"loop-entry"},"_links":{"self":[{"href":"https:\/\/www.hediyepazar.com\/index.php?rest_route=\/wp\/v2\/product\/113781","targetHints":{"allow":["GET"]}}],"collection":[{"href":"https:\/\/www.hediyepazar.com\/index.php?rest_route=\/wp\/v2\/product"}],"about":[{"href":"https:\/\/www.hediyepazar.com\/index.php?rest_route=\/wp\/v2\/types\/product"}],"replies":[{"embeddable":true,"href":"https:\/\/www.hediyepazar.com\/index.php?rest_route=%2Fwp%2Fv2%2Fcomments&post=113781"}],"wp:featuredmedia":[{"embeddable":true,"href":"https:\/\/www.hediyepazar.com\/index.php?rest_route=\/wp\/v2\/media\/113780"}],"wp:attachment":[{"href":"https:\/\/www.hediyepazar.com\/index.php?rest_route=%2Fwp%2Fv2%2Fmedia&parent=113781"}],"wp:term":[{"taxonomy":"product_brand","embeddable":true,"href":"https:\/\/www.hediyepazar.com\/index.php?rest_route=%2Fwp%2Fv2%2Fproduct_brand&post=113781"},{"taxonomy":"product_cat","embeddable":true,"href":"https:\/\/www.hediyepazar.com\/index.php?rest_route=%2Fwp%2Fv2%2Fproduct_cat&post=113781"},{"taxonomy":"product_tag","embeddable":true,"href":"https:\/\/www.hediyepazar.com\/index.php?rest_route=%2Fwp%2Fv2%2Fproduct_tag&post=113781"}],"curies":[{"name":"wp","href":"https:\/\/api.w.org\/{rel}","templated":true}]}}