{"id":113807,"date":"2026-05-05T11:56:55","date_gmt":"2026-05-05T14:56:55","guid":{"rendered":"https:\/\/www.hediyepazar.com\/?product=tasinabilir-bluetooth-karaoke-mikrofon-hafiza-kart-girisli-etkileyici-performans-2"},"modified":"2026-05-05T11:56:55","modified_gmt":"2026-05-05T14:56:55","slug":"tasinabilir-bluetooth-karaoke-mikrofon-hafiza-kart-girisli-etkileyici-performans-2","status":"publish","type":"product","link":"https:\/\/www.hediyepazar.com\/?product=tasinabilir-bluetooth-karaoke-mikrofon-hafiza-kart-girisli-etkileyici-performans-2","title":{"rendered":"Ta\u015f\u0131nabilir Bluetooth Karaoke Mikrofon: Haf\u0131za Kart Giri\u015fli Etkileyici Performans"},"content":{"rendered":"<p>USB ve AUX giri\u015fli, kablosuz Bluetooth ba\u011flant\u0131l\u0131 bu karaoke mikrofon, e\u011flenceyi istedi\u011finiz her yere ta\u015f\u0131yor! G\u00fc\u00e7l\u00fc ses \u00e7\u0131k\u0131\u015f\u0131, yank\u0131 ayarlar\u0131 ve y\u00fcksek performansl\u0131 hoparl\u00f6r\u00fcyle hem m\u00fczik dinlemek hem de \u015fark\u0131 s\u00f6ylemek hi\u00e7 bu kadar keyifli olmam\u0131\u015ft\u0131. Uzun pil \u00f6mr\u00fcyle \u015farj derdi olmadan saatlerce kullanabilir, partiye ara vermek zorunda kalmazs\u0131n\u0131z. \u0130ster evde, ister d\u0131\u015f mekanlarda; bu \u00e7ok y\u00f6nl\u00fc mikrofon her ya\u015ftan kullan\u0131c\u0131 i\u00e7in e\u011flenceyi garantiler. E\u011flenceye haz\u0131r olun, karaoke keyfi \u015fimdi bir t\u0131k uza\u011f\u0131n\u0131zda!<\/p>\n","protected":false},"excerpt":{"rendered":"<p>USB ve AUX giri\u015fli, kablosuz Bluetooth ba\u011flant\u0131l\u0131 bu karaoke mikrofon, e\u011flenceyi istedi\u011finiz her yere ta\u015f\u0131yor! G\u00fc\u00e7l\u00fc ses \u00e7\u0131k\u0131\u015f\u0131, yank\u0131 ayarlar\u0131 ve y\u00fcksek performansl\u0131 hoparl\u00f6r\u00fcyle hem m\u00fczik dinlemek hem de \u015fark\u0131 s\u00f6ylemek hi\u00e7 bu kadar keyifli olmam\u0131\u015ft\u0131. Uzun pil \u00f6mr\u00fcyle \u015farj derdi olmadan saatlerce kullanabilir, partiye ara vermek zorunda kalmazs\u0131n\u0131z. \u0130ster evde, ister d\u0131\u015f mekanlarda; bu&#8230;<\/p>\n","protected":false},"featured_media":113806,"comment_status":"open","ping_status":"closed","template":"","meta":{"_kad_post_transparent":"","_kad_post_title":"","_kad_post_layout":"","_kad_post_sidebar_id":"","_kad_post_content_style":"","_kad_post_vertical_padding":"","_kad_post_feature":"","_kad_post_feature_position":"","_kad_post_header":false,"_kad_post_footer":false,"_kad_post_classname":""},"product_brand":[],"product_cat":[14911],"product_tag":[],"class_list":{"0":"post-113807","1":"product","2":"type-product","3":"status-publish","4":"has-post-thumbnail","6":"product_cat-kablosuz-hoparlor-kablosuz-hoparlor","8":"first","9":"instock","10":"purchasable","11":"product-type-simple","12":"entry","13":"content-bg","14":"loop-entry"},"_links":{"self":[{"href":"https:\/\/www.hediyepazar.com\/index.php?rest_route=\/wp\/v2\/product\/113807","targetHints":{"allow":["GET"]}}],"collection":[{"href":"https:\/\/www.hediyepazar.com\/index.php?rest_route=\/wp\/v2\/product"}],"about":[{"href":"https:\/\/www.hediyepazar.com\/index.php?rest_route=\/wp\/v2\/types\/product"}],"replies":[{"embeddable":true,"href":"https:\/\/www.hediyepazar.com\/index.php?rest_route=%2Fwp%2Fv2%2Fcomments&post=113807"}],"wp:featuredmedia":[{"embeddable":true,"href":"https:\/\/www.hediyepazar.com\/index.php?rest_route=\/wp\/v2\/media\/113806"}],"wp:attachment":[{"href":"https:\/\/www.hediyepazar.com\/index.php?rest_route=%2Fwp%2Fv2%2Fmedia&parent=113807"}],"wp:term":[{"taxonomy":"product_brand","embeddable":true,"href":"https:\/\/www.hediyepazar.com\/index.php?rest_route=%2Fwp%2Fv2%2Fproduct_brand&post=113807"},{"taxonomy":"product_cat","embeddable":true,"href":"https:\/\/www.hediyepazar.com\/index.php?rest_route=%2Fwp%2Fv2%2Fproduct_cat&post=113807"},{"taxonomy":"product_tag","embeddable":true,"href":"https:\/\/www.hediyepazar.com\/index.php?rest_route=%2Fwp%2Fv2%2Fproduct_tag&post=113807"}],"curies":[{"name":"wp","href":"https:\/\/api.w.org\/{rel}","templated":true}]}}