{"id":113815,"date":"2026-05-05T11:57:15","date_gmt":"2026-05-05T14:57:15","guid":{"rendered":"https:\/\/www.hediyepazar.com\/?product=k98-oyuncu-kulakligi"},"modified":"2026-05-05T11:57:15","modified_gmt":"2026-05-05T14:57:15","slug":"k98-oyuncu-kulakligi","status":"publish","type":"product","link":"https:\/\/www.hediyepazar.com\/?product=k98-oyuncu-kulakligi","title":{"rendered":"K98 OYUNCU KULAKLI\u011eI"},"content":{"rendered":"<p>Oyuncular i\u00e7in tasarlanm\u0131\u015f kulak i\u00e7i Bluetooth kulakl\u0131k 45ms gecikme ile ak\u0131c\u0131 bir ses deneyimi sunar. \tG\u00fcr\u00fclt\u00fc engelleme \u00f6zelli\u011fi sunan kablosuz Bluetooth kulakl\u0131k modeli p\u00fcr\u00fczs\u00fcz bir ses aktar\u0131m\u0131 yapar. \t90 derece a\u00e7\u0131l\u0131 Bluetooth oyuncu kulakl\u0131klar\u0131 daha rahat tak\u0131l\u0131p \u00e7\u0131kar\u0131l\u0131r. \tOyunculara \u00f6zel K98 kulakl\u0131k modeli 3D ses deneyimi ile muhte\u015fem oyun deneyimi ya\u015fat\u0131r. \tTek elle kolayca kontrol edilen siyah Bluetooth kulakl\u0131k pratik bir kullan\u0131ma sahiptir. \tMikrofonlu Bluetooth kulakl\u0131k oyunlarda sesli sohbetler yapman\u0131za yard\u0131mc\u0131 olur. \tI\u015f\u0131kl\u0131 Bluetooth kulakl\u0131k modeli karanl\u0131k odalarda bile kendini fark ettirir. \tAndroid Bluetooth kulakl\u0131k ak\u0131ll\u0131 telefonlarda harika bir ba\u011flant\u0131 kalitesi sunar. \tKulak yap\u0131s\u0131na uyumlu silikonlu Bluetooth kulakl\u0131k modeli rahat bir hissiyat verir. \tKolayca kontrol edilebilen dokunmatik Bluetooth kulakl\u0131k hassas sens\u00f6rlere sahiptir. \tM\u00fczik keyfini art\u0131ran y\u00fcksek sesli Bluetooth kulakl\u0131k ger\u00e7ek\u00e7i ses deneyimi ya\u015fat\u0131r. \tPC Bluetooth kulakl\u0131k deste\u011fi sayesinde bilgisayar\u0131n\u0131za birka\u00e7 saniye i\u00e7erisinde ba\u011flan\u0131r. \tRenkli Bluetooth kulakl\u0131k oyuncular\u0131n sevdi\u011fi LED ayd\u0131nlatmal\u0131 bir tasar\u0131ma sahiptir. \tiOS Bluetooth kulakl\u0131k Apple cihazlarla tam uyumlu bir \u015fekilde \u00e7al\u0131\u015f\u0131r. \tG\u00fc\u00e7l\u00fc ba\u011flant\u0131 kuran 5.0 Bluetooth kulakl\u0131k 10 metre mesafeye kadar destekler.<\/p>\n","protected":false},"excerpt":{"rendered":"<p>Oyuncular i\u00e7in tasarlanm\u0131\u015f kulak i\u00e7i Bluetooth kulakl\u0131k 45ms gecikme ile ak\u0131c\u0131 bir ses deneyimi sunar. G\u00fcr\u00fclt\u00fc engelleme \u00f6zelli\u011fi sunan kablosuz Bluetooth kulakl\u0131k modeli p\u00fcr\u00fczs\u00fcz bir ses aktar\u0131m\u0131 yapar. 90 derece a\u00e7\u0131l\u0131 Bluetooth oyuncu kulakl\u0131klar\u0131 daha rahat tak\u0131l\u0131p \u00e7\u0131kar\u0131l\u0131r. Oyunculara \u00f6zel K98 kulakl\u0131k modeli 3D ses deneyimi ile muhte\u015fem oyun deneyimi ya\u015fat\u0131r. Tek elle kolayca kontrol&#8230;<\/p>\n","protected":false},"featured_media":113814,"comment_status":"open","ping_status":"closed","template":"","meta":{"_kad_post_transparent":"","_kad_post_title":"","_kad_post_layout":"","_kad_post_sidebar_id":"","_kad_post_content_style":"","_kad_post_vertical_padding":"","_kad_post_feature":"","_kad_post_feature_position":"","_kad_post_header":false,"_kad_post_footer":false,"_kad_post_classname":""},"product_brand":[],"product_cat":[14957],"product_tag":[],"class_list":{"0":"post-113815","1":"product","2":"type-product","3":"status-publish","4":"has-post-thumbnail","6":"product_cat-kablosuz-kulaklik-kablosuz-kulaklik","8":"first","9":"instock","10":"purchasable","11":"product-type-simple","12":"entry","13":"content-bg","14":"loop-entry"},"_links":{"self":[{"href":"https:\/\/www.hediyepazar.com\/index.php?rest_route=\/wp\/v2\/product\/113815","targetHints":{"allow":["GET"]}}],"collection":[{"href":"https:\/\/www.hediyepazar.com\/index.php?rest_route=\/wp\/v2\/product"}],"about":[{"href":"https:\/\/www.hediyepazar.com\/index.php?rest_route=\/wp\/v2\/types\/product"}],"replies":[{"embeddable":true,"href":"https:\/\/www.hediyepazar.com\/index.php?rest_route=%2Fwp%2Fv2%2Fcomments&post=113815"}],"wp:featuredmedia":[{"embeddable":true,"href":"https:\/\/www.hediyepazar.com\/index.php?rest_route=\/wp\/v2\/media\/113814"}],"wp:attachment":[{"href":"https:\/\/www.hediyepazar.com\/index.php?rest_route=%2Fwp%2Fv2%2Fmedia&parent=113815"}],"wp:term":[{"taxonomy":"product_brand","embeddable":true,"href":"https:\/\/www.hediyepazar.com\/index.php?rest_route=%2Fwp%2Fv2%2Fproduct_brand&post=113815"},{"taxonomy":"product_cat","embeddable":true,"href":"https:\/\/www.hediyepazar.com\/index.php?rest_route=%2Fwp%2Fv2%2Fproduct_cat&post=113815"},{"taxonomy":"product_tag","embeddable":true,"href":"https:\/\/www.hediyepazar.com\/index.php?rest_route=%2Fwp%2Fv2%2Fproduct_tag&post=113815"}],"curies":[{"name":"wp","href":"https:\/\/api.w.org\/{rel}","templated":true}]}}