{"id":113831,"date":"2026-05-05T11:57:51","date_gmt":"2026-05-05T14:57:51","guid":{"rendered":"https:\/\/www.hediyepazar.com\/?product=sensorlu-lamba-2"},"modified":"2026-05-05T11:57:51","modified_gmt":"2026-05-05T14:57:51","slug":"sensorlu-lamba-2","status":"publish","type":"product","link":"https:\/\/www.hediyepazar.com\/?product=sensorlu-lamba-2","title":{"rendered":"SENS\u00d6RL\u00dc LAMBA"},"content":{"rendered":"<p>\u00a0g\u00fcne\u015f enerjili hareket sens\u00f6rl\u00fc 20 ledli duvar lambas\u0131 maxilife g\u00fcne\u015f enerjili hareket sens\u00f6rl\u00fc 20 ledli duvar lambas\u0131 &#8211; Su ge\u00e7irmez genel \u00f6zelli?Kler: Solar powered, kurulum i\u00e7in kolay. \tOtomatik hareket sens\u00f6r veya fotosel g\u00fcne\u015f \u0131\u015f\u0131\u011f\u0131ndan \u015farj edin. \tSmd led teknolojisi ile daha ayd\u0131nl\u0131k tasar\u0131m. \tProfesyonel ip65 su ge\u00e7irmez, 360 derece ya\u011fmurdan korur. \tBah\u00e7eniz, bah\u00e7eniz, koridorunuz, sundurma, veranda, i\u00e7in \u00e7ok kullan\u0131\u015fl\u0131 ayd\u0131nlatma. \t20 ledli? Model \u00f6zellikler: Solar g\u00fc\u00e7: 5.5v 0.55w malzeme: Abs plastik yay\u0131lan renk: Beyaz (6000k-6500k) led qty: 20 adet led batarya t\u00fcr\u00fc: Dc3.7v 1200mah li-Ion batarya sens\u00f6r mod: I\u015f\u0131k sens\u00f6r &#038; pir sens\u00f6r sens\u00f6r menzil: 3m su ge\u00e7irmez seviye: Ip65 \u00e7al\u0131\u015fma s\u0131cakl\u0131\u011f\u0131: -5-60 derece boyut: 124 * 96 * 48mm \u015farj s\u00fcresi: 8 saat \u00e7al\u0131\u015fma s\u00fcresi: 4,5 saat paket i\u00e7eri\u011fi: 1 x solar pir hareket sens\u00f6r i\u015f\u0131k 40 ledli? Model \u00f6zelli?Kler: \u00d6zellikler: Malzeme: Abs plastik yay\u0131lan renk: Beyaz (6000k-6500k) led qty: 20 adet led solar panel: 5.5v 2.5w i\u015f\u0131k kayna\u011f\u0131: 0.2w 40x 2835smd led pil: 3.7v 3000mah lityum pil (dahil) l\u00fcmen: 500lm i\u015f\u0131k rengi: Beyaz i\u015f\u0131k g\u00fc\u00e7: 8w sens\u00f6r mod: I\u015f\u0131k sens\u00f6r &#038; pir sens\u00f6r sens\u00f6r menzil: 3m su ge\u00e7irmez seviye: Ip65 \u00e7al\u0131\u015fma s\u0131cakl\u0131\u011f\u0131: -5-60 derece \u015farj s\u00fcresi: 8 saat \u00e7al\u0131\u015fma s\u00fcresi: 4,5 saat boyut: Yakla\u015f\u0131k. \t209x114x84mm<\/p>\n","protected":false},"excerpt":{"rendered":"<p>\u00a0g\u00fcne\u015f enerjili hareket sens\u00f6rl\u00fc 20 ledli duvar lambas\u0131 maxilife g\u00fcne\u015f enerjili hareket sens\u00f6rl\u00fc 20 ledli duvar lambas\u0131 &#8211; Su ge\u00e7irmez genel \u00f6zelli?Kler: Solar powered, kurulum i\u00e7in kolay. Otomatik hareket sens\u00f6r veya fotosel g\u00fcne\u015f \u0131\u015f\u0131\u011f\u0131ndan \u015farj edin. Smd led teknolojisi ile daha ayd\u0131nl\u0131k tasar\u0131m. Profesyonel ip65 su ge\u00e7irmez, 360 derece ya\u011fmurdan korur. Bah\u00e7eniz, bah\u00e7eniz, koridorunuz, sundurma,&#8230;<\/p>\n","protected":false},"featured_media":113830,"comment_status":"open","ping_status":"closed","template":"","meta":{"_kad_post_transparent":"","_kad_post_title":"","_kad_post_layout":"","_kad_post_sidebar_id":"","_kad_post_content_style":"","_kad_post_vertical_padding":"","_kad_post_feature":"","_kad_post_feature_position":"","_kad_post_header":false,"_kad_post_footer":false,"_kad_post_classname":""},"product_brand":[],"product_cat":[14946],"product_tag":[],"class_list":{"0":"post-113831","1":"product","2":"type-product","3":"status-publish","4":"has-post-thumbnail","6":"product_cat-bahce-aydinlatmasi-bahce-aydinlatmasi","8":"first","9":"instock","10":"purchasable","11":"product-type-simple","12":"entry","13":"content-bg","14":"loop-entry"},"_links":{"self":[{"href":"https:\/\/www.hediyepazar.com\/index.php?rest_route=\/wp\/v2\/product\/113831","targetHints":{"allow":["GET"]}}],"collection":[{"href":"https:\/\/www.hediyepazar.com\/index.php?rest_route=\/wp\/v2\/product"}],"about":[{"href":"https:\/\/www.hediyepazar.com\/index.php?rest_route=\/wp\/v2\/types\/product"}],"replies":[{"embeddable":true,"href":"https:\/\/www.hediyepazar.com\/index.php?rest_route=%2Fwp%2Fv2%2Fcomments&post=113831"}],"wp:featuredmedia":[{"embeddable":true,"href":"https:\/\/www.hediyepazar.com\/index.php?rest_route=\/wp\/v2\/media\/113830"}],"wp:attachment":[{"href":"https:\/\/www.hediyepazar.com\/index.php?rest_route=%2Fwp%2Fv2%2Fmedia&parent=113831"}],"wp:term":[{"taxonomy":"product_brand","embeddable":true,"href":"https:\/\/www.hediyepazar.com\/index.php?rest_route=%2Fwp%2Fv2%2Fproduct_brand&post=113831"},{"taxonomy":"product_cat","embeddable":true,"href":"https:\/\/www.hediyepazar.com\/index.php?rest_route=%2Fwp%2Fv2%2Fproduct_cat&post=113831"},{"taxonomy":"product_tag","embeddable":true,"href":"https:\/\/www.hediyepazar.com\/index.php?rest_route=%2Fwp%2Fv2%2Fproduct_tag&post=113831"}],"curies":[{"name":"wp","href":"https:\/\/api.w.org\/{rel}","templated":true}]}}