{"id":113843,"date":"2026-05-05T11:58:21","date_gmt":"2026-05-05T14:58:21","guid":{"rendered":"https:\/\/www.hediyepazar.com\/?product=10-metre-serit-led-gunisigi-2"},"modified":"2026-05-05T11:58:21","modified_gmt":"2026-05-05T14:58:21","slug":"10-metre-serit-led-gunisigi-2","status":"publish","type":"product","link":"https:\/\/www.hediyepazar.com\/?product=10-metre-serit-led-gunisigi-2","title":{"rendered":"10 METRE \u015eER\u0130T LED G\u00dcNI\u015eI\u011eI"},"content":{"rendered":"<p>Ger\u00e7ek g\u00fcn \u0131\u015f\u0131\u011f\u0131 kalitesinde, uzun \u00f6m\u00fcrl\u00fc LED \u0131\u015f\u0131klarla donat\u0131lm\u0131\u015f, 10 metre uzunlu\u011funda animasyonlu folyo balon \tKumanda ile kontrol edilebilen bu balon, istedi\u011finiz zaman \u0131\u015f\u0131klar\u0131n\u0131 a\u00e7\u0131p kapatabilmenize olanak tan\u0131r \t\u00d6zel g\u00fcnlerinizde veya kutlamalar\u0131n\u0131zda \u015f\u0131k ve etkileyici bir atmosfer yaratmak i\u00e7in ideal bir dekorasyon arac\u0131d\u0131r \tFolyo balon yap\u0131s\u0131 sayesinde hafif ve kolayca ta\u015f\u0131nabilir \tistedi\u011finiz yere rahat\u00e7a yerle\u015ftirebilirsiniz<\/p>\n","protected":false},"excerpt":{"rendered":"<p>Ger\u00e7ek g\u00fcn \u0131\u015f\u0131\u011f\u0131 kalitesinde, uzun \u00f6m\u00fcrl\u00fc LED \u0131\u015f\u0131klarla donat\u0131lm\u0131\u015f, 10 metre uzunlu\u011funda animasyonlu folyo balon Kumanda ile kontrol edilebilen bu balon, istedi\u011finiz zaman \u0131\u015f\u0131klar\u0131n\u0131 a\u00e7\u0131p kapatabilmenize olanak tan\u0131r \u00d6zel g\u00fcnlerinizde veya kutlamalar\u0131n\u0131zda \u015f\u0131k ve etkileyici bir atmosfer yaratmak i\u00e7in ideal bir dekorasyon arac\u0131d\u0131r Folyo balon yap\u0131s\u0131 sayesinde hafif ve kolayca ta\u015f\u0131nabilir istedi\u011finiz yere rahat\u00e7a yerle\u015ftirebilirsiniz<\/p>\n","protected":false},"featured_media":113842,"comment_status":"open","ping_status":"closed","template":"","meta":{"_kad_post_transparent":"","_kad_post_title":"","_kad_post_layout":"","_kad_post_sidebar_id":"","_kad_post_content_style":"","_kad_post_vertical_padding":"","_kad_post_feature":"","_kad_post_feature_position":"","_kad_post_header":false,"_kad_post_footer":false,"_kad_post_classname":""},"product_brand":[],"product_cat":[14933],"product_tag":[],"class_list":{"0":"post-113843","1":"product","2":"type-product","3":"status-publish","4":"has-post-thumbnail","6":"product_cat-led-isik-led-isik","8":"first","9":"instock","10":"purchasable","11":"product-type-simple","12":"entry","13":"content-bg","14":"loop-entry"},"_links":{"self":[{"href":"https:\/\/www.hediyepazar.com\/index.php?rest_route=\/wp\/v2\/product\/113843","targetHints":{"allow":["GET"]}}],"collection":[{"href":"https:\/\/www.hediyepazar.com\/index.php?rest_route=\/wp\/v2\/product"}],"about":[{"href":"https:\/\/www.hediyepazar.com\/index.php?rest_route=\/wp\/v2\/types\/product"}],"replies":[{"embeddable":true,"href":"https:\/\/www.hediyepazar.com\/index.php?rest_route=%2Fwp%2Fv2%2Fcomments&post=113843"}],"wp:featuredmedia":[{"embeddable":true,"href":"https:\/\/www.hediyepazar.com\/index.php?rest_route=\/wp\/v2\/media\/113842"}],"wp:attachment":[{"href":"https:\/\/www.hediyepazar.com\/index.php?rest_route=%2Fwp%2Fv2%2Fmedia&parent=113843"}],"wp:term":[{"taxonomy":"product_brand","embeddable":true,"href":"https:\/\/www.hediyepazar.com\/index.php?rest_route=%2Fwp%2Fv2%2Fproduct_brand&post=113843"},{"taxonomy":"product_cat","embeddable":true,"href":"https:\/\/www.hediyepazar.com\/index.php?rest_route=%2Fwp%2Fv2%2Fproduct_cat&post=113843"},{"taxonomy":"product_tag","embeddable":true,"href":"https:\/\/www.hediyepazar.com\/index.php?rest_route=%2Fwp%2Fv2%2Fproduct_tag&post=113843"}],"curies":[{"name":"wp","href":"https:\/\/api.w.org\/{rel}","templated":true}]}}