{"id":113887,"date":"2026-05-05T12:00:24","date_gmt":"2026-05-05T15:00:24","guid":{"rendered":"https:\/\/www.hediyepazar.com\/?product=google-dijital"},"modified":"2026-05-05T12:00:24","modified_gmt":"2026-05-05T15:00:24","slug":"google-dijital","status":"publish","type":"product","link":"https:\/\/www.hediyepazar.com\/?product=google-dijital","title":{"rendered":"Google Dijital"},"content":{"rendered":"<p>Kablosuz \u015earj \u00d6zellikli Bluetooth Hoparl\u00f6r Gece Lambas\u0131&#8217;n\u0131n rahatl\u0131\u011f\u0131n\u0131n tad\u0131n\u0131 \u00e7\u0131kar\u0131n \tBu hepsi bir arada cihaz, size kristal netli\u011finde bir ses ve m\u00fckemmel bir ortam sa\u011flamak i\u00e7in tasarlanm\u0131\u015ft\u0131r. \tDahili NFC \u015farj\u0131, kablosuz \u015farj \u00f6zelli\u011fi, ayarlanabilir parlakl\u0131k ayarlar\u0131 ve sezgisel \u00e7alar saati ile bu hoparl\u00f6r\u00fcn evinize rahatl\u0131k ve stil kataca\u011f\u0131ndan emin olabilirsiniz. \t\u00a0ahili Bluetooth 5.0 Hoparl\u00f6r, m\u00fczik ak\u0131\u015f\u0131 i\u00e7in telefonunuza veya ba\u015fka bir cihaza kolayca ba\u011flan\u0131n. \tKablosuz \u015farj teknolojisi ve NFC \u015earj ile telefonunuzu ve hoparl\u00f6r\u00fc kablolar\u0131 takmadan \u015farj etmenizi sa\u011flar. \tLED gece lambas\u0131 \u00f6zelli\u011fi s\u0131cak beyazdan RGB \u0131\u015f\u0131klara ayarlanabilir. \tFM radyo ve bir\u00e7ok farkl\u0131 fonksiyonu ile ba\u015fucu arkada\u015f\u0131 olarak kullan\u0131m i\u00e7in m\u00fckemmeldir. \tFM radyo ve bir\u00e7ok farkl\u0131 fonksiyonu ile ba\u015fucu arkada\u015f\u0131 olarak kullan\u0131m i\u00e7in m\u00fckemmeldir. \tBo\u015ftayken d\u00fc\u015f\u00fck g\u00fc\u00e7 t\u00fcketimi, enerji tasarruflu ve \u00e7evre dostu tasar\u0131m. \tUzun \u00f6m\u00fcrl\u00fc dayan\u0131kl\u0131l\u0131k i\u00e7in \u00fcst\u00fcn kaliteli ABS malzeme ve \u00fcst\u00fcn ses kalitesi. \tAk\u0131ll\u0131 telefonlar ve tabletler de dahil olmak \u00fczere \u00e7o\u011fu cihazla uyumlu \u00e7oklu ses giri\u015fleri ve \u00e7\u0131k\u0131\u015flar\u0131. \tKompakt boyutu ve hafif tasar\u0131m\u0131, ta\u015f\u0131nabilir ve ta\u015f\u0131nmas\u0131 kolay olmas\u0131n\u0131 sa\u011flar. \tS\u00fcr\u00fckleyici bir dinleme deneyimi i\u00e7in derin bas ve kristal netli\u011finde tizler i\u00e7eren stereo ses efekti. \tBluetooth ile kablosuz ba\u011flan\u0131r ve 10 saate kadar oynatma s\u00fcresi sa\u011flar. \tDaha fazla rahatl\u0131k i\u00e7in eller serbest aramay\u0131 destekler.Ak\u0131ll\u0131 Telefon \/ Tablet Uygulamas\u0131, Ekolayz\u0131r ayarlar\u0131, Uyku Zamanlay\u0131c\u0131s\u0131 vb. gibi daha fazla \u00f6zellik i\u00e7in kullan\u0131labilir. \tYap\u0131s\u0131yla g\u00fcvenli d\u0131\u015f mekan kullan\u0131m\u0131 sunar. \tFarkl\u0131 renk ge\u00e7i\u015fleriyle odan\u0131zda muhte\u015fem bir g\u00f6r\u00fcn\u00fcme ula\u015fabilirsiniz.<\/p>\n","protected":false},"excerpt":{"rendered":"<p>Kablosuz \u015earj \u00d6zellikli Bluetooth Hoparl\u00f6r Gece Lambas\u0131&#8217;n\u0131n rahatl\u0131\u011f\u0131n\u0131n tad\u0131n\u0131 \u00e7\u0131kar\u0131n Bu hepsi bir arada cihaz, size kristal netli\u011finde bir ses ve m\u00fckemmel bir ortam sa\u011flamak i\u00e7in tasarlanm\u0131\u015ft\u0131r. Dahili NFC \u015farj\u0131, kablosuz \u015farj \u00f6zelli\u011fi, ayarlanabilir parlakl\u0131k ayarlar\u0131 ve sezgisel \u00e7alar saati ile bu hoparl\u00f6r\u00fcn evinize rahatl\u0131k ve stil kataca\u011f\u0131ndan emin olabilirsiniz. \u00a0ahili Bluetooth 5.0 Hoparl\u00f6r, m\u00fczik&#8230;<\/p>\n","protected":false},"featured_media":113886,"comment_status":"open","ping_status":"closed","template":"","meta":{"_kad_post_transparent":"","_kad_post_title":"","_kad_post_layout":"","_kad_post_sidebar_id":"","_kad_post_content_style":"","_kad_post_vertical_padding":"","_kad_post_feature":"","_kad_post_feature_position":"","_kad_post_header":false,"_kad_post_footer":false,"_kad_post_classname":""},"product_brand":[],"product_cat":[14911],"product_tag":[],"class_list":{"0":"post-113887","1":"product","2":"type-product","3":"status-publish","4":"has-post-thumbnail","6":"product_cat-kablosuz-hoparlor-kablosuz-hoparlor","8":"first","9":"instock","10":"purchasable","11":"product-type-simple","12":"entry","13":"content-bg","14":"loop-entry"},"_links":{"self":[{"href":"https:\/\/www.hediyepazar.com\/index.php?rest_route=\/wp\/v2\/product\/113887","targetHints":{"allow":["GET"]}}],"collection":[{"href":"https:\/\/www.hediyepazar.com\/index.php?rest_route=\/wp\/v2\/product"}],"about":[{"href":"https:\/\/www.hediyepazar.com\/index.php?rest_route=\/wp\/v2\/types\/product"}],"replies":[{"embeddable":true,"href":"https:\/\/www.hediyepazar.com\/index.php?rest_route=%2Fwp%2Fv2%2Fcomments&post=113887"}],"wp:featuredmedia":[{"embeddable":true,"href":"https:\/\/www.hediyepazar.com\/index.php?rest_route=\/wp\/v2\/media\/113886"}],"wp:attachment":[{"href":"https:\/\/www.hediyepazar.com\/index.php?rest_route=%2Fwp%2Fv2%2Fmedia&parent=113887"}],"wp:term":[{"taxonomy":"product_brand","embeddable":true,"href":"https:\/\/www.hediyepazar.com\/index.php?rest_route=%2Fwp%2Fv2%2Fproduct_brand&post=113887"},{"taxonomy":"product_cat","embeddable":true,"href":"https:\/\/www.hediyepazar.com\/index.php?rest_route=%2Fwp%2Fv2%2Fproduct_cat&post=113887"},{"taxonomy":"product_tag","embeddable":true,"href":"https:\/\/www.hediyepazar.com\/index.php?rest_route=%2Fwp%2Fv2%2Fproduct_tag&post=113887"}],"curies":[{"name":"wp","href":"https:\/\/api.w.org\/{rel}","templated":true}]}}