{"id":113897,"date":"2026-05-05T12:00:51","date_gmt":"2026-05-05T15:00:51","guid":{"rendered":"https:\/\/www.hediyepazar.com\/?product=astronot-lamba-speakerli"},"modified":"2026-05-05T12:00:51","modified_gmt":"2026-05-05T15:00:51","slug":"astronot-lamba-speakerli","status":"publish","type":"product","link":"https:\/\/www.hediyepazar.com\/?product=astronot-lamba-speakerli","title":{"rendered":"ASTRONOT LAMBA SPEAKERLI"},"content":{"rendered":"<p>\u00dcr\u00fcn bluetooth ludur telefon ile baglant\u0131 yap\u0131l\u0131p m\u00fczik dinlenebilir kendi i\u00e7erisinde m\u00fczik mevcuttur ku\u015f c\u0131v\u0131lt\u0131s\u0131 dalga sesi s\u00f6mine ate\u015f sesi uyku m\u00fczi\u011fi nebula y\u0131ld\u0131z ve ay yans\u0131tmal\u0131d\u0131r ana malzeme: ABS + PC + PVC + TPE \u00dcr\u00fcn boyutu: 120*113*228mm Paket boyutu: 123*115*240mm \u00dcr\u00fcn br\u00fct a\u011f\u0131rl\u0131k: 655g \u00dcr\u00fcn\u00fcn Net a\u011f\u0131rl\u0131\u011f\u0131: 487g D\u0131\u015f kutu boyutu: 505*390*485mm Anma gerilimi: 5V\/1A Anma g\u00fcc\u00fc: 5W G\u00fc\u00e7 modu: USB kablosu g\u00fc\u00e7 kayna\u011f\u0131na ba\u011fl\u0131 Standart \u00fcr\u00fcn konfig\u00fcrasyonu: astronaut projeksiyon lambas\u0131 * 1 Taban * 1 \tUSB g\u00fc\u00e7 kablosu * 1 \t\u0130ngilizce e\u011fitimi * 1 \tUzaktan kumanda * 1(2 No. pil gereklidir Kutuda Pil Hari\u00e7tir \u00d6zellik: 1. nebula etkileri \u00e7e\u015fitli g\u00f6r\u00fcnt\u00fclenir ve nebula h\u0131z\u0131 ve parlakl\u0131\u011f\u0131 ayarlanabilir \t2. Y\u0131ld\u0131zlar\u0131n parlakl\u0131\u011f\u0131 ve h\u0131z\u0131 ayarlanabilir \t3. Nebula ve y\u0131ld\u0131z lambas\u0131 ayn\u0131 anda veya tek ba\u015f\u0131na kullan\u0131labilir \t4. \u0130ki zamanlama modu: 45 dk ve 90 dk \t5. Projeksiyon a\u00e7\u0131s\u0131 irade ayarlanabilir \t6. Projeksiyon lambas\u0131 ve dekorasyon olarak kullan\u0131labilir.<\/p>\n","protected":false},"excerpt":{"rendered":"<p>\u00dcr\u00fcn bluetooth ludur telefon ile baglant\u0131 yap\u0131l\u0131p m\u00fczik dinlenebilir kendi i\u00e7erisinde m\u00fczik mevcuttur ku\u015f c\u0131v\u0131lt\u0131s\u0131 dalga sesi s\u00f6mine ate\u015f sesi uyku m\u00fczi\u011fi nebula y\u0131ld\u0131z ve ay yans\u0131tmal\u0131d\u0131r ana malzeme: ABS + PC + PVC + TPE \u00dcr\u00fcn boyutu: 120*113*228mm Paket boyutu: 123*115*240mm \u00dcr\u00fcn br\u00fct a\u011f\u0131rl\u0131k: 655g \u00dcr\u00fcn\u00fcn Net a\u011f\u0131rl\u0131\u011f\u0131: 487g D\u0131\u015f kutu boyutu: 505*390*485mm Anma&#8230;<\/p>\n","protected":false},"featured_media":113896,"comment_status":"open","ping_status":"closed","template":"","meta":{"_kad_post_transparent":"","_kad_post_title":"","_kad_post_layout":"","_kad_post_sidebar_id":"","_kad_post_content_style":"","_kad_post_vertical_padding":"","_kad_post_feature":"","_kad_post_feature_position":"","_kad_post_header":false,"_kad_post_footer":false,"_kad_post_classname":""},"product_brand":[],"product_cat":[14911],"product_tag":[],"class_list":{"0":"post-113897","1":"product","2":"type-product","3":"status-publish","4":"has-post-thumbnail","6":"product_cat-kablosuz-hoparlor-kablosuz-hoparlor","8":"first","9":"instock","10":"purchasable","11":"product-type-simple","12":"entry","13":"content-bg","14":"loop-entry"},"_links":{"self":[{"href":"https:\/\/www.hediyepazar.com\/index.php?rest_route=\/wp\/v2\/product\/113897","targetHints":{"allow":["GET"]}}],"collection":[{"href":"https:\/\/www.hediyepazar.com\/index.php?rest_route=\/wp\/v2\/product"}],"about":[{"href":"https:\/\/www.hediyepazar.com\/index.php?rest_route=\/wp\/v2\/types\/product"}],"replies":[{"embeddable":true,"href":"https:\/\/www.hediyepazar.com\/index.php?rest_route=%2Fwp%2Fv2%2Fcomments&post=113897"}],"wp:featuredmedia":[{"embeddable":true,"href":"https:\/\/www.hediyepazar.com\/index.php?rest_route=\/wp\/v2\/media\/113896"}],"wp:attachment":[{"href":"https:\/\/www.hediyepazar.com\/index.php?rest_route=%2Fwp%2Fv2%2Fmedia&parent=113897"}],"wp:term":[{"taxonomy":"product_brand","embeddable":true,"href":"https:\/\/www.hediyepazar.com\/index.php?rest_route=%2Fwp%2Fv2%2Fproduct_brand&post=113897"},{"taxonomy":"product_cat","embeddable":true,"href":"https:\/\/www.hediyepazar.com\/index.php?rest_route=%2Fwp%2Fv2%2Fproduct_cat&post=113897"},{"taxonomy":"product_tag","embeddable":true,"href":"https:\/\/www.hediyepazar.com\/index.php?rest_route=%2Fwp%2Fv2%2Fproduct_tag&post=113897"}],"curies":[{"name":"wp","href":"https:\/\/api.w.org\/{rel}","templated":true}]}}