{"id":113903,"date":"2026-05-05T12:01:09","date_gmt":"2026-05-05T15:01:09","guid":{"rendered":"https:\/\/www.hediyepazar.com\/?product=m80-bluetooth-kulaklik-2"},"modified":"2026-05-05T12:01:09","modified_gmt":"2026-05-05T15:01:09","slug":"m80-bluetooth-kulaklik-2","status":"publish","type":"product","link":"https:\/\/www.hediyepazar.com\/?product=m80-bluetooth-kulaklik-2","title":{"rendered":"M80 BLUETOOTH KULAKLIK"},"content":{"rendered":"<p>\u00dcr\u00fcn Batarya Kapasitesi Toplam 2000Mah d\u0131r. \tKulakl\u0131klar tam \u015farj ile ortalama 3-4 saat aras\u0131nda \u00e7al\u0131\u015fmaktad\u0131r. \tKutunun \u00f6n y\u00fcz\u00fcnde bulunan LCD ekran sayesinde kulakl\u0131klar\u0131n ve kutunun \u015farj durumunu g\u00f6zlemleyebilirsiniz. \tKulakl\u0131k kutusu \u00fczerinde Micro USB + Lightning + Type C Kablolar bulunmaktad\u0131r ve acil durumlar i\u00e7in telefonunuzu \u015farj etmek i\u00e7in kullanabilirsiniz. \tKulakl\u0131k kutusu Type C kablo ile \u015farj olmaktad\u0131r. \tKutu i\u00e7eri\u011fi: M80 Bluetooth Kulakl\u0131k + \u015earj Kablosu + Kullan\u0131m K\u0131lavuzu Ki\u015fisel ve \u015fahsa ait \u00fcr\u00fcn guruplar\u0131nda hijyen nedeni ile \u00fcr\u00fcn paketinin a\u00e7\u0131lmas\u0131 veya y\u0131rt\u0131lmas\u0131 durumunda \u00fcr\u00fcn yeniden sat\u0131\u015fa uygun olamayaca\u011f\u0131ndan \u00f6t\u00fcr\u00fc iade kabul edilememektedir. \tSipari\u015f etti\u011finiz t\u00fcm \u00fcr\u00fcnler tamamiyle hijyenik ortamlarda firmam\u0131z taraf\u0131ndan test edilip sizlere g\u00f6nderilmektedir.<\/p>\n","protected":false},"excerpt":{"rendered":"<p>\u00dcr\u00fcn Batarya Kapasitesi Toplam 2000Mah d\u0131r. Kulakl\u0131klar tam \u015farj ile ortalama 3-4 saat aras\u0131nda \u00e7al\u0131\u015fmaktad\u0131r. Kutunun \u00f6n y\u00fcz\u00fcnde bulunan LCD ekran sayesinde kulakl\u0131klar\u0131n ve kutunun \u015farj durumunu g\u00f6zlemleyebilirsiniz. Kulakl\u0131k kutusu \u00fczerinde Micro USB + Lightning + Type C Kablolar bulunmaktad\u0131r ve acil durumlar i\u00e7in telefonunuzu \u015farj etmek i\u00e7in kullanabilirsiniz. Kulakl\u0131k kutusu Type C kablo ile&#8230;<\/p>\n","protected":false},"featured_media":113902,"comment_status":"open","ping_status":"closed","template":"","meta":{"_kad_post_transparent":"","_kad_post_title":"","_kad_post_layout":"","_kad_post_sidebar_id":"","_kad_post_content_style":"","_kad_post_vertical_padding":"","_kad_post_feature":"","_kad_post_feature_position":"","_kad_post_header":false,"_kad_post_footer":false,"_kad_post_classname":""},"product_brand":[],"product_cat":[14957],"product_tag":[],"class_list":{"0":"post-113903","1":"product","2":"type-product","3":"status-publish","4":"has-post-thumbnail","6":"product_cat-kablosuz-kulaklik-kablosuz-kulaklik","8":"first","9":"instock","10":"purchasable","11":"product-type-simple","12":"entry","13":"content-bg","14":"loop-entry"},"_links":{"self":[{"href":"https:\/\/www.hediyepazar.com\/index.php?rest_route=\/wp\/v2\/product\/113903","targetHints":{"allow":["GET"]}}],"collection":[{"href":"https:\/\/www.hediyepazar.com\/index.php?rest_route=\/wp\/v2\/product"}],"about":[{"href":"https:\/\/www.hediyepazar.com\/index.php?rest_route=\/wp\/v2\/types\/product"}],"replies":[{"embeddable":true,"href":"https:\/\/www.hediyepazar.com\/index.php?rest_route=%2Fwp%2Fv2%2Fcomments&post=113903"}],"wp:featuredmedia":[{"embeddable":true,"href":"https:\/\/www.hediyepazar.com\/index.php?rest_route=\/wp\/v2\/media\/113902"}],"wp:attachment":[{"href":"https:\/\/www.hediyepazar.com\/index.php?rest_route=%2Fwp%2Fv2%2Fmedia&parent=113903"}],"wp:term":[{"taxonomy":"product_brand","embeddable":true,"href":"https:\/\/www.hediyepazar.com\/index.php?rest_route=%2Fwp%2Fv2%2Fproduct_brand&post=113903"},{"taxonomy":"product_cat","embeddable":true,"href":"https:\/\/www.hediyepazar.com\/index.php?rest_route=%2Fwp%2Fv2%2Fproduct_cat&post=113903"},{"taxonomy":"product_tag","embeddable":true,"href":"https:\/\/www.hediyepazar.com\/index.php?rest_route=%2Fwp%2Fv2%2Fproduct_tag&post=113903"}],"curies":[{"name":"wp","href":"https:\/\/api.w.org\/{rel}","templated":true}]}}