{"id":113960,"date":"2026-05-05T12:04:00","date_gmt":"2026-05-05T15:04:00","guid":{"rendered":"https:\/\/www.hediyepazar.com\/?product=s20-kulaklik-2"},"modified":"2026-05-05T12:04:00","modified_gmt":"2026-05-05T15:04:00","slug":"s20-kulaklik-2","status":"publish","type":"product","link":"https:\/\/www.hediyepazar.com\/?product=s20-kulaklik-2","title":{"rendered":"S20 KULAKLIK"},"content":{"rendered":"<p>\u00c7ift Dijital g\u00f6sterge \tG\u00fcr\u00fclt\u00fc \u00f6nleyici (Konu\u015fmada ses net gider) \tG\u00fc\u00e7lendirilmi\u015f bass \u00f6zelli\u011fi \t5-6 g\u00fcn \u015farj s\u00fcresiBluetooth s\u00fcr\u00fcm\u00fc: Bluetooth 5.0\u0130letim mesafesi: 10 metreBluetooth protokol\u00fc: Hfp \/ hsp \/ a2dp \/ avrcpSu ge\u00e7irmez seviye : Ipx5Kulakl\u0131k pil kapasitesi: 50mah\u015earj \u00e7antas\u0131 pil kapasitesi: 2000mah\u015earj s\u00fcresi: Yakla\u015f\u0131k 4-5 saatBa\u011flant\u0131 y\u00f6ntemi: Tek \/ \u00e7iftKomut \u00f6zellikleri : M\u00fczik \u00e7alma \/ duraklatma, \u00e7a\u011fr\u0131 cevaplama \tG\u00fcr\u00fclt\u00fc azaltma \tIOS G\u00fc\u00e7 G\u00f6stergesi \tSesli komut istemiRenk: SiyahPaket i\u00e7eri\u011fi: 2 x bluetooth kulakl\u0131k 1 x \u015farj kutusu 1 x \u015farj kablosu 1 x kullan\u0131m k\u0131lavuzu.<\/p>\n","protected":false},"excerpt":{"rendered":"<p>\u00c7ift Dijital g\u00f6sterge G\u00fcr\u00fclt\u00fc \u00f6nleyici (Konu\u015fmada ses net gider) G\u00fc\u00e7lendirilmi\u015f bass \u00f6zelli\u011fi 5-6 g\u00fcn \u015farj s\u00fcresiBluetooth s\u00fcr\u00fcm\u00fc: Bluetooth 5.0\u0130letim mesafesi: 10 metreBluetooth protokol\u00fc: Hfp \/ hsp \/ a2dp \/ avrcpSu ge\u00e7irmez seviye : Ipx5Kulakl\u0131k pil kapasitesi: 50mah\u015earj \u00e7antas\u0131 pil kapasitesi: 2000mah\u015earj s\u00fcresi: Yakla\u015f\u0131k 4-5 saatBa\u011flant\u0131 y\u00f6ntemi: Tek \/ \u00e7iftKomut \u00f6zellikleri : M\u00fczik \u00e7alma \/ duraklatma,&#8230;<\/p>\n","protected":false},"featured_media":0,"comment_status":"open","ping_status":"closed","template":"","meta":{"_kad_post_transparent":"","_kad_post_title":"","_kad_post_layout":"","_kad_post_sidebar_id":"","_kad_post_content_style":"","_kad_post_vertical_padding":"","_kad_post_feature":"","_kad_post_feature_position":"","_kad_post_header":false,"_kad_post_footer":false,"_kad_post_classname":""},"product_brand":[],"product_cat":[14957],"product_tag":[],"class_list":{"0":"post-113960","1":"product","2":"type-product","3":"status-publish","5":"product_cat-kablosuz-kulaklik-kablosuz-kulaklik","7":"first","8":"instock","9":"purchasable","10":"product-type-simple","11":"entry","12":"content-bg","13":"loop-entry"},"_links":{"self":[{"href":"https:\/\/www.hediyepazar.com\/index.php?rest_route=\/wp\/v2\/product\/113960","targetHints":{"allow":["GET"]}}],"collection":[{"href":"https:\/\/www.hediyepazar.com\/index.php?rest_route=\/wp\/v2\/product"}],"about":[{"href":"https:\/\/www.hediyepazar.com\/index.php?rest_route=\/wp\/v2\/types\/product"}],"replies":[{"embeddable":true,"href":"https:\/\/www.hediyepazar.com\/index.php?rest_route=%2Fwp%2Fv2%2Fcomments&post=113960"}],"wp:attachment":[{"href":"https:\/\/www.hediyepazar.com\/index.php?rest_route=%2Fwp%2Fv2%2Fmedia&parent=113960"}],"wp:term":[{"taxonomy":"product_brand","embeddable":true,"href":"https:\/\/www.hediyepazar.com\/index.php?rest_route=%2Fwp%2Fv2%2Fproduct_brand&post=113960"},{"taxonomy":"product_cat","embeddable":true,"href":"https:\/\/www.hediyepazar.com\/index.php?rest_route=%2Fwp%2Fv2%2Fproduct_cat&post=113960"},{"taxonomy":"product_tag","embeddable":true,"href":"https:\/\/www.hediyepazar.com\/index.php?rest_route=%2Fwp%2Fv2%2Fproduct_tag&post=113960"}],"curies":[{"name":"wp","href":"https:\/\/api.w.org\/{rel}","templated":true}]}}