{"id":113966,"date":"2026-05-05T12:04:24","date_gmt":"2026-05-05T15:04:24","guid":{"rendered":"https:\/\/www.hediyepazar.com\/?product=e10-kablosuz-bluetooth-kulaklik-3d-ses-powerbank-sarj-kutusu"},"modified":"2026-05-05T12:04:24","modified_gmt":"2026-05-05T15:04:24","slug":"e10-kablosuz-bluetooth-kulaklik-3d-ses-powerbank-sarj-kutusu","status":"publish","type":"product","link":"https:\/\/www.hediyepazar.com\/?product=e10-kablosuz-bluetooth-kulaklik-3d-ses-powerbank-sarj-kutusu","title":{"rendered":"E10 Kablosuz Bluetooth Kulakl\u0131k \u2013 3D Ses Powerbank \u015earj Kutusu"},"content":{"rendered":"<p>E10 Bluetooth kulakl\u0131k, \u015farj powerbank\u0131 ile birlikte gelir; bu sayede kulakl\u0131klar\u0131n\u0131z\u0131 bir\u00e7ok kez \u015farj edebilir ve kesintisiz kullan\u0131m sa\u011flayabilirsiniz. 380mAh \u015farj kutusu, kulakl\u0131klar\u0131n her zaman haz\u0131r olmas\u0131n\u0131 sa\u011flar. LED ekran g\u00f6stergesi, \u015farj durumunu kolayca izlemenize imk\u00e2n verir. Tek \u015farjla 4-5 saat kesintisiz m\u00fczik veya oyun deneyimi, bekleme modunda ise uzun s\u00fcreli performans sunar. Bluetooth 5.1 ba\u011flant\u0131s\u0131, hem Android hem iOS cihazlarla uyumlu olup, h\u0131zl\u0131 ve stabil bir ba\u011flant\u0131 sa\u011flar. Ergonomik kulak t\u0131ka\u00e7lar\u0131, farkl\u0131 boyut se\u00e7enekleriyle kula\u011f\u0131n\u0131za m\u00fckemmel uyum sa\u011flar. G\u00fcr\u00fclt\u00fc \u00f6nleme \u00f6zelli\u011fi, d\u0131\u015f sesleri minimuma indirerek kristal netli\u011finde bir dinleme deneyimi sunar. Estetik LED \u0131\u015f\u0131klar\u0131, modern g\u00f6r\u00fcn\u00fcm\u00fc tamamlar.<\/p>\n","protected":false},"excerpt":{"rendered":"<p>E10 Bluetooth kulakl\u0131k, \u015farj powerbank\u0131 ile birlikte gelir; bu sayede kulakl\u0131klar\u0131n\u0131z\u0131 bir\u00e7ok kez \u015farj edebilir ve kesintisiz kullan\u0131m sa\u011flayabilirsiniz. 380mAh \u015farj kutusu, kulakl\u0131klar\u0131n her zaman haz\u0131r olmas\u0131n\u0131 sa\u011flar. LED ekran g\u00f6stergesi, \u015farj durumunu kolayca izlemenize imk\u00e2n verir. Tek \u015farjla 4-5 saat kesintisiz m\u00fczik veya oyun deneyimi, bekleme modunda ise uzun s\u00fcreli performans sunar. Bluetooth 5.1&#8230;<\/p>\n","protected":false},"featured_media":113965,"comment_status":"open","ping_status":"closed","template":"","meta":{"_kad_post_transparent":"","_kad_post_title":"","_kad_post_layout":"","_kad_post_sidebar_id":"","_kad_post_content_style":"","_kad_post_vertical_padding":"","_kad_post_feature":"","_kad_post_feature_position":"","_kad_post_header":false,"_kad_post_footer":false,"_kad_post_classname":""},"product_brand":[],"product_cat":[14957],"product_tag":[],"class_list":{"0":"post-113966","1":"product","2":"type-product","3":"status-publish","4":"has-post-thumbnail","6":"product_cat-kablosuz-kulaklik-kablosuz-kulaklik","8":"first","9":"instock","10":"purchasable","11":"product-type-simple","12":"entry","13":"content-bg","14":"loop-entry"},"_links":{"self":[{"href":"https:\/\/www.hediyepazar.com\/index.php?rest_route=\/wp\/v2\/product\/113966","targetHints":{"allow":["GET"]}}],"collection":[{"href":"https:\/\/www.hediyepazar.com\/index.php?rest_route=\/wp\/v2\/product"}],"about":[{"href":"https:\/\/www.hediyepazar.com\/index.php?rest_route=\/wp\/v2\/types\/product"}],"replies":[{"embeddable":true,"href":"https:\/\/www.hediyepazar.com\/index.php?rest_route=%2Fwp%2Fv2%2Fcomments&post=113966"}],"wp:featuredmedia":[{"embeddable":true,"href":"https:\/\/www.hediyepazar.com\/index.php?rest_route=\/wp\/v2\/media\/113965"}],"wp:attachment":[{"href":"https:\/\/www.hediyepazar.com\/index.php?rest_route=%2Fwp%2Fv2%2Fmedia&parent=113966"}],"wp:term":[{"taxonomy":"product_brand","embeddable":true,"href":"https:\/\/www.hediyepazar.com\/index.php?rest_route=%2Fwp%2Fv2%2Fproduct_brand&post=113966"},{"taxonomy":"product_cat","embeddable":true,"href":"https:\/\/www.hediyepazar.com\/index.php?rest_route=%2Fwp%2Fv2%2Fproduct_cat&post=113966"},{"taxonomy":"product_tag","embeddable":true,"href":"https:\/\/www.hediyepazar.com\/index.php?rest_route=%2Fwp%2Fv2%2Fproduct_tag&post=113966"}],"curies":[{"name":"wp","href":"https:\/\/api.w.org\/{rel}","templated":true}]}}