{"id":114024,"date":"2026-05-05T12:07:52","date_gmt":"2026-05-05T15:07:52","guid":{"rendered":"https:\/\/www.hediyepazar.com\/?product=8mp-mini-cocuk-fotograf-makinesi-pembe-ses-kaydi-ozellikli"},"modified":"2026-05-05T12:07:52","modified_gmt":"2026-05-05T15:07:52","slug":"8mp-mini-cocuk-fotograf-makinesi-pembe-ses-kaydi-ozellikli","status":"publish","type":"product","link":"https:\/\/www.hediyepazar.com\/?product=8mp-mini-cocuk-fotograf-makinesi-pembe-ses-kaydi-ozellikli","title":{"rendered":"8MP Mini \u00c7ocuk Foto\u011fraf Makinesi \u2013 Pembe Ses Kayd\u0131 \u00d6zellikli"},"content":{"rendered":"<p>Pembe Mini \u00c7ocuk Kameras\u0131, \u00e7ocuklara \u00f6zel olarak ergonomik ve g\u00fcvenli \u015fekilde tasarlanm\u0131\u015ft\u0131r. Hafif yap\u0131s\u0131, minik eller i\u00e7in ideal boyuttad\u0131r. 8MP sens\u00f6r\u00fc, 1080p HD \u00e7\u00f6z\u00fcn\u00fcrl\u00fc\u011f\u00fc ve 4x dijital zoom \u00f6zelli\u011fi sayesinde net ve detayl\u0131 kareler yakalar.2.0 in\u00e7 TFT ekran, \u00e7ekilen foto\u011fraflar\u0131n an\u0131nda g\u00f6r\u00fcnt\u00fclenmesini sa\u011flar. E\u011flenceli \u00e7\u0131kartmalar, komik filtreler ve \u00e7er\u00e7evelerle \u00e7ocuklar\u0131n yarat\u0131c\u0131l\u0131\u011f\u0131n\u0131 destekler. Ayr\u0131ca video kayd\u0131, zamanlay\u0131c\u0131 ve ses kayd\u0131 \u00f6zellikleriyle \u00e7ok y\u00f6nl\u00fc kullan\u0131m sunar.USB kablosu ile kolay \u015farj imk\u00e2n\u0131, 32GB\u2019a kadar TF kart deste\u011fi ve 600 mAh batarya kapasitesi sayesinde uzun s\u00fcreli kullan\u0131m m\u00fcmk\u00fcnd\u00fcr. Seyahatlerde veya d\u0131\u015f mek\u00e2n etkinliklerinde ta\u015f\u0131ma boyunlu\u011fu ile rahatl\u0131kla ta\u015f\u0131nabilir. Hem k\u0131z hem erkek \u00e7ocuklar i\u00e7in m\u00fckemmel bir do\u011fum g\u00fcn\u00fc hediyesi olan bu kamera, \u00e7ocuklara kendi hik\u00e2yelerini \u00e7ekme f\u0131rsat\u0131 sunar.<\/p>\n","protected":false},"excerpt":{"rendered":"<p>Pembe Mini \u00c7ocuk Kameras\u0131, \u00e7ocuklara \u00f6zel olarak ergonomik ve g\u00fcvenli \u015fekilde tasarlanm\u0131\u015ft\u0131r. Hafif yap\u0131s\u0131, minik eller i\u00e7in ideal boyuttad\u0131r. 8MP sens\u00f6r\u00fc, 1080p HD \u00e7\u00f6z\u00fcn\u00fcrl\u00fc\u011f\u00fc ve 4x dijital zoom \u00f6zelli\u011fi sayesinde net ve detayl\u0131 kareler yakalar.2.0 in\u00e7 TFT ekran, \u00e7ekilen foto\u011fraflar\u0131n an\u0131nda g\u00f6r\u00fcnt\u00fclenmesini sa\u011flar. E\u011flenceli \u00e7\u0131kartmalar, komik filtreler ve \u00e7er\u00e7evelerle \u00e7ocuklar\u0131n yarat\u0131c\u0131l\u0131\u011f\u0131n\u0131 destekler. Ayr\u0131ca video kayd\u0131,&#8230;<\/p>\n","protected":false},"featured_media":114023,"comment_status":"open","ping_status":"closed","template":"","meta":{"_kad_post_transparent":"","_kad_post_title":"","_kad_post_layout":"","_kad_post_sidebar_id":"","_kad_post_content_style":"","_kad_post_vertical_padding":"","_kad_post_feature":"","_kad_post_feature_position":"","_kad_post_header":false,"_kad_post_footer":false,"_kad_post_classname":""},"product_brand":[],"product_cat":[14987],"product_tag":[],"class_list":{"0":"post-114024","1":"product","2":"type-product","3":"status-publish","4":"has-post-thumbnail","6":"product_cat-cocuk-kamera-cocuk-kamera","8":"first","9":"instock","10":"purchasable","11":"product-type-simple","12":"entry","13":"content-bg","14":"loop-entry"},"_links":{"self":[{"href":"https:\/\/www.hediyepazar.com\/index.php?rest_route=\/wp\/v2\/product\/114024","targetHints":{"allow":["GET"]}}],"collection":[{"href":"https:\/\/www.hediyepazar.com\/index.php?rest_route=\/wp\/v2\/product"}],"about":[{"href":"https:\/\/www.hediyepazar.com\/index.php?rest_route=\/wp\/v2\/types\/product"}],"replies":[{"embeddable":true,"href":"https:\/\/www.hediyepazar.com\/index.php?rest_route=%2Fwp%2Fv2%2Fcomments&post=114024"}],"wp:featuredmedia":[{"embeddable":true,"href":"https:\/\/www.hediyepazar.com\/index.php?rest_route=\/wp\/v2\/media\/114023"}],"wp:attachment":[{"href":"https:\/\/www.hediyepazar.com\/index.php?rest_route=%2Fwp%2Fv2%2Fmedia&parent=114024"}],"wp:term":[{"taxonomy":"product_brand","embeddable":true,"href":"https:\/\/www.hediyepazar.com\/index.php?rest_route=%2Fwp%2Fv2%2Fproduct_brand&post=114024"},{"taxonomy":"product_cat","embeddable":true,"href":"https:\/\/www.hediyepazar.com\/index.php?rest_route=%2Fwp%2Fv2%2Fproduct_cat&post=114024"},{"taxonomy":"product_tag","embeddable":true,"href":"https:\/\/www.hediyepazar.com\/index.php?rest_route=%2Fwp%2Fv2%2Fproduct_tag&post=114024"}],"curies":[{"name":"wp","href":"https:\/\/api.w.org\/{rel}","templated":true}]}}