{"id":114032,"date":"2026-05-05T12:08:40","date_gmt":"2026-05-05T15:08:40","guid":{"rendered":"https:\/\/www.hediyepazar.com\/?product=motosiklet-kaski-icin-bluetooth-kulaklik-kablosuz-mikrofonlu-gurultu-azaltmali-bt22"},"modified":"2026-05-05T12:08:40","modified_gmt":"2026-05-05T15:08:40","slug":"motosiklet-kaski-icin-bluetooth-kulaklik-kablosuz-mikrofonlu-gurultu-azaltmali-bt22","status":"publish","type":"product","link":"https:\/\/www.hediyepazar.com\/?product=motosiklet-kaski-icin-bluetooth-kulaklik-kablosuz-mikrofonlu-gurultu-azaltmali-bt22","title":{"rendered":"Motosiklet Kask\u0131 \u0130\u00e7in Bluetooth Kulakl\u0131k \u2013 Kablosuz Mikrofonlu G\u00fcr\u00fclt\u00fc Azaltmal\u0131 BT22"},"content":{"rendered":"<p>S\u00fcr\u00fc\u015f s\u0131ras\u0131nda g\u00fcvenli ve konforlu ileti\u015fimi m\u00fcmk\u00fcn k\u0131lan BT22 Bluetooth Kulakl\u0131k, motosiklet kullan\u0131c\u0131lar\u0131n\u0131n beklentilerini fazlas\u0131yla kar\u015f\u0131lar. Bluetooth 5.0 teknolojisiyle telefonla konu\u015fma, m\u00fczik dinleme ve navigasyon komutlar\u0131n\u0131 net bir \u015fekilde duyma imk\u00e2n\u0131 sunar.Y\u00fcksek ses kalitesi, d\u0131\u015f g\u00fcr\u00fclt\u00fcye ra\u011fmen net bir ses deneyimi ya\u015fat\u0131r. G\u00fcr\u00fclt\u00fc \u00f6nleyici mikrofon, r\u00fczg\u00e2r sesini bast\u0131rarak konu\u015fmalar\u0131 daha anla\u015f\u0131l\u0131r hale getirir. Ergonomik tasar\u0131m\u0131 sayesinde kask i\u00e7inde konforla kullan\u0131labilir ve uzun s\u00fcr\u00fc\u015flerde bile rahats\u0131zl\u0131k vermez.IPX suya dayan\u0131kl\u0131l\u0131k seviyesiyle ya\u011fmurlu havalarda g\u00fcvenle kullanabilirsin. Dahili lityum batarya, uzun s\u00fcreli kullan\u0131m sa\u011flar ve tek \u015farjla g\u00fcn boyu kesintisiz performans sunar. BT22, s\u00fcr\u00fc\u015f keyfini konfor, g\u00fcvenlik ve teknolojiyle birle\u015ftirir.<\/p>\n","protected":false},"excerpt":{"rendered":"<p>S\u00fcr\u00fc\u015f s\u0131ras\u0131nda g\u00fcvenli ve konforlu ileti\u015fimi m\u00fcmk\u00fcn k\u0131lan BT22 Bluetooth Kulakl\u0131k, motosiklet kullan\u0131c\u0131lar\u0131n\u0131n beklentilerini fazlas\u0131yla kar\u015f\u0131lar. Bluetooth 5.0 teknolojisiyle telefonla konu\u015fma, m\u00fczik dinleme ve navigasyon komutlar\u0131n\u0131 net bir \u015fekilde duyma imk\u00e2n\u0131 sunar.Y\u00fcksek ses kalitesi, d\u0131\u015f g\u00fcr\u00fclt\u00fcye ra\u011fmen net bir ses deneyimi ya\u015fat\u0131r. G\u00fcr\u00fclt\u00fc \u00f6nleyici mikrofon, r\u00fczg\u00e2r sesini bast\u0131rarak konu\u015fmalar\u0131 daha anla\u015f\u0131l\u0131r hale getirir. Ergonomik tasar\u0131m\u0131&#8230;<\/p>\n","protected":false},"featured_media":114031,"comment_status":"open","ping_status":"closed","template":"","meta":{"_kad_post_transparent":"","_kad_post_title":"","_kad_post_layout":"","_kad_post_sidebar_id":"","_kad_post_content_style":"","_kad_post_vertical_padding":"","_kad_post_feature":"","_kad_post_feature_position":"","_kad_post_header":false,"_kad_post_footer":false,"_kad_post_classname":""},"product_brand":[],"product_cat":[15010],"product_tag":[],"class_list":{"0":"post-114032","1":"product","2":"type-product","3":"status-publish","4":"has-post-thumbnail","6":"product_cat-intercom-intercom","8":"first","9":"instock","10":"purchasable","11":"product-type-simple","12":"entry","13":"content-bg","14":"loop-entry"},"_links":{"self":[{"href":"https:\/\/www.hediyepazar.com\/index.php?rest_route=\/wp\/v2\/product\/114032","targetHints":{"allow":["GET"]}}],"collection":[{"href":"https:\/\/www.hediyepazar.com\/index.php?rest_route=\/wp\/v2\/product"}],"about":[{"href":"https:\/\/www.hediyepazar.com\/index.php?rest_route=\/wp\/v2\/types\/product"}],"replies":[{"embeddable":true,"href":"https:\/\/www.hediyepazar.com\/index.php?rest_route=%2Fwp%2Fv2%2Fcomments&post=114032"}],"wp:featuredmedia":[{"embeddable":true,"href":"https:\/\/www.hediyepazar.com\/index.php?rest_route=\/wp\/v2\/media\/114031"}],"wp:attachment":[{"href":"https:\/\/www.hediyepazar.com\/index.php?rest_route=%2Fwp%2Fv2%2Fmedia&parent=114032"}],"wp:term":[{"taxonomy":"product_brand","embeddable":true,"href":"https:\/\/www.hediyepazar.com\/index.php?rest_route=%2Fwp%2Fv2%2Fproduct_brand&post=114032"},{"taxonomy":"product_cat","embeddable":true,"href":"https:\/\/www.hediyepazar.com\/index.php?rest_route=%2Fwp%2Fv2%2Fproduct_cat&post=114032"},{"taxonomy":"product_tag","embeddable":true,"href":"https:\/\/www.hediyepazar.com\/index.php?rest_route=%2Fwp%2Fv2%2Fproduct_tag&post=114032"}],"curies":[{"name":"wp","href":"https:\/\/api.w.org\/{rel}","templated":true}]}}