{"id":114096,"date":"2026-05-05T12:13:23","date_gmt":"2026-05-05T15:13:23","guid":{"rendered":"https:\/\/www.hediyepazar.com\/?product=otomatik-temizlemeli-sac-fircasi-ergonomik-tasarim-masaj-etkili-elektriklenmeyi-onleyici"},"modified":"2026-05-05T12:13:23","modified_gmt":"2026-05-05T15:13:23","slug":"otomatik-temizlemeli-sac-fircasi-ergonomik-tasarim-masaj-etkili-elektriklenmeyi-onleyici","status":"publish","type":"product","link":"https:\/\/www.hediyepazar.com\/?product=otomatik-temizlemeli-sac-fircasi-ergonomik-tasarim-masaj-etkili-elektriklenmeyi-onleyici","title":{"rendered":"Otomatik Temizlemeli Sa\u00e7 F\u0131r\u00e7as\u0131 \u2013 Ergonomik Tasar\u0131m Masaj Etkili Elektriklenmeyi \u00d6nleyici"},"content":{"rendered":"<p>Bu sihirli geri \u00e7ekilebilir sa\u00e7 tara\u011f\u0131, klasik f\u0131r\u00e7alara g\u00f6re \u00e7ok daha i\u015flevsel. Tarama s\u0131ras\u0131nda sa\u00e7ta biriken d\u00f6k\u00fcnt\u00fcler tarakta kal\u0131r ve sap k\u0131sm\u0131ndaki \u00f6zel mekanizmaya bas\u0131ld\u0131\u011f\u0131nda toplanan sa\u00e7lar kolayca d\u0131\u015far\u0131 \u00e7\u0131kar\u0131l\u0131r. Bu sayede f\u0131r\u00e7ay\u0131 temizlemek i\u00e7in zaman harcaman\u0131za gerek kalmaz.Anti-statik yap\u0131s\u0131 ile sa\u00e7lar\u0131 kabartmaz, elektriklenmeyi azalt\u0131r. Ayr\u0131ca, yumu\u015fak silikon u\u00e7lar\u0131 sayesinde sa\u00e7 derisine zarar vermez, aksine nazik bir masaj etkisi sunar.22&#215;4 cm boyutundaki bu f\u0131r\u00e7a, hem ev hem seyahat kullan\u0131m\u0131na uygundur. G\u00f6vdesi dayan\u0131kl\u0131 ABS malzemeden yap\u0131lm\u0131\u015f olup, uzun \u00f6m\u00fcrl\u00fc bir kullan\u0131m sunar. Renk se\u00e7enekleri aras\u0131nda Paket i\u00e7eri\u011fi 1 adet f\u0131r\u00e7adan olu\u015fur.<\/p>\n","protected":false},"excerpt":{"rendered":"<p>Bu sihirli geri \u00e7ekilebilir sa\u00e7 tara\u011f\u0131, klasik f\u0131r\u00e7alara g\u00f6re \u00e7ok daha i\u015flevsel. Tarama s\u0131ras\u0131nda sa\u00e7ta biriken d\u00f6k\u00fcnt\u00fcler tarakta kal\u0131r ve sap k\u0131sm\u0131ndaki \u00f6zel mekanizmaya bas\u0131ld\u0131\u011f\u0131nda toplanan sa\u00e7lar kolayca d\u0131\u015far\u0131 \u00e7\u0131kar\u0131l\u0131r. Bu sayede f\u0131r\u00e7ay\u0131 temizlemek i\u00e7in zaman harcaman\u0131za gerek kalmaz.Anti-statik yap\u0131s\u0131 ile sa\u00e7lar\u0131 kabartmaz, elektriklenmeyi azalt\u0131r. Ayr\u0131ca, yumu\u015fak silikon u\u00e7lar\u0131 sayesinde sa\u00e7 derisine zarar vermez, aksine&#8230;<\/p>\n","protected":false},"featured_media":114095,"comment_status":"open","ping_status":"closed","template":"","meta":{"_kad_post_transparent":"","_kad_post_title":"","_kad_post_layout":"","_kad_post_sidebar_id":"","_kad_post_content_style":"","_kad_post_vertical_padding":"","_kad_post_feature":"","_kad_post_feature_position":"","_kad_post_header":false,"_kad_post_footer":false,"_kad_post_classname":""},"product_brand":[],"product_cat":[14955],"product_tag":[],"class_list":{"0":"post-114096","1":"product","2":"type-product","3":"status-publish","4":"has-post-thumbnail","6":"product_cat-sac-fircasi-tarak-sac-fircasi-tarak","8":"first","9":"instock","10":"purchasable","11":"product-type-simple","12":"entry","13":"content-bg","14":"loop-entry"},"_links":{"self":[{"href":"https:\/\/www.hediyepazar.com\/index.php?rest_route=\/wp\/v2\/product\/114096","targetHints":{"allow":["GET"]}}],"collection":[{"href":"https:\/\/www.hediyepazar.com\/index.php?rest_route=\/wp\/v2\/product"}],"about":[{"href":"https:\/\/www.hediyepazar.com\/index.php?rest_route=\/wp\/v2\/types\/product"}],"replies":[{"embeddable":true,"href":"https:\/\/www.hediyepazar.com\/index.php?rest_route=%2Fwp%2Fv2%2Fcomments&post=114096"}],"wp:featuredmedia":[{"embeddable":true,"href":"https:\/\/www.hediyepazar.com\/index.php?rest_route=\/wp\/v2\/media\/114095"}],"wp:attachment":[{"href":"https:\/\/www.hediyepazar.com\/index.php?rest_route=%2Fwp%2Fv2%2Fmedia&parent=114096"}],"wp:term":[{"taxonomy":"product_brand","embeddable":true,"href":"https:\/\/www.hediyepazar.com\/index.php?rest_route=%2Fwp%2Fv2%2Fproduct_brand&post=114096"},{"taxonomy":"product_cat","embeddable":true,"href":"https:\/\/www.hediyepazar.com\/index.php?rest_route=%2Fwp%2Fv2%2Fproduct_cat&post=114096"},{"taxonomy":"product_tag","embeddable":true,"href":"https:\/\/www.hediyepazar.com\/index.php?rest_route=%2Fwp%2Fv2%2Fproduct_tag&post=114096"}],"curies":[{"name":"wp","href":"https:\/\/api.w.org\/{rel}","templated":true}]}}