{"id":114132,"date":"2026-05-05T12:16:02","date_gmt":"2026-05-05T15:16:02","guid":{"rendered":"https:\/\/www.hediyepazar.com\/?product=titanyum-igneli-derma-roller-evde-cilt-bakimi-icin-uygun"},"modified":"2026-05-05T12:16:02","modified_gmt":"2026-05-05T15:16:02","slug":"titanyum-igneli-derma-roller-evde-cilt-bakimi-icin-uygun","status":"publish","type":"product","link":"https:\/\/www.hediyepazar.com\/?product=titanyum-igneli-derma-roller-evde-cilt-bakimi-icin-uygun","title":{"rendered":"Titanyum \u0130\u011fneli Derma Roller \u2013 Evde Cilt Bak\u0131m\u0131 \u0130\u00e7in Uygun"},"content":{"rendered":"<p>Bu 0.25 mm mikro i\u011fneli derma roller, cildin yenilenme s\u00fcrecini destekleyen etkili bir bak\u0131m arac\u0131d\u0131r. Titanyum malzemeden \u00fcretilen i\u011fneler, paslanmaya kar\u015f\u0131 dayan\u0131kl\u0131d\u0131r ve uzun \u00f6m\u00fcrl\u00fcd\u00fcr. 0.25 mm uzunluk, dermatologlar taraf\u0131ndan evde g\u00fcvenli kullan\u0131m i\u00e7in ideal olarak kabul edilir. Deriye zarar vermeden cildin \u00fcst katman\u0131nda mikro kanallar a\u00e7arak \u00f6l\u00fc deriyi uzakla\u015ft\u0131r\u0131r ve bak\u0131m \u00fcr\u00fcnlerinin emilimini art\u0131r\u0131r. Ergonomik siyah sap, kolay kavrama sa\u011flar ve elden kaymay\u0131 \u00f6nler. Haftada 3-4 kez, yatay, dikey ve \u00e7apraz hareketlerle uygulanmal\u0131d\u0131r. Her kullan\u0131m \u00f6ncesi ve sonras\u0131 dezenfekte edilmesi \u00f6nerilir. D\u00fczenli kullan\u0131mda ciltte daha parlak, canl\u0131 ve sa\u011fl\u0131kl\u0131 bir g\u00f6r\u00fcn\u00fcm elde edilebilir.<\/p>\n","protected":false},"excerpt":{"rendered":"<p>Bu 0.25 mm mikro i\u011fneli derma roller, cildin yenilenme s\u00fcrecini destekleyen etkili bir bak\u0131m arac\u0131d\u0131r. Titanyum malzemeden \u00fcretilen i\u011fneler, paslanmaya kar\u015f\u0131 dayan\u0131kl\u0131d\u0131r ve uzun \u00f6m\u00fcrl\u00fcd\u00fcr. 0.25 mm uzunluk, dermatologlar taraf\u0131ndan evde g\u00fcvenli kullan\u0131m i\u00e7in ideal olarak kabul edilir. Deriye zarar vermeden cildin \u00fcst katman\u0131nda mikro kanallar a\u00e7arak \u00f6l\u00fc deriyi uzakla\u015ft\u0131r\u0131r ve bak\u0131m \u00fcr\u00fcnlerinin emilimini art\u0131r\u0131r&#8230;.<\/p>\n","protected":false},"featured_media":114131,"comment_status":"open","ping_status":"closed","template":"","meta":{"_kad_post_transparent":"","_kad_post_title":"","_kad_post_layout":"","_kad_post_sidebar_id":"","_kad_post_content_style":"","_kad_post_vertical_padding":"","_kad_post_feature":"","_kad_post_feature_position":"","_kad_post_header":false,"_kad_post_footer":false,"_kad_post_classname":""},"product_brand":[],"product_cat":[14923],"product_tag":[],"class_list":{"0":"post-114132","1":"product","2":"type-product","3":"status-publish","4":"has-post-thumbnail","6":"product_cat-dermaroller-dermaroller","8":"first","9":"instock","10":"purchasable","11":"product-type-simple","12":"entry","13":"content-bg","14":"loop-entry"},"_links":{"self":[{"href":"https:\/\/www.hediyepazar.com\/index.php?rest_route=\/wp\/v2\/product\/114132","targetHints":{"allow":["GET"]}}],"collection":[{"href":"https:\/\/www.hediyepazar.com\/index.php?rest_route=\/wp\/v2\/product"}],"about":[{"href":"https:\/\/www.hediyepazar.com\/index.php?rest_route=\/wp\/v2\/types\/product"}],"replies":[{"embeddable":true,"href":"https:\/\/www.hediyepazar.com\/index.php?rest_route=%2Fwp%2Fv2%2Fcomments&post=114132"}],"wp:featuredmedia":[{"embeddable":true,"href":"https:\/\/www.hediyepazar.com\/index.php?rest_route=\/wp\/v2\/media\/114131"}],"wp:attachment":[{"href":"https:\/\/www.hediyepazar.com\/index.php?rest_route=%2Fwp%2Fv2%2Fmedia&parent=114132"}],"wp:term":[{"taxonomy":"product_brand","embeddable":true,"href":"https:\/\/www.hediyepazar.com\/index.php?rest_route=%2Fwp%2Fv2%2Fproduct_brand&post=114132"},{"taxonomy":"product_cat","embeddable":true,"href":"https:\/\/www.hediyepazar.com\/index.php?rest_route=%2Fwp%2Fv2%2Fproduct_cat&post=114132"},{"taxonomy":"product_tag","embeddable":true,"href":"https:\/\/www.hediyepazar.com\/index.php?rest_route=%2Fwp%2Fv2%2Fproduct_tag&post=114132"}],"curies":[{"name":"wp","href":"https:\/\/api.w.org\/{rel}","templated":true}]}}