{"id":114140,"date":"2026-05-05T12:16:50","date_gmt":"2026-05-05T15:16:50","guid":{"rendered":"https:\/\/www.hediyepazar.com\/?product=mikro-igneli-bakim-urunu-peeling-ve-serum-etkili"},"modified":"2026-05-05T12:16:50","modified_gmt":"2026-05-05T15:16:50","slug":"mikro-igneli-bakim-urunu-peeling-ve-serum-etkili","status":"publish","type":"product","link":"https:\/\/www.hediyepazar.com\/?product=mikro-igneli-bakim-urunu-peeling-ve-serum-etkili","title":{"rendered":"Mikro \u0130\u011fneli Bak\u0131m \u00dcr\u00fcn\u00fc \u2013 Peeling ve Serum Etkili"},"content":{"rendered":"<p>Bu mikro i\u011fneli cilt bak\u0131m arac\u0131, 0.25 mm titanyum i\u011fneleri ile evde kullan\u0131m i\u00e7in g\u00fcvenli bir yap\u0131dad\u0131r. Cildin \u00fcst y\u00fczeyinde hafif uyar\u0131m olu\u015fturarak \u00f6l\u00fc h\u00fccrelerin at\u0131lmas\u0131na ve cildin daha parlak g\u00f6r\u00fcnmesine yard\u0131mc\u0131 olur. \u00dcr\u00fcn her cilt tipine uygundur ve \u00f6zellikle donuk, yorgun g\u00f6r\u00fcn\u00fcml\u00fc ciltler i\u00e7in destekleyici bir etki sunar. Siyah renkli sap k\u0131sm\u0131 ergonomik yap\u0131da tasarlanm\u0131\u015ft\u0131r, uygulama s\u0131ras\u0131nda rahatl\u0131k sa\u011flar. Kullan\u0131m sonras\u0131 cilt bak\u0131m \u00fcr\u00fcnleriyle birlikte kullan\u0131ld\u0131\u011f\u0131nda, serumlar\u0131n ve nemlendiricilerin cilde n\u00fcfuz etme oran\u0131 artar. Hijyen a\u00e7\u0131s\u0131ndan her kullan\u0131m \u00f6ncesi ve sonras\u0131 temizlenmelidir.<\/p>\n","protected":false},"excerpt":{"rendered":"<p>Bu mikro i\u011fneli cilt bak\u0131m arac\u0131, 0.25 mm titanyum i\u011fneleri ile evde kullan\u0131m i\u00e7in g\u00fcvenli bir yap\u0131dad\u0131r. Cildin \u00fcst y\u00fczeyinde hafif uyar\u0131m olu\u015fturarak \u00f6l\u00fc h\u00fccrelerin at\u0131lmas\u0131na ve cildin daha parlak g\u00f6r\u00fcnmesine yard\u0131mc\u0131 olur. \u00dcr\u00fcn her cilt tipine uygundur ve \u00f6zellikle donuk, yorgun g\u00f6r\u00fcn\u00fcml\u00fc ciltler i\u00e7in destekleyici bir etki sunar. Siyah renkli sap k\u0131sm\u0131 ergonomik yap\u0131da&#8230;<\/p>\n","protected":false},"featured_media":114139,"comment_status":"open","ping_status":"closed","template":"","meta":{"_kad_post_transparent":"","_kad_post_title":"","_kad_post_layout":"","_kad_post_sidebar_id":"","_kad_post_content_style":"","_kad_post_vertical_padding":"","_kad_post_feature":"","_kad_post_feature_position":"","_kad_post_header":false,"_kad_post_footer":false,"_kad_post_classname":""},"product_brand":[],"product_cat":[14923],"product_tag":[],"class_list":{"0":"post-114140","1":"product","2":"type-product","3":"status-publish","4":"has-post-thumbnail","6":"product_cat-dermaroller-dermaroller","8":"first","9":"instock","10":"purchasable","11":"product-type-simple","12":"entry","13":"content-bg","14":"loop-entry"},"_links":{"self":[{"href":"https:\/\/www.hediyepazar.com\/index.php?rest_route=\/wp\/v2\/product\/114140","targetHints":{"allow":["GET"]}}],"collection":[{"href":"https:\/\/www.hediyepazar.com\/index.php?rest_route=\/wp\/v2\/product"}],"about":[{"href":"https:\/\/www.hediyepazar.com\/index.php?rest_route=\/wp\/v2\/types\/product"}],"replies":[{"embeddable":true,"href":"https:\/\/www.hediyepazar.com\/index.php?rest_route=%2Fwp%2Fv2%2Fcomments&post=114140"}],"wp:featuredmedia":[{"embeddable":true,"href":"https:\/\/www.hediyepazar.com\/index.php?rest_route=\/wp\/v2\/media\/114139"}],"wp:attachment":[{"href":"https:\/\/www.hediyepazar.com\/index.php?rest_route=%2Fwp%2Fv2%2Fmedia&parent=114140"}],"wp:term":[{"taxonomy":"product_brand","embeddable":true,"href":"https:\/\/www.hediyepazar.com\/index.php?rest_route=%2Fwp%2Fv2%2Fproduct_brand&post=114140"},{"taxonomy":"product_cat","embeddable":true,"href":"https:\/\/www.hediyepazar.com\/index.php?rest_route=%2Fwp%2Fv2%2Fproduct_cat&post=114140"},{"taxonomy":"product_tag","embeddable":true,"href":"https:\/\/www.hediyepazar.com\/index.php?rest_route=%2Fwp%2Fv2%2Fproduct_tag&post=114140"}],"curies":[{"name":"wp","href":"https:\/\/api.w.org\/{rel}","templated":true}]}}