{"id":114182,"date":"2026-05-05T12:20:03","date_gmt":"2026-05-05T15:20:03","guid":{"rendered":"https:\/\/www.hediyepazar.com\/?product=dis-mekan-gunes-paneli-ile-aydinlatma-lambasi"},"modified":"2026-05-05T12:20:03","modified_gmt":"2026-05-05T15:20:03","slug":"dis-mekan-gunes-paneli-ile-aydinlatma-lambasi","status":"publish","type":"product","link":"https:\/\/www.hediyepazar.com\/?product=dis-mekan-gunes-paneli-ile-aydinlatma-lambasi","title":{"rendered":"D\u0131\u015f Mekan G\u00fcne\u015f Paneli ile Ayd\u0131nlatma Lambas\u0131"},"content":{"rendered":"<p>Bu solar LED duvar lambas\u0131, d\u0131\u015f mek\u00e2n dekorasyonu ve g\u00fcvenli ayd\u0131nlatma ihtiya\u00e7lar\u0131n\u0131 kar\u015f\u0131lamak i\u00e7in \u00f6zel olarak tasarlanm\u0131\u015ft\u0131r. Polikristalin silikon g\u00fcne\u015f paneli, g\u00fcnd\u00fczleri g\u00fcne\u015f \u0131\u015f\u0131\u011f\u0131n\u0131 maksimum verimle emer. G\u00fcne\u015f \u0131\u015f\u0131\u011f\u0131 ile tam \u015farj oldu\u011funda, gece boyunca yakla\u015f\u0131k 8 saat kesintisiz ayd\u0131nlatma sa\u011flar.IP65 su ge\u00e7irmez \u00f6zelli\u011fi sayesinde ya\u011fmur, nem ve tozdan etkilenmez. Bu da lambay\u0131 y\u0131l boyunca g\u00fcvenle d\u0131\u015f ortamda kullanman\u0131za olanak tan\u0131r. Lamban\u0131n \u00e7al\u0131\u015fmas\u0131 i\u00e7in elektrik ba\u011flant\u0131s\u0131na gerek yoktur; dahili 1.2V\/600 mAh \u015farjl\u0131 batarya ile \u00e7al\u0131\u015f\u0131r.\u015eeffaf PC malzemeden \u00fcretilen abajur, \u0131\u015f\u0131\u011f\u0131 daha yayg\u0131n ve net bir \u015fekilde da\u011f\u0131t\u0131r. I\u015f\u0131k kalitesi y\u00fckselir, ayd\u0131nlatma alan\u0131 geni\u015fler. \u00dcr\u00fcnde \u00fc\u00e7 farkl\u0131 \u0131\u015f\u0131k se\u00e7ene\u011fi bulunur: beyaz \u0131\u015f\u0131k, s\u0131cak \u0131\u015f\u0131k ve dekoratif renkli \u0131\u015f\u0131k. Bu se\u00e7eneklerle farkl\u0131 ortamlarda farkl\u0131 atmosferler olu\u015fturabilirsiniz.Montaj\u0131 olduk\u00e7a pratiktir. \u00dcr\u00fcnle birlikte vida ve d\u00fcbel gibi gerekli aksesuarlar da g\u00f6nderilir.&nbsp;<\/p>\n","protected":false},"excerpt":{"rendered":"<p>Bu solar LED duvar lambas\u0131, d\u0131\u015f mek\u00e2n dekorasyonu ve g\u00fcvenli ayd\u0131nlatma ihtiya\u00e7lar\u0131n\u0131 kar\u015f\u0131lamak i\u00e7in \u00f6zel olarak tasarlanm\u0131\u015ft\u0131r. Polikristalin silikon g\u00fcne\u015f paneli, g\u00fcnd\u00fczleri g\u00fcne\u015f \u0131\u015f\u0131\u011f\u0131n\u0131 maksimum verimle emer. G\u00fcne\u015f \u0131\u015f\u0131\u011f\u0131 ile tam \u015farj oldu\u011funda, gece boyunca yakla\u015f\u0131k 8 saat kesintisiz ayd\u0131nlatma sa\u011flar.IP65 su ge\u00e7irmez \u00f6zelli\u011fi sayesinde ya\u011fmur, nem ve tozdan etkilenmez. Bu da lambay\u0131 y\u0131l boyunca&#8230;<\/p>\n","protected":false},"featured_media":114181,"comment_status":"open","ping_status":"closed","template":"","meta":{"_kad_post_transparent":"","_kad_post_title":"","_kad_post_layout":"","_kad_post_sidebar_id":"","_kad_post_content_style":"","_kad_post_vertical_padding":"","_kad_post_feature":"","_kad_post_feature_position":"","_kad_post_header":false,"_kad_post_footer":false,"_kad_post_classname":""},"product_brand":[],"product_cat":[14946],"product_tag":[],"class_list":{"0":"post-114182","1":"product","2":"type-product","3":"status-publish","4":"has-post-thumbnail","6":"product_cat-bahce-aydinlatmasi-bahce-aydinlatmasi","8":"first","9":"instock","10":"purchasable","11":"product-type-simple","12":"entry","13":"content-bg","14":"loop-entry"},"_links":{"self":[{"href":"https:\/\/www.hediyepazar.com\/index.php?rest_route=\/wp\/v2\/product\/114182","targetHints":{"allow":["GET"]}}],"collection":[{"href":"https:\/\/www.hediyepazar.com\/index.php?rest_route=\/wp\/v2\/product"}],"about":[{"href":"https:\/\/www.hediyepazar.com\/index.php?rest_route=\/wp\/v2\/types\/product"}],"replies":[{"embeddable":true,"href":"https:\/\/www.hediyepazar.com\/index.php?rest_route=%2Fwp%2Fv2%2Fcomments&post=114182"}],"wp:featuredmedia":[{"embeddable":true,"href":"https:\/\/www.hediyepazar.com\/index.php?rest_route=\/wp\/v2\/media\/114181"}],"wp:attachment":[{"href":"https:\/\/www.hediyepazar.com\/index.php?rest_route=%2Fwp%2Fv2%2Fmedia&parent=114182"}],"wp:term":[{"taxonomy":"product_brand","embeddable":true,"href":"https:\/\/www.hediyepazar.com\/index.php?rest_route=%2Fwp%2Fv2%2Fproduct_brand&post=114182"},{"taxonomy":"product_cat","embeddable":true,"href":"https:\/\/www.hediyepazar.com\/index.php?rest_route=%2Fwp%2Fv2%2Fproduct_cat&post=114182"},{"taxonomy":"product_tag","embeddable":true,"href":"https:\/\/www.hediyepazar.com\/index.php?rest_route=%2Fwp%2Fv2%2Fproduct_tag&post=114182"}],"curies":[{"name":"wp","href":"https:\/\/api.w.org\/{rel}","templated":true}]}}