{"id":114194,"date":"2026-05-05T12:21:10","date_gmt":"2026-05-05T15:21:10","guid":{"rendered":"https:\/\/www.hediyepazar.com\/?product=yumusak-killi-arac-bakim-firca-takimi"},"modified":"2026-05-05T12:21:10","modified_gmt":"2026-05-05T15:21:10","slug":"yumusak-killi-arac-bakim-firca-takimi","status":"publish","type":"product","link":"https:\/\/www.hediyepazar.com\/?product=yumusak-killi-arac-bakim-firca-takimi","title":{"rendered":"Yumu\u015fak K\u0131ll\u0131 Ara\u00e7 Bak\u0131m F\u0131r\u00e7a Tak\u0131m\u0131"},"content":{"rendered":"<p>Ara\u00e7 temizli\u011finde detaylara \u00f6nem veren kullan\u0131c\u0131lar i\u00e7in geli\u015ftirilen bu f\u0131r\u00e7a seti, 5 farkl\u0131 boyutta f\u0131r\u00e7a i\u00e7erir. Her bir f\u0131r\u00e7a, dar alanlara kolayca eri\u015fecek \u015fekilde tasarlanm\u0131\u015ft\u0131r. Jant aralar\u0131, koltuk diki\u015fleri, havaland\u0131rmalar ve logolar gibi alanlarda rahatl\u0131kla kullan\u0131labilir.Yumu\u015fak lif kar\u0131\u015f\u0131m\u0131 k\u0131llar, y\u00fczeye zarar vermez. Deri, plastik ve metal y\u00fczeylerde g\u00fcvenle kullan\u0131labilir. Ara\u00e7 i\u00e7ini veya d\u0131\u015f\u0131n\u0131 temizlerken \u00e7izilme riski olmadan maksimum hijyen sa\u011flar.\u00dcr\u00fcnlerin her biri, \u00e7ift bile\u015fimli k\u0131llardan olu\u015fur ve uzun s\u00fcreli kullan\u0131m i\u00e7in dayan\u0131kl\u0131d\u0131r. Ask\u0131 delikleri, \u00fcr\u00fcnleri kullan\u0131lmad\u0131\u011f\u0131nda kolayca saklaman\u0131za olanak tan\u0131r. 260 graml\u0131k toplam a\u011f\u0131rl\u0131\u011f\u0131yla hafif ve ergonomiktir.<\/p>\n","protected":false},"excerpt":{"rendered":"<p>Ara\u00e7 temizli\u011finde detaylara \u00f6nem veren kullan\u0131c\u0131lar i\u00e7in geli\u015ftirilen bu f\u0131r\u00e7a seti, 5 farkl\u0131 boyutta f\u0131r\u00e7a i\u00e7erir. Her bir f\u0131r\u00e7a, dar alanlara kolayca eri\u015fecek \u015fekilde tasarlanm\u0131\u015ft\u0131r. Jant aralar\u0131, koltuk diki\u015fleri, havaland\u0131rmalar ve logolar gibi alanlarda rahatl\u0131kla kullan\u0131labilir.Yumu\u015fak lif kar\u0131\u015f\u0131m\u0131 k\u0131llar, y\u00fczeye zarar vermez. Deri, plastik ve metal y\u00fczeylerde g\u00fcvenle kullan\u0131labilir. Ara\u00e7 i\u00e7ini veya d\u0131\u015f\u0131n\u0131 temizlerken \u00e7izilme&#8230;<\/p>\n","protected":false},"featured_media":114193,"comment_status":"open","ping_status":"closed","template":"","meta":{"_kad_post_transparent":"","_kad_post_title":"","_kad_post_layout":"","_kad_post_sidebar_id":"","_kad_post_content_style":"","_kad_post_vertical_padding":"","_kad_post_feature":"","_kad_post_feature_position":"","_kad_post_header":false,"_kad_post_footer":false,"_kad_post_classname":""},"product_brand":[],"product_cat":[15053],"product_tag":[],"class_list":{"0":"post-114194","1":"product","2":"type-product","3":"status-publish","4":"has-post-thumbnail","6":"product_cat-oto-bakim-seti-oto-bakim-seti-2","8":"first","9":"instock","10":"purchasable","11":"product-type-simple","12":"entry","13":"content-bg","14":"loop-entry"},"_links":{"self":[{"href":"https:\/\/www.hediyepazar.com\/index.php?rest_route=\/wp\/v2\/product\/114194","targetHints":{"allow":["GET"]}}],"collection":[{"href":"https:\/\/www.hediyepazar.com\/index.php?rest_route=\/wp\/v2\/product"}],"about":[{"href":"https:\/\/www.hediyepazar.com\/index.php?rest_route=\/wp\/v2\/types\/product"}],"replies":[{"embeddable":true,"href":"https:\/\/www.hediyepazar.com\/index.php?rest_route=%2Fwp%2Fv2%2Fcomments&post=114194"}],"wp:featuredmedia":[{"embeddable":true,"href":"https:\/\/www.hediyepazar.com\/index.php?rest_route=\/wp\/v2\/media\/114193"}],"wp:attachment":[{"href":"https:\/\/www.hediyepazar.com\/index.php?rest_route=%2Fwp%2Fv2%2Fmedia&parent=114194"}],"wp:term":[{"taxonomy":"product_brand","embeddable":true,"href":"https:\/\/www.hediyepazar.com\/index.php?rest_route=%2Fwp%2Fv2%2Fproduct_brand&post=114194"},{"taxonomy":"product_cat","embeddable":true,"href":"https:\/\/www.hediyepazar.com\/index.php?rest_route=%2Fwp%2Fv2%2Fproduct_cat&post=114194"},{"taxonomy":"product_tag","embeddable":true,"href":"https:\/\/www.hediyepazar.com\/index.php?rest_route=%2Fwp%2Fv2%2Fproduct_tag&post=114194"}],"curies":[{"name":"wp","href":"https:\/\/api.w.org\/{rel}","templated":true}]}}