{"id":114198,"date":"2026-05-05T12:21:34","date_gmt":"2026-05-05T15:21:34","guid":{"rendered":"https:\/\/www.hediyepazar.com\/?product=5li-araba-temizlik-fircalari-farkli-boyutlu-fircalarla-derinlemesine-temizlik"},"modified":"2026-05-05T12:21:34","modified_gmt":"2026-05-05T15:21:34","slug":"5li-araba-temizlik-fircalari-farkli-boyutlu-fircalarla-derinlemesine-temizlik","status":"publish","type":"product","link":"https:\/\/www.hediyepazar.com\/?product=5li-araba-temizlik-fircalari-farkli-boyutlu-fircalarla-derinlemesine-temizlik","title":{"rendered":"5&#8217;li Araba Temizlik F\u0131r\u00e7alar\u0131-Farkl\u0131 Boyutlu F\u0131r\u00e7alarla Derinlemesine Temizlik"},"content":{"rendered":"<p>Arac\u0131n\u0131z\u0131n i\u00e7 ve d\u0131\u015f y\u00fczeylerinde kullan\u0131ma uygun olan bu temizlik f\u0131r\u00e7as\u0131 seti, dar alanlara ula\u015fmak i\u00e7in \u00f6zel olarak tasarlanm\u0131\u015ft\u0131r. Set, 5 farkl\u0131 boyda f\u0131r\u00e7adan olu\u015fur. Y\u00fczeye zarar vermeyen k\u0131llar\u0131 sayesinde deri, plastik ve metal par\u00e7alar \u00fczerinde g\u00fcvenle kullan\u0131labilir.Koltuk diki\u015fleri, havaland\u0131rma aral\u0131klar\u0131, vites \u00e7evresi, kap\u0131 kollar\u0131 gibi ula\u015f\u0131lmas\u0131 zor alanlar\u0131 etkili \u015fekilde temizler. \u00d6zellikle detay temizlik isteyen kullan\u0131c\u0131lar i\u00e7in idealdir.F\u0131r\u00e7alar\u0131n sark\u0131t\u0131labilir yap\u0131s\u0131 sayesinde ara\u00e7 i\u00e7inde ya da garajda yer kaplamadan saklanabilir. Kompakt tasar\u0131m\u0131 ve hafifli\u011fi sayesinde ta\u015f\u0131mas\u0131 ve kullan\u0131m\u0131 olduk\u00e7a kolayd\u0131r.<\/p>\n","protected":false},"excerpt":{"rendered":"<p>Arac\u0131n\u0131z\u0131n i\u00e7 ve d\u0131\u015f y\u00fczeylerinde kullan\u0131ma uygun olan bu temizlik f\u0131r\u00e7as\u0131 seti, dar alanlara ula\u015fmak i\u00e7in \u00f6zel olarak tasarlanm\u0131\u015ft\u0131r. Set, 5 farkl\u0131 boyda f\u0131r\u00e7adan olu\u015fur. Y\u00fczeye zarar vermeyen k\u0131llar\u0131 sayesinde deri, plastik ve metal par\u00e7alar \u00fczerinde g\u00fcvenle kullan\u0131labilir.Koltuk diki\u015fleri, havaland\u0131rma aral\u0131klar\u0131, vites \u00e7evresi, kap\u0131 kollar\u0131 gibi ula\u015f\u0131lmas\u0131 zor alanlar\u0131 etkili \u015fekilde temizler. \u00d6zellikle detay temizlik&#8230;<\/p>\n","protected":false},"featured_media":114197,"comment_status":"open","ping_status":"closed","template":"","meta":{"_kad_post_transparent":"","_kad_post_title":"","_kad_post_layout":"","_kad_post_sidebar_id":"","_kad_post_content_style":"","_kad_post_vertical_padding":"","_kad_post_feature":"","_kad_post_feature_position":"","_kad_post_header":false,"_kad_post_footer":false,"_kad_post_classname":""},"product_brand":[],"product_cat":[15053],"product_tag":[],"class_list":{"0":"post-114198","1":"product","2":"type-product","3":"status-publish","4":"has-post-thumbnail","6":"product_cat-oto-bakim-seti-oto-bakim-seti-2","8":"first","9":"instock","10":"purchasable","11":"product-type-simple","12":"entry","13":"content-bg","14":"loop-entry"},"_links":{"self":[{"href":"https:\/\/www.hediyepazar.com\/index.php?rest_route=\/wp\/v2\/product\/114198","targetHints":{"allow":["GET"]}}],"collection":[{"href":"https:\/\/www.hediyepazar.com\/index.php?rest_route=\/wp\/v2\/product"}],"about":[{"href":"https:\/\/www.hediyepazar.com\/index.php?rest_route=\/wp\/v2\/types\/product"}],"replies":[{"embeddable":true,"href":"https:\/\/www.hediyepazar.com\/index.php?rest_route=%2Fwp%2Fv2%2Fcomments&post=114198"}],"wp:featuredmedia":[{"embeddable":true,"href":"https:\/\/www.hediyepazar.com\/index.php?rest_route=\/wp\/v2\/media\/114197"}],"wp:attachment":[{"href":"https:\/\/www.hediyepazar.com\/index.php?rest_route=%2Fwp%2Fv2%2Fmedia&parent=114198"}],"wp:term":[{"taxonomy":"product_brand","embeddable":true,"href":"https:\/\/www.hediyepazar.com\/index.php?rest_route=%2Fwp%2Fv2%2Fproduct_brand&post=114198"},{"taxonomy":"product_cat","embeddable":true,"href":"https:\/\/www.hediyepazar.com\/index.php?rest_route=%2Fwp%2Fv2%2Fproduct_cat&post=114198"},{"taxonomy":"product_tag","embeddable":true,"href":"https:\/\/www.hediyepazar.com\/index.php?rest_route=%2Fwp%2Fv2%2Fproduct_tag&post=114198"}],"curies":[{"name":"wp","href":"https:\/\/api.w.org\/{rel}","templated":true}]}}