{"id":114212,"date":"2026-05-05T12:22:39","date_gmt":"2026-05-05T15:22:39","guid":{"rendered":"https:\/\/www.hediyepazar.com\/?product=50000mah-yuksek-kapasiteli-powerbank-hizli-sarj-ve-led-ekranli"},"modified":"2026-05-05T12:22:39","modified_gmt":"2026-05-05T15:22:39","slug":"50000mah-yuksek-kapasiteli-powerbank-hizli-sarj-ve-led-ekranli","status":"publish","type":"product","link":"https:\/\/www.hediyepazar.com\/?product=50000mah-yuksek-kapasiteli-powerbank-hizli-sarj-ve-led-ekranli","title":{"rendered":"50000mAh Y\u00fcksek Kapasiteli Powerbank H\u0131zl\u0131 \u015earj ve LED Ekranl\u0131"},"content":{"rendered":"<p>50000mAh kapasiteli bu ta\u015f\u0131nabilir \u015farj cihaz\u0131, ak\u0131ll\u0131 telefonlar\u0131n\u0131z\u0131 bir\u00e7ok kez \u015farj edebilecek ultra g\u00fc\u00e7l\u00fc bir enerji bankas\u0131d\u0131r. iPhone 14 i\u00e7in yakla\u015f\u0131k 15 kez, Samsung S20 i\u00e7in yakla\u015f\u0131k 13.5 kez tam \u015farj imkan\u0131 sunar. Do\u011fa y\u00fcr\u00fcy\u00fc\u015fleri, kamp, bal\u0131k\u00e7\u0131l\u0131k tatilleri ve seyahatlerde ideal bir yard\u0131mc\u0131d\u0131r. Kompakt tasar\u0131m\u0131na ra\u011fmen sundu\u011fu y\u00fcksek enerji kapasitesi ile d\u0131\u015f mek\u00e2n aktivitelerinde vazge\u00e7ilmezdir.PD 22.5W \u00e7\u0131k\u0131\u015f\u0131 sayesinde h\u0131zl\u0131 \u015farj teknolojisini destekler. iPhone 15 gibi cihazlar\u0131 yaln\u0131zca 20 dakikada %20\u2019den %60\u2019a kadar \u015farj edebilir. 4 adet \u00e7\u0131k\u0131\u015f portu (USB1, USB2, USB3 ve Type-C) ve 3 adet giri\u015f portu (Micro USB, Lightning ve USB-C) ile ayn\u0131 anda 4 farkl\u0131 cihaz\u0131 \u015farj etme imk\u00e2n\u0131 sunar.Ayr\u0131ca, dijital LED ekran\u0131 sayesinde pil seviyesini kolayca g\u00f6rebilir, entegre kamp lambas\u0131 ile gece kullan\u0131mlar\u0131nda ayd\u0131nlatmadan faydalanabilirsiniz. \u00dcr\u00fcn, k\u0131sa devre korumas\u0131, a\u015f\u0131r\u0131 \u0131s\u0131nma ve a\u015f\u0131r\u0131 \u015farj \u00f6nleyici sistemlerle tam g\u00fcvenlik sa\u011flar.<\/p>\n","protected":false},"excerpt":{"rendered":"<p>50000mAh kapasiteli bu ta\u015f\u0131nabilir \u015farj cihaz\u0131, ak\u0131ll\u0131 telefonlar\u0131n\u0131z\u0131 bir\u00e7ok kez \u015farj edebilecek ultra g\u00fc\u00e7l\u00fc bir enerji bankas\u0131d\u0131r. iPhone 14 i\u00e7in yakla\u015f\u0131k 15 kez, Samsung S20 i\u00e7in yakla\u015f\u0131k 13.5 kez tam \u015farj imkan\u0131 sunar. Do\u011fa y\u00fcr\u00fcy\u00fc\u015fleri, kamp, bal\u0131k\u00e7\u0131l\u0131k tatilleri ve seyahatlerde ideal bir yard\u0131mc\u0131d\u0131r. Kompakt tasar\u0131m\u0131na ra\u011fmen sundu\u011fu y\u00fcksek enerji kapasitesi ile d\u0131\u015f mek\u00e2n aktivitelerinde vazge\u00e7ilmezdir.PD&#8230;<\/p>\n","protected":false},"featured_media":114211,"comment_status":"open","ping_status":"closed","template":"","meta":{"_kad_post_transparent":"","_kad_post_title":"","_kad_post_layout":"","_kad_post_sidebar_id":"","_kad_post_content_style":"","_kad_post_vertical_padding":"","_kad_post_feature":"","_kad_post_feature_position":"","_kad_post_header":false,"_kad_post_footer":false,"_kad_post_classname":""},"product_brand":[],"product_cat":[14937],"product_tag":[],"class_list":{"0":"post-114212","1":"product","2":"type-product","3":"status-publish","4":"has-post-thumbnail","6":"product_cat-powerbank-powerbank-2","8":"first","9":"instock","10":"purchasable","11":"product-type-simple","12":"entry","13":"content-bg","14":"loop-entry"},"_links":{"self":[{"href":"https:\/\/www.hediyepazar.com\/index.php?rest_route=\/wp\/v2\/product\/114212","targetHints":{"allow":["GET"]}}],"collection":[{"href":"https:\/\/www.hediyepazar.com\/index.php?rest_route=\/wp\/v2\/product"}],"about":[{"href":"https:\/\/www.hediyepazar.com\/index.php?rest_route=\/wp\/v2\/types\/product"}],"replies":[{"embeddable":true,"href":"https:\/\/www.hediyepazar.com\/index.php?rest_route=%2Fwp%2Fv2%2Fcomments&post=114212"}],"wp:featuredmedia":[{"embeddable":true,"href":"https:\/\/www.hediyepazar.com\/index.php?rest_route=\/wp\/v2\/media\/114211"}],"wp:attachment":[{"href":"https:\/\/www.hediyepazar.com\/index.php?rest_route=%2Fwp%2Fv2%2Fmedia&parent=114212"}],"wp:term":[{"taxonomy":"product_brand","embeddable":true,"href":"https:\/\/www.hediyepazar.com\/index.php?rest_route=%2Fwp%2Fv2%2Fproduct_brand&post=114212"},{"taxonomy":"product_cat","embeddable":true,"href":"https:\/\/www.hediyepazar.com\/index.php?rest_route=%2Fwp%2Fv2%2Fproduct_cat&post=114212"},{"taxonomy":"product_tag","embeddable":true,"href":"https:\/\/www.hediyepazar.com\/index.php?rest_route=%2Fwp%2Fv2%2Fproduct_tag&post=114212"}],"curies":[{"name":"wp","href":"https:\/\/api.w.org\/{rel}","templated":true}]}}