{"id":114274,"date":"2026-05-05T12:27:12","date_gmt":"2026-05-05T15:27:12","guid":{"rendered":"https:\/\/www.hediyepazar.com\/?product=sarjli-yuz-masaj-aleti-gozenek-sikilastirici-cilt-yenileyici-etki"},"modified":"2026-05-05T12:27:12","modified_gmt":"2026-05-05T15:27:12","slug":"sarjli-yuz-masaj-aleti-gozenek-sikilastirici-cilt-yenileyici-etki","status":"publish","type":"product","link":"https:\/\/www.hediyepazar.com\/?product=sarjli-yuz-masaj-aleti-gozenek-sikilastirici-cilt-yenileyici-etki","title":{"rendered":"\u015earjl\u0131 Y\u00fcz Masaj Aleti \u2013 G\u00f6zenek S\u0131k\u0131la\u015ft\u0131r\u0131c\u0131 &#038; Cilt Yenileyici Etki"},"content":{"rendered":"<p>Hassas g\u00f6z \u00e7evresine uygun olarak tasarlanm\u0131\u015f bu cihaz, ince \u00e7izgilerin ve kaz aya\u011f\u0131 g\u00f6r\u00fcn\u00fcm\u00fcn\u00fcn azalmas\u0131na yard\u0131mc\u0131 olur. G\u00f6z alt\u0131 torbalar\u0131n\u0131 ve morluklar\u0131 hafifletmek i\u00e7in d\u00fczenli olarak kullan\u0131labilir. Ayn\u0131 zamanda g\u00f6z kremi ve serumlar\u0131n emilimini art\u0131rarak daha etkili sonu\u00e7lar al\u0131nmas\u0131n\u0131 sa\u011flar. Uygulama s\u0131ras\u0131nda verdi\u011fi hafif masaj hissi ile g\u00f6z \u00e7evresindeki gerginli\u011fi azalt\u0131r ve rahatlama sa\u011flar. \u00d6zellikle sabahlar\u0131 \u015fi\u015flikleri indirmek i\u00e7in idealdir. Uykusuzluk ve yorgunluk izlerini hafifletir. G\u00f6z \u00e7evresine canl\u0131l\u0131k kazand\u0131r\u0131r ve daha gen\u00e7 bir g\u00f6r\u00fcn\u00fcm sunar. G\u00fcnl\u00fck bak\u0131m rutininizde g\u00f6z \u00e7evresi i\u00e7in \u00f6zel bir destek sa\u011flar.<\/p>\n","protected":false},"excerpt":{"rendered":"<p>Hassas g\u00f6z \u00e7evresine uygun olarak tasarlanm\u0131\u015f bu cihaz, ince \u00e7izgilerin ve kaz aya\u011f\u0131 g\u00f6r\u00fcn\u00fcm\u00fcn\u00fcn azalmas\u0131na yard\u0131mc\u0131 olur. G\u00f6z alt\u0131 torbalar\u0131n\u0131 ve morluklar\u0131 hafifletmek i\u00e7in d\u00fczenli olarak kullan\u0131labilir. Ayn\u0131 zamanda g\u00f6z kremi ve serumlar\u0131n emilimini art\u0131rarak daha etkili sonu\u00e7lar al\u0131nmas\u0131n\u0131 sa\u011flar. Uygulama s\u0131ras\u0131nda verdi\u011fi hafif masaj hissi ile g\u00f6z \u00e7evresindeki gerginli\u011fi azalt\u0131r ve rahatlama sa\u011flar. \u00d6zellikle&#8230;<\/p>\n","protected":false},"featured_media":114273,"comment_status":"open","ping_status":"closed","template":"","meta":{"_kad_post_transparent":"","_kad_post_title":"","_kad_post_layout":"","_kad_post_sidebar_id":"","_kad_post_content_style":"","_kad_post_vertical_padding":"","_kad_post_feature":"","_kad_post_feature_position":"","_kad_post_header":false,"_kad_post_footer":false,"_kad_post_classname":""},"product_brand":[],"product_cat":[14917],"product_tag":[],"class_list":{"0":"post-114274","1":"product","2":"type-product","3":"status-publish","4":"has-post-thumbnail","6":"product_cat-yuz-masaj-aleti-yuz-masaj-aleti","8":"first","9":"instock","10":"purchasable","11":"product-type-simple","12":"entry","13":"content-bg","14":"loop-entry"},"_links":{"self":[{"href":"https:\/\/www.hediyepazar.com\/index.php?rest_route=\/wp\/v2\/product\/114274","targetHints":{"allow":["GET"]}}],"collection":[{"href":"https:\/\/www.hediyepazar.com\/index.php?rest_route=\/wp\/v2\/product"}],"about":[{"href":"https:\/\/www.hediyepazar.com\/index.php?rest_route=\/wp\/v2\/types\/product"}],"replies":[{"embeddable":true,"href":"https:\/\/www.hediyepazar.com\/index.php?rest_route=%2Fwp%2Fv2%2Fcomments&post=114274"}],"wp:featuredmedia":[{"embeddable":true,"href":"https:\/\/www.hediyepazar.com\/index.php?rest_route=\/wp\/v2\/media\/114273"}],"wp:attachment":[{"href":"https:\/\/www.hediyepazar.com\/index.php?rest_route=%2Fwp%2Fv2%2Fmedia&parent=114274"}],"wp:term":[{"taxonomy":"product_brand","embeddable":true,"href":"https:\/\/www.hediyepazar.com\/index.php?rest_route=%2Fwp%2Fv2%2Fproduct_brand&post=114274"},{"taxonomy":"product_cat","embeddable":true,"href":"https:\/\/www.hediyepazar.com\/index.php?rest_route=%2Fwp%2Fv2%2Fproduct_cat&post=114274"},{"taxonomy":"product_tag","embeddable":true,"href":"https:\/\/www.hediyepazar.com\/index.php?rest_route=%2Fwp%2Fv2%2Fproduct_tag&post=114274"}],"curies":[{"name":"wp","href":"https:\/\/api.w.org\/{rel}","templated":true}]}}